{"id":95055,"date":"2020-04-06T23:09:01","date_gmt":"2020-04-06T21:09:01","guid":{"rendered":"https:\/\/www.nb.no\/sheet-music\/product\/den-som-bygger-pa-stein-basert-pa-en-rundvals-fra-osterdal\/"},"modified":"2026-02-05T08:31:20","modified_gmt":"2026-02-05T07:31:20","slug":"den-som-bygger-pa-stein-basert-pa-en-rundvals-fra-osterdal","status":"publish","type":"product","link":"https:\/\/www.nb.no\/sheet-music\/product\/den-som-bygger-pa-stein-basert-pa-en-rundvals-fra-osterdal\/","title":{"rendered":"Den som bygger p\u00e5 stein &#8211; Basert p\u00e5 en rundvals fra \u00d8sterdal"},"content":{"rendered":"","protected":false},"excerpt":{"rendered":"","protected":false},"featured_media":0,"template":"","meta":{"nb_hide_title":false,"nb_breadcrumb_title_override":""},"product_brand":[],"product_cat":[6692],"product_tag":[],"class_list":{"0":"post-95055","1":"product","2":"type-product","3":"status-publish","5":"product_cat-x1270","7":"first","8":"instock","9":"taxable","10":"shipping-taxable","11":"product-type-grouped"},"_links":{"self":[{"href":"https:\/\/www.nb.no\/sheet-music\/wp-json\/wp\/v2\/product\/95055","targetHints":{"allow":["GET"]}}],"collection":[{"href":"https:\/\/www.nb.no\/sheet-music\/wp-json\/wp\/v2\/product"}],"about":[{"href":"https:\/\/www.nb.no\/sheet-music\/wp-json\/wp\/v2\/types\/product"}],"wp:attachment":[{"href":"https:\/\/www.nb.no\/sheet-music\/wp-json\/wp\/v2\/media?parent=95055"}],"wp:term":[{"taxonomy":"product_brand","embeddable":true,"href":"https:\/\/www.nb.no\/sheet-music\/wp-json\/wp\/v2\/product_brand?post=95055"},{"taxonomy":"product_cat","embeddable":true,"href":"https:\/\/www.nb.no\/sheet-music\/wp-json\/wp\/v2\/product_cat?post=95055"},{"taxonomy":"product_tag","embeddable":true,"href":"https:\/\/www.nb.no\/sheet-music\/wp-json\/wp\/v2\/product_tag?post=95055"}],"curies":[{"name":"wp","href":"https:\/\/api.w.org\/{rel}","templated":true}]}}