{"id":118692,"date":"2020-04-07T00:33:47","date_gmt":"2020-04-06T22:33:47","guid":{"rendered":"https:\/\/www.nb.no\/sheet-music\/product\/hommage-a-george-gershwin-rhapsody-in-rag-sur-des-elements-et-det-idees-de-jeunesse-trompette-et-orchestre\/"},"modified":"2026-02-05T16:18:27","modified_gmt":"2026-02-05T15:18:27","slug":"hommage-a-george-gershwin-rhapsody-in-rag-sur-des-elements-et-det-idees-de-jeunesse-trompette-et-orchestre-less1998greater","status":"publish","type":"product","link":"https:\/\/www.nb.no\/sheet-music\/product\/hommage-a-george-gershwin-rhapsody-in-rag-sur-des-elements-et-det-idees-de-jeunesse-trompette-et-orchestre-less1998greater\/","title":{"rendered":"Hommage \u00e1 George Gershwin &#8211; Rhapsody in Rag sur des \u00e9l\u00e9ments (et det id\u00e9es) de jeunesse : trompette et orchestre"},"content":{"rendered":"","protected":false},"excerpt":{"rendered":"","protected":false},"featured_media":0,"template":"","meta":{"nb_hide_title":false,"nb_breadcrumb_title_override":""},"product_brand":[],"product_cat":[7296],"product_tag":[],"class_list":{"0":"post-118692","1":"product","2":"type-product","3":"status-publish","5":"product_cat-x2031","7":"first","8":"instock","9":"taxable","10":"shipping-taxable","11":"product-type-simple"},"_links":{"self":[{"href":"https:\/\/www.nb.no\/sheet-music\/wp-json\/wp\/v2\/product\/118692","targetHints":{"allow":["GET"]}}],"collection":[{"href":"https:\/\/www.nb.no\/sheet-music\/wp-json\/wp\/v2\/product"}],"about":[{"href":"https:\/\/www.nb.no\/sheet-music\/wp-json\/wp\/v2\/types\/product"}],"wp:attachment":[{"href":"https:\/\/www.nb.no\/sheet-music\/wp-json\/wp\/v2\/media?parent=118692"}],"wp:term":[{"taxonomy":"product_brand","embeddable":true,"href":"https:\/\/www.nb.no\/sheet-music\/wp-json\/wp\/v2\/product_brand?post=118692"},{"taxonomy":"product_cat","embeddable":true,"href":"https:\/\/www.nb.no\/sheet-music\/wp-json\/wp\/v2\/product_cat?post=118692"},{"taxonomy":"product_tag","embeddable":true,"href":"https:\/\/www.nb.no\/sheet-music\/wp-json\/wp\/v2\/product_tag?post=118692"}],"curies":[{"name":"wp","href":"https:\/\/api.w.org\/{rel}","templated":true}]}}