{"id":105201,"date":"2020-04-06T23:53:27","date_gmt":"2020-04-06T21:53:27","guid":{"rendered":"https:\/\/www.nb.no\/sheet-music\/product\/epilogue-hommage-a-la-memoire-dun-monde-perdu-in-commemoration-to-the-deed-of-infamy-13th-of-august-1961-berlin-le-mur-de-berlin-version-pour-quatuor-a-cordes-op-26-b\/"},"modified":"2026-02-05T10:12:29","modified_gmt":"2026-02-05T09:12:29","slug":"epilogue-hommage-a-la-memoire-dun-monde-perdu-in-commemoration-to-the-deed-of-infamy-13th-of-august-1961-berlin-le-mur-de-berlin-version-pour-quatuor-a-cordes-op-26-b","status":"publish","type":"product","link":"https:\/\/www.nb.no\/sheet-music\/product\/epilogue-hommage-a-la-memoire-dun-monde-perdu-in-commemoration-to-the-deed-of-infamy-13th-of-august-1961-berlin-le-mur-de-berlin-version-pour-quatuor-a-cordes-op-26-b\/","title":{"rendered":"\u00c9pilogue &#8211; Hommage \u00e0 la m\u00e9moire d&#x27;un Monde Perdu"},"content":{"rendered":"","protected":false},"excerpt":{"rendered":"","protected":false},"featured_media":0,"template":"","meta":{"nb_hide_title":false,"nb_breadcrumb_title_override":""},"product_brand":[],"product_cat":[7125],"product_tag":[],"class_list":{"0":"post-105201","1":"product","2":"type-product","3":"status-publish","5":"product_cat-f3110","7":"first","8":"instock","9":"taxable","10":"shipping-taxable","11":"product-type-grouped"},"_links":{"self":[{"href":"https:\/\/www.nb.no\/sheet-music\/wp-json\/wp\/v2\/product\/105201","targetHints":{"allow":["GET"]}}],"collection":[{"href":"https:\/\/www.nb.no\/sheet-music\/wp-json\/wp\/v2\/product"}],"about":[{"href":"https:\/\/www.nb.no\/sheet-music\/wp-json\/wp\/v2\/types\/product"}],"wp:attachment":[{"href":"https:\/\/www.nb.no\/sheet-music\/wp-json\/wp\/v2\/media?parent=105201"}],"wp:term":[{"taxonomy":"product_brand","embeddable":true,"href":"https:\/\/www.nb.no\/sheet-music\/wp-json\/wp\/v2\/product_brand?post=105201"},{"taxonomy":"product_cat","embeddable":true,"href":"https:\/\/www.nb.no\/sheet-music\/wp-json\/wp\/v2\/product_cat?post=105201"},{"taxonomy":"product_tag","embeddable":true,"href":"https:\/\/www.nb.no\/sheet-music\/wp-json\/wp\/v2\/product_tag?post=105201"}],"curies":[{"name":"wp","href":"https:\/\/api.w.org\/{rel}","templated":true}]}}