{"id":91785,"date":"2020-04-06T13:30:50","date_gmt":"2020-04-06T11:30:50","guid":{"rendered":"https:\/\/www.nb.no\/noter2\/produkt\/stemmer-til-aetscaeke-for-floyte-og-orkester\/"},"modified":"2026-02-05T21:16:38","modified_gmt":"2026-02-05T20:16:38","slug":"stemmer-til-aetscaeke-for-floyte-og-orkester","status":"publish","type":"product","link":"https:\/\/www.nb.no\/noter\/produkt\/stemmer-til-aetscaeke-for-floyte-og-orkester\/","title":{"rendered":"<span class=\"product_title__prefix\">Stemmer til<\/span> \u00c6tsc\u00e6ke &#8211; For fl\u00f8yte og orkester"},"content":{"rendered":"","protected":false},"excerpt":{"rendered":"","protected":false},"featured_media":0,"template":"","meta":{"nb_hide_title":false,"nb_breadcrumb_title_override":""},"product_brand":[],"product_cat":[],"product_tag":[],"class_list":{"0":"post-91785","1":"product","2":"type-product","3":"status-publish","6":"first","7":"instock","8":"taxable","9":"shipping-taxable","10":"product-type-simple"},"_links":{"self":[{"href":"https:\/\/www.nb.no\/noter\/wp-json\/wp\/v2\/product\/91785","targetHints":{"allow":["GET"]}}],"collection":[{"href":"https:\/\/www.nb.no\/noter\/wp-json\/wp\/v2\/product"}],"about":[{"href":"https:\/\/www.nb.no\/noter\/wp-json\/wp\/v2\/types\/product"}],"wp:attachment":[{"href":"https:\/\/www.nb.no\/noter\/wp-json\/wp\/v2\/media?parent=91785"}],"wp:term":[{"taxonomy":"product_brand","embeddable":true,"href":"https:\/\/www.nb.no\/noter\/wp-json\/wp\/v2\/product_brand?post=91785"},{"taxonomy":"product_cat","embeddable":true,"href":"https:\/\/www.nb.no\/noter\/wp-json\/wp\/v2\/product_cat?post=91785"},{"taxonomy":"product_tag","embeddable":true,"href":"https:\/\/www.nb.no\/noter\/wp-json\/wp\/v2\/product_tag?post=91785"}],"curies":[{"name":"wp","href":"https:\/\/api.w.org\/{rel}","templated":true}]}}