{"id":116739,"date":"2021-06-17T15:00:30","date_gmt":"2021-06-17T13:00:30","guid":{"rendered":"https:\/\/www.nb.no\/noter\/produkt\/partita-for-altblokkfloyte-floyte-og-cembalo-over-se-solens-skjonne-lys-og-prakt\/"},"modified":"2026-02-05T22:30:21","modified_gmt":"2026-02-05T21:30:21","slug":"partita-for-altblokkfloyte-floyte-og-cembalo-over-se-solens-skjonne-lys-og-prakt","status":"publish","type":"product","link":"https:\/\/www.nb.no\/noter\/produkt\/partita-for-altblokkfloyte-floyte-og-cembalo-over-se-solens-skjonne-lys-og-prakt\/","title":{"rendered":"Partita for altblokkfl\u00f8yte, fl\u00f8yte og cembalo &#8211; over &quot;Se solens skj\u00f8nne lys og prakt&quot;"},"content":{"rendered":"","protected":false},"excerpt":{"rendered":"","protected":false},"featured_media":0,"template":"","meta":{"nb_hide_title":false,"nb_breadcrumb_title_override":""},"product_brand":[],"product_cat":[5699],"product_tag":[],"class_list":{"0":"post-116739","1":"product","2":"type-product","3":"status-publish","5":"product_cat-g1010","7":"first","8":"instock","9":"taxable","10":"shipping-taxable","11":"product-type-grouped"},"_links":{"self":[{"href":"https:\/\/www.nb.no\/noter\/wp-json\/wp\/v2\/product\/116739","targetHints":{"allow":["GET"]}}],"collection":[{"href":"https:\/\/www.nb.no\/noter\/wp-json\/wp\/v2\/product"}],"about":[{"href":"https:\/\/www.nb.no\/noter\/wp-json\/wp\/v2\/types\/product"}],"wp:attachment":[{"href":"https:\/\/www.nb.no\/noter\/wp-json\/wp\/v2\/media?parent=116739"}],"wp:term":[{"taxonomy":"product_brand","embeddable":true,"href":"https:\/\/www.nb.no\/noter\/wp-json\/wp\/v2\/product_brand?post=116739"},{"taxonomy":"product_cat","embeddable":true,"href":"https:\/\/www.nb.no\/noter\/wp-json\/wp\/v2\/product_cat?post=116739"},{"taxonomy":"product_tag","embeddable":true,"href":"https:\/\/www.nb.no\/noter\/wp-json\/wp\/v2\/product_tag?post=116739"}],"curies":[{"name":"wp","href":"https:\/\/api.w.org\/{rel}","templated":true}]}}