{"id":100722,"date":"2020-04-06T14:13:32","date_gmt":"2020-04-06T12:13:32","guid":{"rendered":"https:\/\/www.nb.no\/noter2\/produkt\/straler-fra-en-rod-sol-duett-for-c-floyte-og-bb-klarinett\/"},"modified":"2026-02-05T12:41:12","modified_gmt":"2026-02-05T11:41:12","slug":"straler-fra-en-rod-sol-duett-for-c-floyte-og-bb-klarinett","status":"publish","type":"product","link":"https:\/\/www.nb.no\/noter\/produkt\/straler-fra-en-rod-sol-duett-for-c-floyte-og-bb-klarinett\/","title":{"rendered":"Str\u00e5ler fra en r\u00f8d sol &#8211; Duett for C fl\u00f8yte og Bb klarinett"},"content":{"rendered":"","protected":false},"excerpt":{"rendered":"","protected":false},"featured_media":0,"template":"","meta":{"nb_hide_title":false,"nb_breadcrumb_title_override":""},"product_brand":[],"product_cat":[6706,6862],"product_tag":[],"class_list":{"0":"post-100722","1":"product","2":"type-product","3":"status-publish","5":"product_cat-k1011","6":"product_cat-k1013","8":"first","9":"instock","10":"taxable","11":"shipping-taxable","12":"product-type-grouped"},"_links":{"self":[{"href":"https:\/\/www.nb.no\/noter\/wp-json\/wp\/v2\/product\/100722","targetHints":{"allow":["GET"]}}],"collection":[{"href":"https:\/\/www.nb.no\/noter\/wp-json\/wp\/v2\/product"}],"about":[{"href":"https:\/\/www.nb.no\/noter\/wp-json\/wp\/v2\/types\/product"}],"wp:attachment":[{"href":"https:\/\/www.nb.no\/noter\/wp-json\/wp\/v2\/media?parent=100722"}],"wp:term":[{"taxonomy":"product_brand","embeddable":true,"href":"https:\/\/www.nb.no\/noter\/wp-json\/wp\/v2\/product_brand?post=100722"},{"taxonomy":"product_cat","embeddable":true,"href":"https:\/\/www.nb.no\/noter\/wp-json\/wp\/v2\/product_cat?post=100722"},{"taxonomy":"product_tag","embeddable":true,"href":"https:\/\/www.nb.no\/noter\/wp-json\/wp\/v2\/product_tag?post=100722"}],"curies":[{"name":"wp","href":"https:\/\/api.w.org\/{rel}","templated":true}]}}