{"id":56250,"date":"2020-03-30T14:30:28","date_gmt":"2020-03-30T12:30:28","guid":{"rendered":"https:\/\/www.nb.no\/noter2\/?page_id=56250"},"modified":"2025-08-19T14:56:20","modified_gmt":"2025-08-19T12:56:20","slug":"om-nb-noter","status":"publish","type":"page","link":"https:\/\/www.nb.no\/noter\/om-nb-noter\/","title":{"rendered":"Om NB noter"},"content":{"rendered":"\n<figure class=\"wp-block-image aligncenter size-full\"><img loading=\"lazy\" decoding=\"async\" width=\"588\" height=\"133\" src=\"https:\/\/www.nb.no\/content\/uploads\/sites\/21\/2022\/03\/Banner.png\" alt=\"\" class=\"wp-image-118652\" srcset=\"https:\/\/www.nb.no\/content\/uploads\/sites\/21\/2022\/03\/Banner.png 588w, https:\/\/www.nb.no\/content\/uploads\/sites\/21\/2022\/03\/Banner-300x68.png 300w\" sizes=\"auto, (max-width: 588px) 100vw, 588px\" \/><\/figure>\n\n\n\n<p class=\"has-text-align-left\"><strong>NB noter er Nasjonalbibliotekets publiseringsteneste for norsk samtidsmusikk som ikkje er utgjeven p\u00e5<\/strong> <strong>forlag<\/strong>.<\/p>\n\n\n\n<p>Vi leverer framf\u00f8ringsmateriale p\u00e5 f\u00f8respurnad (publishing-on-demand) for alle typar besetningar.<\/p>\n\n\n\n<p class=\"has-text-align-left\">Her kan du s\u00f8kje i over 15000 norske musikkverk,<br>hovudsakeleg fr\u00e5 1940 og fram til i dag. Notekatalogen inneheld b\u00e5de verk fr\u00e5 NB noter og verk utgjevne av norske og utanlandske forlag. Verka fr\u00e5 NB noter kan tingast direkte fr\u00e5 katalogen.<\/p>\n\n\n<ul class=\"t2-link-list has-2-items has-auto-columns wp-block-t2-link-list\">\n\t<li class=\"t2-link-list-item wp-block-t2-link-list-item\">\n\t\t<a\n\t\t\thref=\"\/noter\/butikk\/\"\n\t\t\tclass=\"t2-link-list-item__link t2-link-list__icon--right\"\n\t\t\t\t\t>\n\t\t\t<span class=\"t2-link-list-item__icon\"><span class=\"t2-link-list-item__icon-box\"><\/span><svg xmlns=\"http:\/\/www.w3.org\/2000\/svg\" viewBox=\"0 0 24 24\" height=\"24\" width=\"24\" class=\"t2-icon t2-icon-external\" aria-hidden=\"true\" focusable=\"false\"><path d=\"M19 19H5V5h7V3H3v18h18v-9h-2v7zM14 3v2h3.6l-9.8 9.8 1.4 1.4L19 6.4V10h2V3h-7z\"\/><\/svg><\/span>\t\t\t<div class=\"t2-link-list-item__content\">\n\n\t\t\t\t\n\t\t\t\t<span id=\"link-list-item-text\" class=\"t2-link-list-item__text\">\n\t\t\t\t\tS\u00f8k i notekatalogen\t\t\t\t<\/span>\n\t\t\t\t\t\t\t<\/div>\n\t\t<\/a>\n\t<\/li>\n\t\n\n\t<li class=\"t2-link-list-item wp-block-t2-link-list-item\">\n\t\t<a\n\t\t\thref=\"https:\/\/no.musicnorway.no\/\"\n\t\t\tclass=\"t2-link-list-item__link t2-link-list__icon--right\"\n\t\t\t\t\t>\n\t\t\t<span class=\"t2-link-list-item__icon\"><span class=\"t2-link-list-item__icon-box\"><\/span><svg xmlns=\"http:\/\/www.w3.org\/2000\/svg\" viewBox=\"0 0 24 24\" height=\"24\" width=\"24\" class=\"t2-icon t2-icon-external\" aria-hidden=\"true\" focusable=\"false\"><path d=\"M19 19H5V5h7V3H3v18h18v-9h-2v7zM14 3v2h3.6l-9.8 9.8 1.4 1.4L19 6.4V10h2V3h-7z\"\/><\/svg><\/span>\t\t\t<div class=\"t2-link-list-item__content\">\n\n\t\t\t\t\n\t\t\t\t<span id=\"link-list-item-text-1\" class=\"t2-link-list-item__text\">\n\t\t\t\t\tMusic Norway (utenlandspromotering)\t\t\t\t<\/span>\n\t\t\t\t\t\t\t<\/div>\n\t\t<\/a>\n\t<\/li>\n\t\n<\/ul>","protected":false},"excerpt":{"rendered":"","protected":false},"author":133,"featured_media":56345,"parent":0,"menu_order":0,"comment_status":"closed","ping_status":"closed","template":"","meta":{"nb_hide_title":false,"nb_breadcrumb_title_override":"","sub_navigation_option":"","sub_navigation_custom_items":[],"footnotes":""},"class_list":["post-56250","page","type-page","status-publish","has-post-thumbnail","hentry"],"_links":{"self":[{"href":"https:\/\/www.nb.no\/noter\/wp-json\/wp\/v2\/pages\/56250","targetHints":{"allow":["GET"]}}],"collection":[{"href":"https:\/\/www.nb.no\/noter\/wp-json\/wp\/v2\/pages"}],"about":[{"href":"https:\/\/www.nb.no\/noter\/wp-json\/wp\/v2\/types\/page"}],"author":[{"embeddable":true,"href":"https:\/\/www.nb.no\/noter\/wp-json\/wp\/v2\/users\/133"}],"replies":[{"embeddable":true,"href":"https:\/\/www.nb.no\/noter\/wp-json\/wp\/v2\/comments?post=56250"}],"version-history":[{"count":5,"href":"https:\/\/www.nb.no\/noter\/wp-json\/wp\/v2\/pages\/56250\/revisions"}],"predecessor-version":[{"id":158265,"href":"https:\/\/www.nb.no\/noter\/wp-json\/wp\/v2\/pages\/56250\/revisions\/158265"}],"wp:featuredmedia":[{"embeddable":true,"href":"https:\/\/www.nb.no\/noter\/wp-json\/wp\/v2\/media\/56345"}],"wp:attachment":[{"href":"https:\/\/www.nb.no\/noter\/wp-json\/wp\/v2\/media?parent=56250"}],"curies":[{"name":"wp","href":"https:\/\/api.w.org\/{rel}","templated":true}]}}