{"id":114650,"date":"2021-01-08T11:48:11","date_gmt":"2021-01-08T10:48:11","guid":{"rendered":"https:\/\/www.nb.no\/noter\/?page_id=114650"},"modified":"2026-04-16T12:57:27","modified_gmt":"2026-04-16T10:57:27","slug":"for-komponister","status":"publish","type":"page","link":"https:\/\/www.nb.no\/noter\/for-komponister\/","title":{"rendered":"For komponister"},"content":{"rendered":"\n<p>Er du yrkesaktiv komponist og \u00f8nsker \u00e5 ha verkene dine hos NB noter?&nbsp;Vi gj\u00f8r musikken din tilgjengelig slik at musikere, dirigenter, orkestre og ensembler lettere kan finne nytt repertoar&nbsp;<\/p>\n\n\n\n<h2 class=\"wp-block-heading\">Kriterier for inntak hos NB noter:<\/h2>\n\n\n\n<ul class=\"wp-block-list\">\n<li>Du har ditt hovedvirke som komponist i Norge<\/li>\n<\/ul>\n\n\n\n<ul class=\"wp-block-list\">\n<li>Du har komponert musikk for profesjonelle ut\u00f8vere, ensembler eller orkestre<\/li>\n<\/ul>\n\n\n\n<ul class=\"wp-block-list\">\n<li>Du behersker profesjonell bruk av noteprogrammer, og kan levere partitur og stemmer p\u00e5 et tilfredsstillende niv\u00e5<\/li>\n<\/ul>\n\n\n\n<h2 class=\"wp-block-heading\">Dette trenger vi fra deg:&nbsp;<\/h2>\n\n\n\n<ul class=\"wp-block-list\">\n<li>Send oss minst 2\u20133 verk du \u00f8nsker \u00e5 deponere hos NB noter. Vi vil se originalverk av h\u00f8y kvalitet, der flere av verkene er skrevet for, og er blitt fremf\u00f8rt av profesjonelle musikere, ensembler eller orkestre<\/li>\n\n\n\n<li>Kort&nbsp;biografi&nbsp;og CV&nbsp;&nbsp;<\/li>\n\n\n\n<li>F\u00f8dselsdato, adresse, telefonnummer og&nbsp;e-postadresse&nbsp;<\/li>\n\n\n\n<li>Portrettfoto av deg selv&nbsp;&nbsp;<\/li>\n\n\n\n<li>Bekreftelse p\u00e5 TONO-medlemskap (medlemsnummer)<\/li>\n<\/ul>\n\n\n\n<h2 class=\"wp-block-heading\">Krav til innsendte noter:<\/h2>\n\n\n\n<ul class=\"wp-block-list\">\n<li>Verkene skal v\u00e6re ferdigstilt og i reproduserbar stand. NB noter gj\u00f8r ikke editeringsarbeid \u2013 komponisten har selv ansvar for korrektur i b\u00e5de partitur og stemmer<\/li>\n<\/ul>\n\n\n\n<ul class=\"wp-block-list\">\n<li>Alt materiale skal v\u00e6re klart for trykk og PDF-publisering i nettbutikken ved levering<\/li>\n<\/ul>\n\n\n\n<ul class=\"wp-block-list\">\n<li>NB noter tar inn originalkomposisjoner som ikke er utgitt p\u00e5 forlag Etter s\u00e6rskilt vurdering kan arrangementer av norsk musikk tas inn<\/li>\n<\/ul>\n\n\n\n<div class=\"wp-block-group is-style-small-block-spacing has-global-padding is-layout-constrained wp-block-group-is-layout-constrained\">\n<p><strong><em>F\u00f8lgende gjelder ved hver levering av nye verk<\/em>:<\/strong><\/p>\n\n\n\n<p><\/p>\n\n\n\n<ul class=\"wp-block-list\">\n<li><strong>Format:<\/strong><br>Standard format hos NB noter er A4, B4 og A3<br>Angi alltid format i note-\/editeringsprogrammet<br>Alt notemateriale leveres i PDF-format<br>For st\u00f8rre verk (ensemble\/orkester) skal ogs\u00e5 originalfiler fra noteprogram leveres<br><br><\/li>\n\n\n\n<li><strong>Partitur:<\/strong><br>Skal ha forside + en side med informasjon om<br><em>komponist, \u00e5rstall, instrumentasjon\/besetning, varighet, transposisjon, bestiller\/st\u00f8tte, performance notes og andre relevante opplysninger<\/em><br>(Flere sider er greit ved behov)<\/li>\n<\/ul>\n\n\n\n<ul class=\"wp-block-list\">\n<li>Partituret skal v\u00e6re paginert, med sidetall plassert nederst i midten eller i ytterkant \u00f8verst. Velges ytterkanter skal partall til venstre, oddetall til h\u00f8yre. Sidetallene skal v\u00e6re gjennomg\u00e5ende gjennom hele verket, ikke begynne p\u00e5 nytt for hver sats<br>F\u00f8rste noteside b\u00f8r starte p\u00e5 h\u00f8yre side<\/li>\n<\/ul>\n\n\n\n<ul class=\"wp-block-list\">\n<li>Reviderte versjoner&nbsp;<strong><em>skal<\/em><\/strong> merkes, f.eks. \u00abVersjon \u2013 \u00e5rstall\u00bb<\/li>\n<\/ul>\n\n\n\n<ul class=\"wp-block-list\">\n<li>Dersom det leveres h\u00e5ndskrevne partiturer, blir disse skannet i h\u00f8y kvalitet til PDF-format hos oss<br><br><\/li>\n<\/ul>\n\n\n\n<ul class=\"wp-block-list\">\n<li><strong>Stemmesett:<\/strong><br>Format A4 eller B4<\/li>\n\n\n\n<li>Alle stemmer skal ha forsider med merking av komponist, tittel, \u00e5rstall, versjon og instrument<\/li>\n\n\n\n<li>V\u00e6r oppmerksom p\u00e5 blaing. Blanke sider settes inn etter behov<\/li>\n\n\n\n<li>Hver stemme skal v\u00e6re paginert, med sidetall plassert nederst i midten eller i ytterkant \u00f8verst. Velges ytterkanter skal partall til venstre, oddetall til h\u00f8yre. Sidetallene skal v\u00e6re gjennomg\u00e5ende gjennom alle satser, ikke begynne p\u00e5 nytt for hver sats<\/li>\n\n\n\n<li>Stemmer som er formatert for lesebrett, b\u00f8r ogs\u00e5 v\u00e6re egnet for trykk<\/li>\n\n\n\n<li><em>Partitur og stemmer leveres i separate filer<\/em><\/li>\n<\/ul>\n\n\n\n<ul class=\"wp-block-list\"><\/ul>\n\n\n\n<h2 class=\"wp-block-heading\">Andre typer filer:<\/h2>\n\n\n\n<p>Elektroniske verk vil v\u00e6re synlig p\u00e5 nettsiden, men pr. i dag er det ikke mulig \u00e5 bestille disse i nettbutikken. Det samme gjelder lydfiler eller elektronikk som h\u00f8rer til et partiturverk, men vi tar det gjerne inn slik at verket fremst\u00e5r samlet. Disse filene kan f\u00e5s ved foresp\u00f8rsel.<\/p>\n<\/div>\n\n\n\n<p><\/p>\n\n\n\n<h2 class=\"wp-block-heading\">Slik foreg\u00e5r prosessen:&nbsp;<\/h2>\n\n\n\n<p>Det blir gjort en vurdering av de innsendte verkene. I tillegg ser vi p\u00e5 medlemskap i TONO (krav), utdannelse<strong>,<\/strong>&nbsp;og medlemskap i Norsk Komponistforening (ikke et krav)&nbsp;<\/p>\n\n\n\n<p>Av og til henter vi inn r\u00e5d fra en ekstern fagperson<\/p>\n\n\n\n<p><\/p>\n\n\n\n<h2 class=\"wp-block-heading\">\u00c5 v\u00e6re komponist hos NB noter betyr&nbsp;at:&nbsp;<\/h2>\n\n\n\n<p>Verkene dine blir registrert og tilgjengelig i v\u00e5r nettbutikk <a rel=\"noreferrer noopener\" href=\"https:\/\/www.nb.no\/noter\/butikk\/\" target=\"_blank\">https:\/\/www.nb.no\/noter\/butikk\/&nbsp;<\/a>slik at musikere, dirigenter og andre lett kan finne dem. Alle partiturer forh\u00e5ndsvises i katalogen, men vi legger ikke ut enkeltstemmer eller lydopptak&nbsp;&nbsp;<\/p>\n\n\n\n<p>NB noter trykker og leverer noter til dine verker p\u00e5 bestilling (pdf&nbsp;ogs\u00e5 mulig)&nbsp;<\/p>\n\n\n\n<p>Notene blir promotert p\u00e5 norske og internasjonale messer, utstillinger og festivaler<\/p>\n\n\n\n<p>Du beholder alle rettigheter til verkene dine.&nbsp;Dette gjelder&nbsp;b\u00e5de&nbsp;opphavsretten til verket og eiendomsretten til notematerialet&nbsp;<\/p>\n\n\n\n<p>Du kan f\u00e5 hjelp<strong>&nbsp;<\/strong>med stemmeskriving p\u00e5 verk med 9 instrumenter\/ ut\u00f8vere eller mer&nbsp;<\/p>\n\n\n\n<p>Hvis&nbsp;du f\u00e5r du avtale med et forlag, slutter vi \u00e5 trykke og sende ut kopier av verket ditt, men det vil fortsatt st\u00e5 i katalogen v\u00e5r med henvisning til forlaget\/forlagsutgivelsen&nbsp;<\/p>\n\n\n\n<p><\/p>\n\n\n\n<p><\/p>\n\n\n\n<ul class=\"wp-block-list\"><\/ul>\n\n\n\n<p>Har du&nbsp;sp\u00f8rsm\u00e5l, eller vil sende inn verk til vurdering? <\/p>\n\n\n\n<p>Ta kontakt p\u00e5&nbsp;<a href=\"mailto:noter@nb.no\" target=\"_blank\" rel=\"noreferrer noopener\">noter@nb.no<\/a>&nbsp;<\/p>\n\n\n\n<p><\/p>\n","protected":false},"excerpt":{"rendered":"","protected":false},"author":133,"featured_media":0,"parent":0,"menu_order":0,"comment_status":"closed","ping_status":"closed","template":"","meta":{"nb_hide_title":false,"nb_breadcrumb_title_override":"","sub_navigation_option":"","sub_navigation_custom_items":[],"footnotes":""},"class_list":["post-114650","page","type-page","status-publish","hentry"],"_links":{"self":[{"href":"https:\/\/www.nb.no\/noter\/wp-json\/wp\/v2\/pages\/114650","targetHints":{"allow":["GET"]}}],"collection":[{"href":"https:\/\/www.nb.no\/noter\/wp-json\/wp\/v2\/pages"}],"about":[{"href":"https:\/\/www.nb.no\/noter\/wp-json\/wp\/v2\/types\/page"}],"author":[{"embeddable":true,"href":"https:\/\/www.nb.no\/noter\/wp-json\/wp\/v2\/users\/133"}],"replies":[{"embeddable":true,"href":"https:\/\/www.nb.no\/noter\/wp-json\/wp\/v2\/comments?post=114650"}],"version-history":[{"count":5,"href":"https:\/\/www.nb.no\/noter\/wp-json\/wp\/v2\/pages\/114650\/revisions"}],"predecessor-version":[{"id":163761,"href":"https:\/\/www.nb.no\/noter\/wp-json\/wp\/v2\/pages\/114650\/revisions\/163761"}],"wp:attachment":[{"href":"https:\/\/www.nb.no\/noter\/wp-json\/wp\/v2\/media?parent=114650"}],"curies":[{"name":"wp","href":"https:\/\/api.w.org\/{rel}","templated":true}]}}