{"id":23406,"date":"2026-04-20T09:48:20","date_gmt":"2026-04-20T07:48:20","guid":{"rendered":"https:\/\/www.nb.no\/nettbutikk\/produkt\/baerenett-med-sitat-av-marilynne-robinson\/"},"modified":"2026-04-21T15:44:32","modified_gmt":"2026-04-21T13:44:32","slug":"baerenett-med-sitat-av-marilynne-robinson","status":"publish","type":"product","link":"https:\/\/www.nb.no\/nettbutikk\/produkt\/baerenett-med-sitat-av-marilynne-robinson\/","title":{"rendered":"B\u00e6renett med sitat av Marilynne Robinson"},"content":{"rendered":"","protected":false},"excerpt":{"rendered":"<p>\u00abDet er alltid grunn til \u00e5 unders\u00f8ke det som gir seg ut for \u00e5 vere sant.\u00bb<\/p>\n<p>Med Fosseforedraget \u00f8nskjer Nasjonalbiblioteket \u00e5 vekkje og stimulere den offentlege litteratursamtalen i Noreg og resten av verda. Kvart \u00e5r blir ein internasjonal tenkjar invitert til Noreg for \u00e5 dele perspektiva sine p\u00e5 litteraturen og kunsten. Regjeringa har lagt til rette for denne satsinga, som heidrar nobelprisvinnar i litteratur Jon Fosse.<\/p>\n<p>Sitatet er henta fr\u00e5 Marilynne Robinson sitt foredrag, <i>Om tru og tankefridom<\/i> (engelsk: <i>On Faith and Freedom of Thought<\/i>), som er utgjeve av Nasjonalbiblioteket.<\/p>\n<p>B\u00e6renettet er laga av 100 % resirkulert bomull, og trykt ved det Oslo-baserte tekstiltrykkjeriet 10\/10.<\/p>\n<p>Design: Superultraplus og Smuss Studio<\/p>\n","protected":false},"featured_media":23419,"template":"","meta":{"nb_hide_title":false,"nb_breadcrumb_title_override":""},"product_brand":[],"product_cat":[3347],"product_tag":[3703,3719],"class_list":{"0":"post-23406","1":"product","2":"type-product","3":"status-publish","4":"has-post-thumbnail","6":"product_cat-klaer-og-tilbehor","7":"product_tag-fosse","8":"product_tag-fosseforedraget","10":"first","11":"instock","12":"taxable","13":"shipping-taxable","14":"purchasable","15":"product-type-simple"},"yoast_head":"<!-- This site is optimized with the Yoast SEO plugin v27.1.1 - https:\/\/yoast.com\/product\/yoast-seo-wordpress\/ -->\n<title>B\u00e6renett med sitat av Marilynne Robinson - NB Nettbutikk<\/title>\n<meta name=\"robots\" content=\"index, follow, max-snippet:-1, max-image-preview:large, max-video-preview:-1\" \/>\n<link rel=\"canonical\" href=\"https:\/\/www.nb.no\/nettbutikk\/produkt\/baerenett-med-sitat-av-marilynne-robinson\/\" \/>\n<meta property=\"og:locale\" content=\"nb_NO\" \/>\n<meta property=\"og:type\" content=\"article\" \/>\n<meta property=\"og:title\" content=\"B\u00e6renett med sitat av Marilynne Robinson - NB Nettbutikk\" \/>\n<meta property=\"og:description\" content=\"\u00abDet er alltid grunn til \u00e5 unders\u00f8ke det som gir seg ut for \u00e5 vere sant.\u00bb Med Fosseforedraget \u00f8nskjer Nasjonalbiblioteket \u00e5 vekkje og stimulere den offentlege litteratursamtalen i Noreg og resten av verda. Kvart \u00e5r blir ein internasjonal tenkjar invitert til Noreg for \u00e5 dele perspektiva sine p\u00e5 litteraturen og kunsten. Regjeringa har lagt til rette for denne satsinga, som heidrar nobelprisvinnar i litteratur Jon Fosse. Sitatet er henta fr\u00e5 Marilynne Robinson sitt foredrag, Om tru og tankefridom (engelsk: On Faith and Freedom of Thought), som er utgjeve av Nasjonalbiblioteket. B\u00e6renettet er laga av 100 % resirkulert bomull, og trykt ved det Oslo-baserte tekstiltrykkjeriet 10\/10. Design: Superultraplus og Smuss Studio\" \/>\n<meta property=\"og:url\" content=\"https:\/\/www.nb.no\/nettbutikk\/produkt\/baerenett-med-sitat-av-marilynne-robinson\/\" \/>\n<meta property=\"og:site_name\" content=\"NB Nettbutikk\" \/>\n<meta property=\"article:modified_time\" content=\"2026-04-21T13:44:32+00:00\" \/>\n<meta property=\"og:image\" content=\"https:\/\/www.nb.no\/content\/uploads\/sites\/5\/2026\/04\/nb.02-683x1024.png\" \/>\n\t<meta property=\"og:image:width\" content=\"683\" \/>\n\t<meta property=\"og:image:height\" content=\"1024\" \/>\n\t<meta property=\"og:image:type\" content=\"image\/png\" \/>\n<meta name=\"twitter:card\" content=\"summary_large_image\" \/>\n<script type=\"application\/ld+json\" class=\"yoast-schema-graph\">{\"@context\":\"https:\/\/schema.org\",\"@graph\":[{\"@type\":\"WebPage\",\"@id\":\"https:\/\/www.nb.no\/nettbutikk\/produkt\/baerenett-med-sitat-av-marilynne-robinson\/\",\"url\":\"https:\/\/www.nb.no\/nettbutikk\/produkt\/baerenett-med-sitat-av-marilynne-robinson\/\",\"name\":\"B\u00e6renett med sitat av Marilynne Robinson - NB Nettbutikk\",\"isPartOf\":{\"@id\":\"https:\/\/www.nb.no\/nettbutikk\/#website\"},\"primaryImageOfPage\":{\"@id\":\"https:\/\/www.nb.no\/nettbutikk\/produkt\/baerenett-med-sitat-av-marilynne-robinson\/#primaryimage\"},\"image\":{\"@id\":\"https:\/\/www.nb.no\/nettbutikk\/produkt\/baerenett-med-sitat-av-marilynne-robinson\/#primaryimage\"},\"thumbnailUrl\":\"https:\/\/www.nb.no\/content\/uploads\/sites\/5\/2026\/04\/nb.02-scaled.png\",\"datePublished\":\"2026-04-20T07:48:20+00:00\",\"dateModified\":\"2026-04-21T13:44:32+00:00\",\"breadcrumb\":{\"@id\":\"https:\/\/www.nb.no\/nettbutikk\/produkt\/baerenett-med-sitat-av-marilynne-robinson\/#breadcrumb\"},\"inLanguage\":\"nb-NO\",\"potentialAction\":[{\"@type\":\"ReadAction\",\"target\":[\"https:\/\/www.nb.no\/nettbutikk\/produkt\/baerenett-med-sitat-av-marilynne-robinson\/\"]}]},{\"@type\":\"ImageObject\",\"inLanguage\":\"nb-NO\",\"@id\":\"https:\/\/www.nb.no\/nettbutikk\/produkt\/baerenett-med-sitat-av-marilynne-robinson\/#primaryimage\",\"url\":\"https:\/\/www.nb.no\/content\/uploads\/sites\/5\/2026\/04\/nb.02-scaled.png\",\"contentUrl\":\"https:\/\/www.nb.no\/content\/uploads\/sites\/5\/2026\/04\/nb.02-scaled.png\",\"width\":1707,\"height\":2560},{\"@type\":\"BreadcrumbList\",\"@id\":\"https:\/\/www.nb.no\/nettbutikk\/produkt\/baerenett-med-sitat-av-marilynne-robinson\/#breadcrumb\",\"itemListElement\":[{\"@type\":\"ListItem\",\"position\":1,\"name\":\"Home\",\"item\":\"https:\/\/www.nb.no\/nettbutikk\/\"},{\"@type\":\"ListItem\",\"position\":2,\"name\":\"Butikk\",\"item\":\"https:\/\/www.nb.no\/nettbutikk\/butikk\/\"},{\"@type\":\"ListItem\",\"position\":3,\"name\":\"B\u00e6renett med sitat av Marilynne Robinson\"}]},{\"@type\":\"WebSite\",\"@id\":\"https:\/\/www.nb.no\/nettbutikk\/#website\",\"url\":\"https:\/\/www.nb.no\/nettbutikk\/\",\"name\":\"NB Nettbutikk\",\"description\":\"\",\"potentialAction\":[{\"@type\":\"SearchAction\",\"target\":{\"@type\":\"EntryPoint\",\"urlTemplate\":\"https:\/\/www.nb.no\/nettbutikk\/?s={search_term_string}\"},\"query-input\":{\"@type\":\"PropertyValueSpecification\",\"valueRequired\":true,\"valueName\":\"search_term_string\"}}],\"inLanguage\":\"nb-NO\"}]}<\/script>\n<!-- \/ Yoast SEO plugin. -->","yoast_head_json":{"title":"B\u00e6renett med sitat av Marilynne Robinson - NB Nettbutikk","robots":{"index":"index","follow":"follow","max-snippet":"max-snippet:-1","max-image-preview":"max-image-preview:large","max-video-preview":"max-video-preview:-1"},"canonical":"https:\/\/www.nb.no\/nettbutikk\/produkt\/baerenett-med-sitat-av-marilynne-robinson\/","og_locale":"nb_NO","og_type":"article","og_title":"B\u00e6renett med sitat av Marilynne Robinson - NB Nettbutikk","og_description":"\u00abDet er alltid grunn til \u00e5 unders\u00f8ke det som gir seg ut for \u00e5 vere sant.\u00bb Med Fosseforedraget \u00f8nskjer Nasjonalbiblioteket \u00e5 vekkje og stimulere den offentlege litteratursamtalen i Noreg og resten av verda. Kvart \u00e5r blir ein internasjonal tenkjar invitert til Noreg for \u00e5 dele perspektiva sine p\u00e5 litteraturen og kunsten. Regjeringa har lagt til rette for denne satsinga, som heidrar nobelprisvinnar i litteratur Jon Fosse. Sitatet er henta fr\u00e5 Marilynne Robinson sitt foredrag, Om tru og tankefridom (engelsk: On Faith and Freedom of Thought), som er utgjeve av Nasjonalbiblioteket. B\u00e6renettet er laga av 100 % resirkulert bomull, og trykt ved det Oslo-baserte tekstiltrykkjeriet 10\/10. Design: Superultraplus og Smuss Studio","og_url":"https:\/\/www.nb.no\/nettbutikk\/produkt\/baerenett-med-sitat-av-marilynne-robinson\/","og_site_name":"NB Nettbutikk","article_modified_time":"2026-04-21T13:44:32+00:00","og_image":[{"width":683,"height":1024,"url":"https:\/\/www.nb.no\/content\/uploads\/sites\/5\/2026\/04\/nb.02-683x1024.png","type":"image\/png"}],"twitter_card":"summary_large_image","schema":{"@context":"https:\/\/schema.org","@graph":[{"@type":"WebPage","@id":"https:\/\/www.nb.no\/nettbutikk\/produkt\/baerenett-med-sitat-av-marilynne-robinson\/","url":"https:\/\/www.nb.no\/nettbutikk\/produkt\/baerenett-med-sitat-av-marilynne-robinson\/","name":"B\u00e6renett med sitat av Marilynne Robinson - NB Nettbutikk","isPartOf":{"@id":"https:\/\/www.nb.no\/nettbutikk\/#website"},"primaryImageOfPage":{"@id":"https:\/\/www.nb.no\/nettbutikk\/produkt\/baerenett-med-sitat-av-marilynne-robinson\/#primaryimage"},"image":{"@id":"https:\/\/www.nb.no\/nettbutikk\/produkt\/baerenett-med-sitat-av-marilynne-robinson\/#primaryimage"},"thumbnailUrl":"https:\/\/www.nb.no\/content\/uploads\/sites\/5\/2026\/04\/nb.02-scaled.png","datePublished":"2026-04-20T07:48:20+00:00","dateModified":"2026-04-21T13:44:32+00:00","breadcrumb":{"@id":"https:\/\/www.nb.no\/nettbutikk\/produkt\/baerenett-med-sitat-av-marilynne-robinson\/#breadcrumb"},"inLanguage":"nb-NO","potentialAction":[{"@type":"ReadAction","target":["https:\/\/www.nb.no\/nettbutikk\/produkt\/baerenett-med-sitat-av-marilynne-robinson\/"]}]},{"@type":"ImageObject","inLanguage":"nb-NO","@id":"https:\/\/www.nb.no\/nettbutikk\/produkt\/baerenett-med-sitat-av-marilynne-robinson\/#primaryimage","url":"https:\/\/www.nb.no\/content\/uploads\/sites\/5\/2026\/04\/nb.02-scaled.png","contentUrl":"https:\/\/www.nb.no\/content\/uploads\/sites\/5\/2026\/04\/nb.02-scaled.png","width":1707,"height":2560},{"@type":"BreadcrumbList","@id":"https:\/\/www.nb.no\/nettbutikk\/produkt\/baerenett-med-sitat-av-marilynne-robinson\/#breadcrumb","itemListElement":[{"@type":"ListItem","position":1,"name":"Home","item":"https:\/\/www.nb.no\/nettbutikk\/"},{"@type":"ListItem","position":2,"name":"Butikk","item":"https:\/\/www.nb.no\/nettbutikk\/butikk\/"},{"@type":"ListItem","position":3,"name":"B\u00e6renett med sitat av Marilynne Robinson"}]},{"@type":"WebSite","@id":"https:\/\/www.nb.no\/nettbutikk\/#website","url":"https:\/\/www.nb.no\/nettbutikk\/","name":"NB Nettbutikk","description":"","potentialAction":[{"@type":"SearchAction","target":{"@type":"EntryPoint","urlTemplate":"https:\/\/www.nb.no\/nettbutikk\/?s={search_term_string}"},"query-input":{"@type":"PropertyValueSpecification","valueRequired":true,"valueName":"search_term_string"}}],"inLanguage":"nb-NO"}]}},"_links":{"self":[{"href":"https:\/\/www.nb.no\/nettbutikk\/wp-json\/wp\/v2\/product\/23406","targetHints":{"allow":["GET"]}}],"collection":[{"href":"https:\/\/www.nb.no\/nettbutikk\/wp-json\/wp\/v2\/product"}],"about":[{"href":"https:\/\/www.nb.no\/nettbutikk\/wp-json\/wp\/v2\/types\/product"}],"wp:featuredmedia":[{"embeddable":true,"href":"https:\/\/www.nb.no\/nettbutikk\/wp-json\/wp\/v2\/media\/23419"}],"wp:attachment":[{"href":"https:\/\/www.nb.no\/nettbutikk\/wp-json\/wp\/v2\/media?parent=23406"}],"wp:term":[{"taxonomy":"product_brand","embeddable":true,"href":"https:\/\/www.nb.no\/nettbutikk\/wp-json\/wp\/v2\/product_brand?post=23406"},{"taxonomy":"product_cat","embeddable":true,"href":"https:\/\/www.nb.no\/nettbutikk\/wp-json\/wp\/v2\/product_cat?post=23406"},{"taxonomy":"product_tag","embeddable":true,"href":"https:\/\/www.nb.no\/nettbutikk\/wp-json\/wp\/v2\/product_tag?post=23406"}],"curies":[{"name":"wp","href":"https:\/\/api.w.org\/{rel}","templated":true}]}}