{"id":21671,"date":"2025-04-23T18:00:40","date_gmt":"2025-04-23T16:00:40","guid":{"rendered":"https:\/\/www.nb.no\/nettbutikk\/produkt\/notatbok-fosseforedraget\/"},"modified":"2026-04-15T08:20:33","modified_gmt":"2026-04-15T06:20:33","slug":"notatbok-med-sitat-av-jean-luc-marion","status":"publish","type":"product","link":"https:\/\/www.nb.no\/nettbutikk\/produkt\/notatbok-med-sitat-av-jean-luc-marion\/","title":{"rendered":"Notatbok med sitat av Jean-Luc Marion"},"content":{"rendered":"","protected":false},"excerpt":{"rendered":"<p>\u00abKorleis kan vi endre blikket v\u00e5rt for \u00e5 sj\u00e5 det skapte som ei g\u00e5ve?\u00bb<\/p>\n<p>Med Fosseforedraget \u00f8nskjer Nasjonalbiblioteket \u00e5 vekkje og stimulere den offentlege litteratursamtalen i Noreg og resten av verda. Kvart \u00e5r blir ein internasjonal tenkjar invitert til Noreg for \u00e5 dele perspektiva sine p\u00e5 litteraturen og kunsten. Regjeringa har lagt til rette for denne satsinga, som heidrar nobelprisvinnar i litteratur Jon Fosse.<\/p>\n<p>Sitatet er henta fr\u00e5 Jean-Luc Marion sitt foredrag, <i>Skaping<\/i> (fransk: <i>Cr\u00e9ation<\/i>), som er utgjeve av Nasjonalbiblioteket.<\/p>\n<p>Notatboka er produsert av All Pine Press, og er laga med norsk bokpapir. Notatb\u00f8kene er trykte i Oslo og bunde i Skien.<\/p>\n<p>Design: Superultraplus og Smuss Studio<\/p>\n<p>128 linjerte sider<\/p>\n","protected":false},"featured_media":21668,"template":"","meta":{"nb_hide_title":false,"nb_breadcrumb_title_override":""},"product_brand":[],"product_cat":[3025],"product_tag":[3703,3719],"class_list":{"0":"post-21671","1":"product","2":"type-product","3":"status-publish","4":"has-post-thumbnail","6":"product_cat-notatboker","7":"product_tag-fosse","8":"product_tag-fosseforedraget","10":"first","11":"instock","12":"taxable","13":"shipping-taxable","14":"purchasable","15":"product-type-simple"},"yoast_head":"<!-- This site is optimized with the Yoast SEO plugin v27.1.1 - https:\/\/yoast.com\/product\/yoast-seo-wordpress\/ -->\n<title>Notatbok med sitat av Jean-Luc Marion - NB Nettbutikk<\/title>\n<meta name=\"robots\" content=\"index, follow, max-snippet:-1, max-image-preview:large, max-video-preview:-1\" \/>\n<link rel=\"canonical\" href=\"https:\/\/www.nb.no\/nettbutikk\/produkt\/notatbok-med-sitat-av-jean-luc-marion\/\" \/>\n<meta property=\"og:locale\" content=\"nb_NO\" \/>\n<meta property=\"og:type\" content=\"article\" \/>\n<meta property=\"og:title\" content=\"Notatbok med sitat av Jean-Luc Marion - NB Nettbutikk\" \/>\n<meta property=\"og:description\" content=\"\u00abKorleis kan vi endre blikket v\u00e5rt for \u00e5 sj\u00e5 det skapte som ei g\u00e5ve?\u00bb Med Fosseforedraget \u00f8nskjer Nasjonalbiblioteket \u00e5 vekkje og stimulere den offentlege litteratursamtalen i Noreg og resten av verda. Kvart \u00e5r blir ein internasjonal tenkjar invitert til Noreg for \u00e5 dele perspektiva sine p\u00e5 litteraturen og kunsten. Regjeringa har lagt til rette for denne satsinga, som heidrar nobelprisvinnar i litteratur Jon Fosse. Sitatet er henta fr\u00e5 Jean-Luc Marion sitt foredrag, Skaping (fransk: Cr\u00e9ation), som er utgjeve av Nasjonalbiblioteket. Notatboka er produsert av All Pine Press, og er laga med norsk bokpapir. Notatb\u00f8kene er trykte i Oslo og bunde i Skien. Design: Superultraplus og Smuss Studio 128 linjerte sider\" \/>\n<meta property=\"og:url\" content=\"https:\/\/www.nb.no\/nettbutikk\/produkt\/notatbok-med-sitat-av-jean-luc-marion\/\" \/>\n<meta property=\"og:site_name\" content=\"NB Nettbutikk\" \/>\n<meta property=\"article:modified_time\" content=\"2026-04-15T06:20:33+00:00\" \/>\n<meta property=\"og:image\" content=\"https:\/\/www.nb.no\/content\/uploads\/sites\/5\/2025\/04\/E6mp-pifWn-U4mniGoxN3v_N_3Ic7pZvNzWXmoScB65TJoL8ueN2yuOIdTwrEZGVyiz_F-SNjQ67TzwOAohAbA.jpg\" \/>\n\t<meta property=\"og:image:width\" content=\"1920\" \/>\n\t<meta property=\"og:image:height\" content=\"1441\" \/>\n\t<meta property=\"og:image:type\" content=\"image\/jpeg\" \/>\n<meta name=\"twitter:card\" content=\"summary_large_image\" \/>\n<meta name=\"twitter:label1\" content=\"Ansl. lesetid\" \/>\n\t<meta name=\"twitter:data1\" content=\"1 minutt\" \/>\n<script type=\"application\/ld+json\" class=\"yoast-schema-graph\">{\"@context\":\"https:\/\/schema.org\",\"@graph\":[{\"@type\":\"WebPage\",\"@id\":\"https:\/\/www.nb.no\/nettbutikk\/produkt\/notatbok-med-sitat-av-jean-luc-marion\/\",\"url\":\"https:\/\/www.nb.no\/nettbutikk\/produkt\/notatbok-med-sitat-av-jean-luc-marion\/\",\"name\":\"Notatbok med sitat av Jean-Luc Marion - NB Nettbutikk\",\"isPartOf\":{\"@id\":\"https:\/\/www.nb.no\/nettbutikk\/#website\"},\"primaryImageOfPage\":{\"@id\":\"https:\/\/www.nb.no\/nettbutikk\/produkt\/notatbok-med-sitat-av-jean-luc-marion\/#primaryimage\"},\"image\":{\"@id\":\"https:\/\/www.nb.no\/nettbutikk\/produkt\/notatbok-med-sitat-av-jean-luc-marion\/#primaryimage\"},\"thumbnailUrl\":\"https:\/\/www.nb.no\/content\/uploads\/sites\/5\/2025\/04\/E6mp-pifWn-U4mniGoxN3v_N_3Ic7pZvNzWXmoScB65TJoL8ueN2yuOIdTwrEZGVyiz_F-SNjQ67TzwOAohAbA.jpg\",\"datePublished\":\"2025-04-23T16:00:40+00:00\",\"dateModified\":\"2026-04-15T06:20:33+00:00\",\"breadcrumb\":{\"@id\":\"https:\/\/www.nb.no\/nettbutikk\/produkt\/notatbok-med-sitat-av-jean-luc-marion\/#breadcrumb\"},\"inLanguage\":\"nb-NO\",\"potentialAction\":[{\"@type\":\"ReadAction\",\"target\":[\"https:\/\/www.nb.no\/nettbutikk\/produkt\/notatbok-med-sitat-av-jean-luc-marion\/\"]}]},{\"@type\":\"ImageObject\",\"inLanguage\":\"nb-NO\",\"@id\":\"https:\/\/www.nb.no\/nettbutikk\/produkt\/notatbok-med-sitat-av-jean-luc-marion\/#primaryimage\",\"url\":\"https:\/\/www.nb.no\/content\/uploads\/sites\/5\/2025\/04\/E6mp-pifWn-U4mniGoxN3v_N_3Ic7pZvNzWXmoScB65TJoL8ueN2yuOIdTwrEZGVyiz_F-SNjQ67TzwOAohAbA.jpg\",\"contentUrl\":\"https:\/\/www.nb.no\/content\/uploads\/sites\/5\/2025\/04\/E6mp-pifWn-U4mniGoxN3v_N_3Ic7pZvNzWXmoScB65TJoL8ueN2yuOIdTwrEZGVyiz_F-SNjQ67TzwOAohAbA.jpg\",\"width\":1920,\"height\":1441,\"caption\":\"Notatbok: Fosseforedraget\"},{\"@type\":\"BreadcrumbList\",\"@id\":\"https:\/\/www.nb.no\/nettbutikk\/produkt\/notatbok-med-sitat-av-jean-luc-marion\/#breadcrumb\",\"itemListElement\":[{\"@type\":\"ListItem\",\"position\":1,\"name\":\"Home\",\"item\":\"https:\/\/www.nb.no\/nettbutikk\/\"},{\"@type\":\"ListItem\",\"position\":2,\"name\":\"Butikk\",\"item\":\"https:\/\/www.nb.no\/nettbutikk\/butikk\/\"},{\"@type\":\"ListItem\",\"position\":3,\"name\":\"Notatbok med sitat av Jean-Luc Marion\"}]},{\"@type\":\"WebSite\",\"@id\":\"https:\/\/www.nb.no\/nettbutikk\/#website\",\"url\":\"https:\/\/www.nb.no\/nettbutikk\/\",\"name\":\"NB Nettbutikk\",\"description\":\"\",\"potentialAction\":[{\"@type\":\"SearchAction\",\"target\":{\"@type\":\"EntryPoint\",\"urlTemplate\":\"https:\/\/www.nb.no\/nettbutikk\/?s={search_term_string}\"},\"query-input\":{\"@type\":\"PropertyValueSpecification\",\"valueRequired\":true,\"valueName\":\"search_term_string\"}}],\"inLanguage\":\"nb-NO\"}]}<\/script>\n<!-- \/ Yoast SEO plugin. -->","yoast_head_json":{"title":"Notatbok med sitat av Jean-Luc Marion - NB Nettbutikk","robots":{"index":"index","follow":"follow","max-snippet":"max-snippet:-1","max-image-preview":"max-image-preview:large","max-video-preview":"max-video-preview:-1"},"canonical":"https:\/\/www.nb.no\/nettbutikk\/produkt\/notatbok-med-sitat-av-jean-luc-marion\/","og_locale":"nb_NO","og_type":"article","og_title":"Notatbok med sitat av Jean-Luc Marion - NB Nettbutikk","og_description":"\u00abKorleis kan vi endre blikket v\u00e5rt for \u00e5 sj\u00e5 det skapte som ei g\u00e5ve?\u00bb Med Fosseforedraget \u00f8nskjer Nasjonalbiblioteket \u00e5 vekkje og stimulere den offentlege litteratursamtalen i Noreg og resten av verda. Kvart \u00e5r blir ein internasjonal tenkjar invitert til Noreg for \u00e5 dele perspektiva sine p\u00e5 litteraturen og kunsten. Regjeringa har lagt til rette for denne satsinga, som heidrar nobelprisvinnar i litteratur Jon Fosse. Sitatet er henta fr\u00e5 Jean-Luc Marion sitt foredrag, Skaping (fransk: Cr\u00e9ation), som er utgjeve av Nasjonalbiblioteket. Notatboka er produsert av All Pine Press, og er laga med norsk bokpapir. Notatb\u00f8kene er trykte i Oslo og bunde i Skien. Design: Superultraplus og Smuss Studio 128 linjerte sider","og_url":"https:\/\/www.nb.no\/nettbutikk\/produkt\/notatbok-med-sitat-av-jean-luc-marion\/","og_site_name":"NB Nettbutikk","article_modified_time":"2026-04-15T06:20:33+00:00","og_image":[{"width":1920,"height":1441,"url":"https:\/\/www.nb.no\/content\/uploads\/sites\/5\/2025\/04\/E6mp-pifWn-U4mniGoxN3v_N_3Ic7pZvNzWXmoScB65TJoL8ueN2yuOIdTwrEZGVyiz_F-SNjQ67TzwOAohAbA.jpg","type":"image\/jpeg"}],"twitter_card":"summary_large_image","twitter_misc":{"Ansl. lesetid":"1 minutt"},"schema":{"@context":"https:\/\/schema.org","@graph":[{"@type":"WebPage","@id":"https:\/\/www.nb.no\/nettbutikk\/produkt\/notatbok-med-sitat-av-jean-luc-marion\/","url":"https:\/\/www.nb.no\/nettbutikk\/produkt\/notatbok-med-sitat-av-jean-luc-marion\/","name":"Notatbok med sitat av Jean-Luc Marion - NB Nettbutikk","isPartOf":{"@id":"https:\/\/www.nb.no\/nettbutikk\/#website"},"primaryImageOfPage":{"@id":"https:\/\/www.nb.no\/nettbutikk\/produkt\/notatbok-med-sitat-av-jean-luc-marion\/#primaryimage"},"image":{"@id":"https:\/\/www.nb.no\/nettbutikk\/produkt\/notatbok-med-sitat-av-jean-luc-marion\/#primaryimage"},"thumbnailUrl":"https:\/\/www.nb.no\/content\/uploads\/sites\/5\/2025\/04\/E6mp-pifWn-U4mniGoxN3v_N_3Ic7pZvNzWXmoScB65TJoL8ueN2yuOIdTwrEZGVyiz_F-SNjQ67TzwOAohAbA.jpg","datePublished":"2025-04-23T16:00:40+00:00","dateModified":"2026-04-15T06:20:33+00:00","breadcrumb":{"@id":"https:\/\/www.nb.no\/nettbutikk\/produkt\/notatbok-med-sitat-av-jean-luc-marion\/#breadcrumb"},"inLanguage":"nb-NO","potentialAction":[{"@type":"ReadAction","target":["https:\/\/www.nb.no\/nettbutikk\/produkt\/notatbok-med-sitat-av-jean-luc-marion\/"]}]},{"@type":"ImageObject","inLanguage":"nb-NO","@id":"https:\/\/www.nb.no\/nettbutikk\/produkt\/notatbok-med-sitat-av-jean-luc-marion\/#primaryimage","url":"https:\/\/www.nb.no\/content\/uploads\/sites\/5\/2025\/04\/E6mp-pifWn-U4mniGoxN3v_N_3Ic7pZvNzWXmoScB65TJoL8ueN2yuOIdTwrEZGVyiz_F-SNjQ67TzwOAohAbA.jpg","contentUrl":"https:\/\/www.nb.no\/content\/uploads\/sites\/5\/2025\/04\/E6mp-pifWn-U4mniGoxN3v_N_3Ic7pZvNzWXmoScB65TJoL8ueN2yuOIdTwrEZGVyiz_F-SNjQ67TzwOAohAbA.jpg","width":1920,"height":1441,"caption":"Notatbok: Fosseforedraget"},{"@type":"BreadcrumbList","@id":"https:\/\/www.nb.no\/nettbutikk\/produkt\/notatbok-med-sitat-av-jean-luc-marion\/#breadcrumb","itemListElement":[{"@type":"ListItem","position":1,"name":"Home","item":"https:\/\/www.nb.no\/nettbutikk\/"},{"@type":"ListItem","position":2,"name":"Butikk","item":"https:\/\/www.nb.no\/nettbutikk\/butikk\/"},{"@type":"ListItem","position":3,"name":"Notatbok med sitat av Jean-Luc Marion"}]},{"@type":"WebSite","@id":"https:\/\/www.nb.no\/nettbutikk\/#website","url":"https:\/\/www.nb.no\/nettbutikk\/","name":"NB Nettbutikk","description":"","potentialAction":[{"@type":"SearchAction","target":{"@type":"EntryPoint","urlTemplate":"https:\/\/www.nb.no\/nettbutikk\/?s={search_term_string}"},"query-input":{"@type":"PropertyValueSpecification","valueRequired":true,"valueName":"search_term_string"}}],"inLanguage":"nb-NO"}]}},"_links":{"self":[{"href":"https:\/\/www.nb.no\/nettbutikk\/wp-json\/wp\/v2\/product\/21671","targetHints":{"allow":["GET"]}}],"collection":[{"href":"https:\/\/www.nb.no\/nettbutikk\/wp-json\/wp\/v2\/product"}],"about":[{"href":"https:\/\/www.nb.no\/nettbutikk\/wp-json\/wp\/v2\/types\/product"}],"wp:featuredmedia":[{"embeddable":true,"href":"https:\/\/www.nb.no\/nettbutikk\/wp-json\/wp\/v2\/media\/21668"}],"wp:attachment":[{"href":"https:\/\/www.nb.no\/nettbutikk\/wp-json\/wp\/v2\/media?parent=21671"}],"wp:term":[{"taxonomy":"product_brand","embeddable":true,"href":"https:\/\/www.nb.no\/nettbutikk\/wp-json\/wp\/v2\/product_brand?post=21671"},{"taxonomy":"product_cat","embeddable":true,"href":"https:\/\/www.nb.no\/nettbutikk\/wp-json\/wp\/v2\/product_cat?post=21671"},{"taxonomy":"product_tag","embeddable":true,"href":"https:\/\/www.nb.no\/nettbutikk\/wp-json\/wp\/v2\/product_tag?post=21671"}],"curies":[{"name":"wp","href":"https:\/\/api.w.org\/{rel}","templated":true}]}}