{"id":21597,"date":"2025-04-24T16:00:42","date_gmt":"2025-04-24T14:00:42","guid":{"rendered":"https:\/\/www.nb.no\/nettbutikk\/produkt\/creation-2\/"},"modified":"2026-04-15T08:20:33","modified_gmt":"2026-04-15T06:20:33","slug":"creation-francais","status":"publish","type":"product","link":"https:\/\/www.nb.no\/nettbutikk\/produkt\/creation-francais\/","title":{"rendered":"Cr\u00e9ation (fran\u00e7ais)"},"content":{"rendered":"","protected":false},"excerpt":{"rendered":"<p><b>\u00ab Que pouvons-nous penser, quand nous disons \u201ccr\u00e9ation\u201d ? \u00bb<\/b><\/p>\n<p>C\u02bcest par cette question qu\u2019il commence \u00e0 \u00e9tudier comment le concept a \u00e9t\u00e9 forg\u00e9 par l\u2019histoire de la m\u00e9taphysique et comment il informe notre vision actuelle du pouvoir de cr\u00e9er. L\u2019art provient-il de l\u2019artiste lui-m\u00eame ou d\u2019une autre source ? Jon Fosse a d\u00e9clar\u00e9 \u00e0 propos de sa propre \u00e9criture : \u00ab Quelque chose s\u2019\u00e9crivait en moi \u00bb. Qu\u2019est-ce donc que ce<br \/>\n\u00ab Quelque chose \u00bb ?<\/p>\n<p>Marion envisage la cr\u00e9ation en termes bibliques : non pas en termes de production, mais de bont\u00e9, de don et d\u2019amour. Cela offre un nouveau paradigme aux artistes cr\u00e9ant comme une mani\u00e8re de voir et d\u2019\u00e9couter : \u00ab L\u2019artiste ne parvient \u00e0 son \u0153uvre accomplie qu\u2019en n\u2019inventant rien. \u00bb<\/p>\n<p>Ce livre est la version \u00e9crite de la conf\u00e9rence Fosse 2025 (<i>Fosseforedraget 2025<\/i>).<br \/>\n<i>Cr\u00e9ation<\/i>, de Jean-Luc Marion, est la premi\u00e8re contribution d\u2019une s\u00e9rie de conf\u00e9rences sur la litt\u00e9rature et l\u2019art, une initiative en l\u2019honneur du quatri\u00e8me laur\u00e9at norv\u00e9gien du prix Nobel de litt\u00e9rature.<\/p>\n","protected":false},"featured_media":21594,"template":"","meta":{"nb_hide_title":false,"nb_breadcrumb_title_override":""},"product_brand":[],"product_cat":[3472],"product_tag":[3703,3719],"class_list":{"0":"post-21597","1":"product","2":"type-product","3":"status-publish","4":"has-post-thumbnail","6":"product_cat-fosseforedraget","7":"product_tag-fosse","8":"product_tag-fosseforedraget","10":"first","11":"instock","12":"shipping-taxable","13":"purchasable","14":"product-type-simple"},"yoast_head":"<!-- This site is optimized with the Yoast SEO plugin v27.1.1 - https:\/\/yoast.com\/product\/yoast-seo-wordpress\/ -->\n<title>Cr\u00e9ation (fran\u00e7ais) - NB Nettbutikk<\/title>\n<meta name=\"robots\" content=\"index, follow, max-snippet:-1, max-image-preview:large, max-video-preview:-1\" \/>\n<link rel=\"canonical\" href=\"https:\/\/www.nb.no\/nettbutikk\/produkt\/creation-francais\/\" \/>\n<meta property=\"og:locale\" content=\"nb_NO\" \/>\n<meta property=\"og:type\" content=\"article\" \/>\n<meta property=\"og:title\" content=\"Cr\u00e9ation (fran\u00e7ais) - NB Nettbutikk\" \/>\n<meta property=\"og:description\" content=\"\u00ab Que pouvons-nous penser, quand nous disons \u201ccr\u00e9ation\u201d ? \u00bb C\u02bcest par cette question qu\u2019il commence \u00e0 \u00e9tudier comment le concept a \u00e9t\u00e9 forg\u00e9 par l\u2019histoire de la m\u00e9taphysique et comment il informe notre vision actuelle du pouvoir de cr\u00e9er. L\u2019art provient-il de l\u2019artiste lui-m\u00eame ou d\u2019une autre source ? Jon Fosse a d\u00e9clar\u00e9 \u00e0 propos de sa propre \u00e9criture : \u00ab Quelque chose s\u2019\u00e9crivait en moi \u00bb. Qu\u2019est-ce donc que ce \u00ab Quelque chose \u00bb ? Marion envisage la cr\u00e9ation en termes bibliques : non pas en termes de production, mais de bont\u00e9, de don et d\u2019amour. Cela offre un nouveau paradigme aux artistes cr\u00e9ant comme une mani\u00e8re de voir et d\u2019\u00e9couter : \u00ab L\u2019artiste ne parvient \u00e0 son \u0153uvre accomplie qu\u2019en n\u2019inventant rien. \u00bb Ce livre est la version \u00e9crite de la conf\u00e9rence Fosse 2025 (Fosseforedraget 2025). Cr\u00e9ation, de Jean-Luc Marion, est la premi\u00e8re contribution d\u2019une s\u00e9rie de conf\u00e9rences sur la litt\u00e9rature et l\u2019art, une initiative en l\u2019honneur du quatri\u00e8me laur\u00e9at norv\u00e9gien du prix Nobel de litt\u00e9rature.\" \/>\n<meta property=\"og:url\" content=\"https:\/\/www.nb.no\/nettbutikk\/produkt\/creation-francais\/\" \/>\n<meta property=\"og:site_name\" content=\"NB Nettbutikk\" \/>\n<meta property=\"article:modified_time\" content=\"2026-04-15T06:20:33+00:00\" \/>\n<meta property=\"og:image\" content=\"https:\/\/www.nb.no\/content\/uploads\/sites\/5\/2025\/04\/E6mp-pifWn-U4mniGoxN3v_N_3Ic7pZvNzWXmtWZBaoHJdaotL54z7TbcGJ7QpeQmCqpQrvZ3QvhGWoMAohAbA.jpg\" \/>\n\t<meta property=\"og:image:width\" content=\"1382\" \/>\n\t<meta property=\"og:image:height\" content=\"2237\" \/>\n\t<meta property=\"og:image:type\" content=\"image\/jpeg\" \/>\n<meta name=\"twitter:card\" content=\"summary_large_image\" \/>\n<meta name=\"twitter:label1\" content=\"Ansl. lesetid\" \/>\n\t<meta name=\"twitter:data1\" content=\"1 minutt\" \/>\n<script type=\"application\/ld+json\" class=\"yoast-schema-graph\">{\"@context\":\"https:\/\/schema.org\",\"@graph\":[{\"@type\":\"WebPage\",\"@id\":\"https:\/\/www.nb.no\/nettbutikk\/produkt\/creation-francais\/\",\"url\":\"https:\/\/www.nb.no\/nettbutikk\/produkt\/creation-francais\/\",\"name\":\"Cr\u00e9ation (fran\u00e7ais) - NB Nettbutikk\",\"isPartOf\":{\"@id\":\"https:\/\/www.nb.no\/nettbutikk\/#website\"},\"primaryImageOfPage\":{\"@id\":\"https:\/\/www.nb.no\/nettbutikk\/produkt\/creation-francais\/#primaryimage\"},\"image\":{\"@id\":\"https:\/\/www.nb.no\/nettbutikk\/produkt\/creation-francais\/#primaryimage\"},\"thumbnailUrl\":\"https:\/\/www.nb.no\/content\/uploads\/sites\/5\/2025\/04\/E6mp-pifWn-U4mniGoxN3v_N_3Ic7pZvNzWXmtWZBaoHJdaotL54z7TbcGJ7QpeQmCqpQrvZ3QvhGWoMAohAbA.jpg\",\"datePublished\":\"2025-04-24T14:00:42+00:00\",\"dateModified\":\"2026-04-15T06:20:33+00:00\",\"breadcrumb\":{\"@id\":\"https:\/\/www.nb.no\/nettbutikk\/produkt\/creation-francais\/#breadcrumb\"},\"inLanguage\":\"nb-NO\",\"potentialAction\":[{\"@type\":\"ReadAction\",\"target\":[\"https:\/\/www.nb.no\/nettbutikk\/produkt\/creation-francais\/\"]}]},{\"@type\":\"ImageObject\",\"inLanguage\":\"nb-NO\",\"@id\":\"https:\/\/www.nb.no\/nettbutikk\/produkt\/creation-francais\/#primaryimage\",\"url\":\"https:\/\/www.nb.no\/content\/uploads\/sites\/5\/2025\/04\/E6mp-pifWn-U4mniGoxN3v_N_3Ic7pZvNzWXmtWZBaoHJdaotL54z7TbcGJ7QpeQmCqpQrvZ3QvhGWoMAohAbA.jpg\",\"contentUrl\":\"https:\/\/www.nb.no\/content\/uploads\/sites\/5\/2025\/04\/E6mp-pifWn-U4mniGoxN3v_N_3Ic7pZvNzWXmtWZBaoHJdaotL54z7TbcGJ7QpeQmCqpQrvZ3QvhGWoMAohAbA.jpg\",\"width\":1382,\"height\":2237,\"caption\":\"Cr\u00e9ation\"},{\"@type\":\"BreadcrumbList\",\"@id\":\"https:\/\/www.nb.no\/nettbutikk\/produkt\/creation-francais\/#breadcrumb\",\"itemListElement\":[{\"@type\":\"ListItem\",\"position\":1,\"name\":\"Home\",\"item\":\"https:\/\/www.nb.no\/nettbutikk\/\"},{\"@type\":\"ListItem\",\"position\":2,\"name\":\"Butikk\",\"item\":\"https:\/\/www.nb.no\/nettbutikk\/butikk\/\"},{\"@type\":\"ListItem\",\"position\":3,\"name\":\"Cr\u00e9ation (fran\u00e7ais)\"}]},{\"@type\":\"WebSite\",\"@id\":\"https:\/\/www.nb.no\/nettbutikk\/#website\",\"url\":\"https:\/\/www.nb.no\/nettbutikk\/\",\"name\":\"NB Nettbutikk\",\"description\":\"\",\"potentialAction\":[{\"@type\":\"SearchAction\",\"target\":{\"@type\":\"EntryPoint\",\"urlTemplate\":\"https:\/\/www.nb.no\/nettbutikk\/?s={search_term_string}\"},\"query-input\":{\"@type\":\"PropertyValueSpecification\",\"valueRequired\":true,\"valueName\":\"search_term_string\"}}],\"inLanguage\":\"nb-NO\"}]}<\/script>\n<!-- \/ Yoast SEO plugin. -->","yoast_head_json":{"title":"Cr\u00e9ation (fran\u00e7ais) - NB Nettbutikk","robots":{"index":"index","follow":"follow","max-snippet":"max-snippet:-1","max-image-preview":"max-image-preview:large","max-video-preview":"max-video-preview:-1"},"canonical":"https:\/\/www.nb.no\/nettbutikk\/produkt\/creation-francais\/","og_locale":"nb_NO","og_type":"article","og_title":"Cr\u00e9ation (fran\u00e7ais) - NB Nettbutikk","og_description":"\u00ab Que pouvons-nous penser, quand nous disons \u201ccr\u00e9ation\u201d ? \u00bb C\u02bcest par cette question qu\u2019il commence \u00e0 \u00e9tudier comment le concept a \u00e9t\u00e9 forg\u00e9 par l\u2019histoire de la m\u00e9taphysique et comment il informe notre vision actuelle du pouvoir de cr\u00e9er. L\u2019art provient-il de l\u2019artiste lui-m\u00eame ou d\u2019une autre source ? Jon Fosse a d\u00e9clar\u00e9 \u00e0 propos de sa propre \u00e9criture : \u00ab Quelque chose s\u2019\u00e9crivait en moi \u00bb. Qu\u2019est-ce donc que ce \u00ab Quelque chose \u00bb ? Marion envisage la cr\u00e9ation en termes bibliques : non pas en termes de production, mais de bont\u00e9, de don et d\u2019amour. Cela offre un nouveau paradigme aux artistes cr\u00e9ant comme une mani\u00e8re de voir et d\u2019\u00e9couter : \u00ab L\u2019artiste ne parvient \u00e0 son \u0153uvre accomplie qu\u2019en n\u2019inventant rien. \u00bb Ce livre est la version \u00e9crite de la conf\u00e9rence Fosse 2025 (Fosseforedraget 2025). Cr\u00e9ation, de Jean-Luc Marion, est la premi\u00e8re contribution d\u2019une s\u00e9rie de conf\u00e9rences sur la litt\u00e9rature et l\u2019art, une initiative en l\u2019honneur du quatri\u00e8me laur\u00e9at norv\u00e9gien du prix Nobel de litt\u00e9rature.","og_url":"https:\/\/www.nb.no\/nettbutikk\/produkt\/creation-francais\/","og_site_name":"NB Nettbutikk","article_modified_time":"2026-04-15T06:20:33+00:00","og_image":[{"width":1382,"height":2237,"url":"https:\/\/www.nb.no\/content\/uploads\/sites\/5\/2025\/04\/E6mp-pifWn-U4mniGoxN3v_N_3Ic7pZvNzWXmtWZBaoHJdaotL54z7TbcGJ7QpeQmCqpQrvZ3QvhGWoMAohAbA.jpg","type":"image\/jpeg"}],"twitter_card":"summary_large_image","twitter_misc":{"Ansl. lesetid":"1 minutt"},"schema":{"@context":"https:\/\/schema.org","@graph":[{"@type":"WebPage","@id":"https:\/\/www.nb.no\/nettbutikk\/produkt\/creation-francais\/","url":"https:\/\/www.nb.no\/nettbutikk\/produkt\/creation-francais\/","name":"Cr\u00e9ation (fran\u00e7ais) - NB Nettbutikk","isPartOf":{"@id":"https:\/\/www.nb.no\/nettbutikk\/#website"},"primaryImageOfPage":{"@id":"https:\/\/www.nb.no\/nettbutikk\/produkt\/creation-francais\/#primaryimage"},"image":{"@id":"https:\/\/www.nb.no\/nettbutikk\/produkt\/creation-francais\/#primaryimage"},"thumbnailUrl":"https:\/\/www.nb.no\/content\/uploads\/sites\/5\/2025\/04\/E6mp-pifWn-U4mniGoxN3v_N_3Ic7pZvNzWXmtWZBaoHJdaotL54z7TbcGJ7QpeQmCqpQrvZ3QvhGWoMAohAbA.jpg","datePublished":"2025-04-24T14:00:42+00:00","dateModified":"2026-04-15T06:20:33+00:00","breadcrumb":{"@id":"https:\/\/www.nb.no\/nettbutikk\/produkt\/creation-francais\/#breadcrumb"},"inLanguage":"nb-NO","potentialAction":[{"@type":"ReadAction","target":["https:\/\/www.nb.no\/nettbutikk\/produkt\/creation-francais\/"]}]},{"@type":"ImageObject","inLanguage":"nb-NO","@id":"https:\/\/www.nb.no\/nettbutikk\/produkt\/creation-francais\/#primaryimage","url":"https:\/\/www.nb.no\/content\/uploads\/sites\/5\/2025\/04\/E6mp-pifWn-U4mniGoxN3v_N_3Ic7pZvNzWXmtWZBaoHJdaotL54z7TbcGJ7QpeQmCqpQrvZ3QvhGWoMAohAbA.jpg","contentUrl":"https:\/\/www.nb.no\/content\/uploads\/sites\/5\/2025\/04\/E6mp-pifWn-U4mniGoxN3v_N_3Ic7pZvNzWXmtWZBaoHJdaotL54z7TbcGJ7QpeQmCqpQrvZ3QvhGWoMAohAbA.jpg","width":1382,"height":2237,"caption":"Cr\u00e9ation"},{"@type":"BreadcrumbList","@id":"https:\/\/www.nb.no\/nettbutikk\/produkt\/creation-francais\/#breadcrumb","itemListElement":[{"@type":"ListItem","position":1,"name":"Home","item":"https:\/\/www.nb.no\/nettbutikk\/"},{"@type":"ListItem","position":2,"name":"Butikk","item":"https:\/\/www.nb.no\/nettbutikk\/butikk\/"},{"@type":"ListItem","position":3,"name":"Cr\u00e9ation (fran\u00e7ais)"}]},{"@type":"WebSite","@id":"https:\/\/www.nb.no\/nettbutikk\/#website","url":"https:\/\/www.nb.no\/nettbutikk\/","name":"NB Nettbutikk","description":"","potentialAction":[{"@type":"SearchAction","target":{"@type":"EntryPoint","urlTemplate":"https:\/\/www.nb.no\/nettbutikk\/?s={search_term_string}"},"query-input":{"@type":"PropertyValueSpecification","valueRequired":true,"valueName":"search_term_string"}}],"inLanguage":"nb-NO"}]}},"_links":{"self":[{"href":"https:\/\/www.nb.no\/nettbutikk\/wp-json\/wp\/v2\/product\/21597","targetHints":{"allow":["GET"]}}],"collection":[{"href":"https:\/\/www.nb.no\/nettbutikk\/wp-json\/wp\/v2\/product"}],"about":[{"href":"https:\/\/www.nb.no\/nettbutikk\/wp-json\/wp\/v2\/types\/product"}],"wp:featuredmedia":[{"embeddable":true,"href":"https:\/\/www.nb.no\/nettbutikk\/wp-json\/wp\/v2\/media\/21594"}],"wp:attachment":[{"href":"https:\/\/www.nb.no\/nettbutikk\/wp-json\/wp\/v2\/media?parent=21597"}],"wp:term":[{"taxonomy":"product_brand","embeddable":true,"href":"https:\/\/www.nb.no\/nettbutikk\/wp-json\/wp\/v2\/product_brand?post=21597"},{"taxonomy":"product_cat","embeddable":true,"href":"https:\/\/www.nb.no\/nettbutikk\/wp-json\/wp\/v2\/product_cat?post=21597"},{"taxonomy":"product_tag","embeddable":true,"href":"https:\/\/www.nb.no\/nettbutikk\/wp-json\/wp\/v2\/product_tag?post=21597"}],"curies":[{"name":"wp","href":"https:\/\/api.w.org\/{rel}","templated":true}]}}