{"id":18578,"date":"2024-01-15T13:00:24","date_gmt":"2024-01-15T12:00:24","guid":{"rendered":"https:\/\/www.nb.no\/nettbutikk\/produkt\/fortidens-stemmer-bind-iii\/"},"modified":"2026-04-20T11:08:57","modified_gmt":"2026-04-20T09:08:57","slug":"fortidens-stemmer-bind-iii","status":"publish","type":"product","link":"https:\/\/www.nb.no\/nettbutikk\/produkt\/fortidens-stemmer-bind-iii\/","title":{"rendered":"Fortidens stemmer, bind III"},"content":{"rendered":"","protected":false},"excerpt":{"rendered":"<p>Da Fridtjof Nansen dukket opp i Vard\u00f8 i august 1896, etter tre lange \u00e5r p\u00e5 det frosne polhavet, gikk han strake veien til telegrafstasjonen. I denne boka kan du lese det f\u00f8rste livstegnet som tikket ut p\u00e5 sambandet. Her kan du ogs\u00e5 lese brev som er skrevet i blinde, hemmelige brev, lystige brev, sinte brev og et brev som er skrevet i asken etter en nedbrent metropol.<\/p>\n<p>Det tredje bindet i bokserien <i>Fortidens stemmer<\/i> samler brev fra siste halvdel av 1800-\u00e5rene, en tid da man i Norge korresponderte som aldri f\u00f8r. Gjennom et lite utvalg gir denne boka et inntrykk av den store variasjonen i Nasjonalbibliotekets brevsamling fra perioden. Hvordan kunne brev brukes som v\u00e5pen i kvinnesakskampen? Og hvordan beskrives livet i felten av en ung nordmann i den franske fremmedlegionen? Hvorfor finnes det brev fra Charles Darwin i Nasjonalbibliotekets magasiner? Og var egentlig Henrik Ibsens hjemmelagde pengesedler helt verdil\u00f8se?<\/p>\n","protected":false},"featured_media":18575,"template":"","meta":{"nb_hide_title":false,"nb_breadcrumb_title_override":""},"product_brand":[],"product_cat":[192],"product_tag":[3752,3749],"class_list":{"0":"post-18578","1":"product","2":"type-product","3":"status-publish","4":"has-post-thumbnail","6":"product_cat-fortidens-stemmer","7":"product_tag-1800-tallet","8":"product_tag-brev","10":"first","11":"instock","12":"shipping-taxable","13":"purchasable","14":"product-type-simple"},"yoast_head":"<!-- This site is optimized with the Yoast SEO plugin v27.1.1 - https:\/\/yoast.com\/product\/yoast-seo-wordpress\/ -->\n<title>Fortidens stemmer, bind III - NB Nettbutikk<\/title>\n<meta name=\"robots\" content=\"index, follow, max-snippet:-1, max-image-preview:large, max-video-preview:-1\" \/>\n<link rel=\"canonical\" href=\"https:\/\/www.nb.no\/nettbutikk\/produkt\/fortidens-stemmer-bind-iii\/\" \/>\n<meta property=\"og:locale\" content=\"nb_NO\" \/>\n<meta property=\"og:type\" content=\"article\" \/>\n<meta property=\"og:title\" content=\"Fortidens stemmer, bind III - NB Nettbutikk\" \/>\n<meta property=\"og:description\" content=\"Da Fridtjof Nansen dukket opp i Vard\u00f8 i august 1896, etter tre lange \u00e5r p\u00e5 det frosne polhavet, gikk han strake veien til telegrafstasjonen. I denne boka kan du lese det f\u00f8rste livstegnet som tikket ut p\u00e5 sambandet. Her kan du ogs\u00e5 lese brev som er skrevet i blinde, hemmelige brev, lystige brev, sinte brev og et brev som er skrevet i asken etter en nedbrent metropol. Det tredje bindet i bokserien Fortidens stemmer samler brev fra siste halvdel av 1800-\u00e5rene, en tid da man i Norge korresponderte som aldri f\u00f8r. Gjennom et lite utvalg gir denne boka et inntrykk av den store variasjonen i Nasjonalbibliotekets brevsamling fra perioden. Hvordan kunne brev brukes som v\u00e5pen i kvinnesakskampen? Og hvordan beskrives livet i felten av en ung nordmann i den franske fremmedlegionen? Hvorfor finnes det brev fra Charles Darwin i Nasjonalbibliotekets magasiner? Og var egentlig Henrik Ibsens hjemmelagde pengesedler helt verdil\u00f8se?\" \/>\n<meta property=\"og:url\" content=\"https:\/\/www.nb.no\/nettbutikk\/produkt\/fortidens-stemmer-bind-iii\/\" \/>\n<meta property=\"og:site_name\" content=\"NB Nettbutikk\" \/>\n<meta property=\"article:modified_time\" content=\"2026-04-20T09:08:57+00:00\" \/>\n<meta property=\"og:image\" content=\"https:\/\/www.nb.no\/content\/uploads\/sites\/5\/2024\/01\/E6mp-pifWn-U4mniGoxN3v_N_3Ic7pZvNzWXmtacAf0HIYyp5eJ6yLLQdDJ-RJfAzSmlQOWIggzjE2oPAohAbA.jpg\" \/>\n\t<meta property=\"og:image:width\" content=\"580\" \/>\n\t<meta property=\"og:image:height\" content=\"889\" \/>\n\t<meta property=\"og:image:type\" content=\"image\/jpeg\" \/>\n<meta name=\"twitter:card\" content=\"summary_large_image\" \/>\n<meta name=\"twitter:label1\" content=\"Ansl. lesetid\" \/>\n\t<meta name=\"twitter:data1\" content=\"1 minutt\" \/>\n<script type=\"application\/ld+json\" class=\"yoast-schema-graph\">{\"@context\":\"https:\/\/schema.org\",\"@graph\":[{\"@type\":\"WebPage\",\"@id\":\"https:\/\/www.nb.no\/nettbutikk\/produkt\/fortidens-stemmer-bind-iii\/\",\"url\":\"https:\/\/www.nb.no\/nettbutikk\/produkt\/fortidens-stemmer-bind-iii\/\",\"name\":\"Fortidens stemmer, bind III - NB Nettbutikk\",\"isPartOf\":{\"@id\":\"https:\/\/www.nb.no\/nettbutikk\/#website\"},\"primaryImageOfPage\":{\"@id\":\"https:\/\/www.nb.no\/nettbutikk\/produkt\/fortidens-stemmer-bind-iii\/#primaryimage\"},\"image\":{\"@id\":\"https:\/\/www.nb.no\/nettbutikk\/produkt\/fortidens-stemmer-bind-iii\/#primaryimage\"},\"thumbnailUrl\":\"https:\/\/www.nb.no\/content\/uploads\/sites\/5\/2024\/01\/E6mp-pifWn-U4mniGoxN3v_N_3Ic7pZvNzWXmtacAf0HIYyp5eJ6yLLQdDJ-RJfAzSmlQOWIggzjE2oPAohAbA.jpg\",\"datePublished\":\"2024-01-15T12:00:24+00:00\",\"dateModified\":\"2026-04-20T09:08:57+00:00\",\"breadcrumb\":{\"@id\":\"https:\/\/www.nb.no\/nettbutikk\/produkt\/fortidens-stemmer-bind-iii\/#breadcrumb\"},\"inLanguage\":\"nb-NO\",\"potentialAction\":[{\"@type\":\"ReadAction\",\"target\":[\"https:\/\/www.nb.no\/nettbutikk\/produkt\/fortidens-stemmer-bind-iii\/\"]}]},{\"@type\":\"ImageObject\",\"inLanguage\":\"nb-NO\",\"@id\":\"https:\/\/www.nb.no\/nettbutikk\/produkt\/fortidens-stemmer-bind-iii\/#primaryimage\",\"url\":\"https:\/\/www.nb.no\/content\/uploads\/sites\/5\/2024\/01\/E6mp-pifWn-U4mniGoxN3v_N_3Ic7pZvNzWXmtacAf0HIYyp5eJ6yLLQdDJ-RJfAzSmlQOWIggzjE2oPAohAbA.jpg\",\"contentUrl\":\"https:\/\/www.nb.no\/content\/uploads\/sites\/5\/2024\/01\/E6mp-pifWn-U4mniGoxN3v_N_3Ic7pZvNzWXmtacAf0HIYyp5eJ6yLLQdDJ-RJfAzSmlQOWIggzjE2oPAohAbA.jpg\",\"width\":580,\"height\":889,\"caption\":\"Fortidens stemmer, bind III\"},{\"@type\":\"BreadcrumbList\",\"@id\":\"https:\/\/www.nb.no\/nettbutikk\/produkt\/fortidens-stemmer-bind-iii\/#breadcrumb\",\"itemListElement\":[{\"@type\":\"ListItem\",\"position\":1,\"name\":\"Home\",\"item\":\"https:\/\/www.nb.no\/nettbutikk\/\"},{\"@type\":\"ListItem\",\"position\":2,\"name\":\"Butikk\",\"item\":\"https:\/\/www.nb.no\/nettbutikk\/butikk\/\"},{\"@type\":\"ListItem\",\"position\":3,\"name\":\"Fortidens stemmer, bind III\"}]},{\"@type\":\"WebSite\",\"@id\":\"https:\/\/www.nb.no\/nettbutikk\/#website\",\"url\":\"https:\/\/www.nb.no\/nettbutikk\/\",\"name\":\"NB Nettbutikk\",\"description\":\"\",\"potentialAction\":[{\"@type\":\"SearchAction\",\"target\":{\"@type\":\"EntryPoint\",\"urlTemplate\":\"https:\/\/www.nb.no\/nettbutikk\/?s={search_term_string}\"},\"query-input\":{\"@type\":\"PropertyValueSpecification\",\"valueRequired\":true,\"valueName\":\"search_term_string\"}}],\"inLanguage\":\"nb-NO\"}]}<\/script>\n<!-- \/ Yoast SEO plugin. -->","yoast_head_json":{"title":"Fortidens stemmer, bind III - NB Nettbutikk","robots":{"index":"index","follow":"follow","max-snippet":"max-snippet:-1","max-image-preview":"max-image-preview:large","max-video-preview":"max-video-preview:-1"},"canonical":"https:\/\/www.nb.no\/nettbutikk\/produkt\/fortidens-stemmer-bind-iii\/","og_locale":"nb_NO","og_type":"article","og_title":"Fortidens stemmer, bind III - NB Nettbutikk","og_description":"Da Fridtjof Nansen dukket opp i Vard\u00f8 i august 1896, etter tre lange \u00e5r p\u00e5 det frosne polhavet, gikk han strake veien til telegrafstasjonen. I denne boka kan du lese det f\u00f8rste livstegnet som tikket ut p\u00e5 sambandet. Her kan du ogs\u00e5 lese brev som er skrevet i blinde, hemmelige brev, lystige brev, sinte brev og et brev som er skrevet i asken etter en nedbrent metropol. Det tredje bindet i bokserien Fortidens stemmer samler brev fra siste halvdel av 1800-\u00e5rene, en tid da man i Norge korresponderte som aldri f\u00f8r. Gjennom et lite utvalg gir denne boka et inntrykk av den store variasjonen i Nasjonalbibliotekets brevsamling fra perioden. Hvordan kunne brev brukes som v\u00e5pen i kvinnesakskampen? Og hvordan beskrives livet i felten av en ung nordmann i den franske fremmedlegionen? Hvorfor finnes det brev fra Charles Darwin i Nasjonalbibliotekets magasiner? Og var egentlig Henrik Ibsens hjemmelagde pengesedler helt verdil\u00f8se?","og_url":"https:\/\/www.nb.no\/nettbutikk\/produkt\/fortidens-stemmer-bind-iii\/","og_site_name":"NB Nettbutikk","article_modified_time":"2026-04-20T09:08:57+00:00","og_image":[{"width":580,"height":889,"url":"https:\/\/www.nb.no\/content\/uploads\/sites\/5\/2024\/01\/E6mp-pifWn-U4mniGoxN3v_N_3Ic7pZvNzWXmtacAf0HIYyp5eJ6yLLQdDJ-RJfAzSmlQOWIggzjE2oPAohAbA.jpg","type":"image\/jpeg"}],"twitter_card":"summary_large_image","twitter_misc":{"Ansl. lesetid":"1 minutt"},"schema":{"@context":"https:\/\/schema.org","@graph":[{"@type":"WebPage","@id":"https:\/\/www.nb.no\/nettbutikk\/produkt\/fortidens-stemmer-bind-iii\/","url":"https:\/\/www.nb.no\/nettbutikk\/produkt\/fortidens-stemmer-bind-iii\/","name":"Fortidens stemmer, bind III - NB Nettbutikk","isPartOf":{"@id":"https:\/\/www.nb.no\/nettbutikk\/#website"},"primaryImageOfPage":{"@id":"https:\/\/www.nb.no\/nettbutikk\/produkt\/fortidens-stemmer-bind-iii\/#primaryimage"},"image":{"@id":"https:\/\/www.nb.no\/nettbutikk\/produkt\/fortidens-stemmer-bind-iii\/#primaryimage"},"thumbnailUrl":"https:\/\/www.nb.no\/content\/uploads\/sites\/5\/2024\/01\/E6mp-pifWn-U4mniGoxN3v_N_3Ic7pZvNzWXmtacAf0HIYyp5eJ6yLLQdDJ-RJfAzSmlQOWIggzjE2oPAohAbA.jpg","datePublished":"2024-01-15T12:00:24+00:00","dateModified":"2026-04-20T09:08:57+00:00","breadcrumb":{"@id":"https:\/\/www.nb.no\/nettbutikk\/produkt\/fortidens-stemmer-bind-iii\/#breadcrumb"},"inLanguage":"nb-NO","potentialAction":[{"@type":"ReadAction","target":["https:\/\/www.nb.no\/nettbutikk\/produkt\/fortidens-stemmer-bind-iii\/"]}]},{"@type":"ImageObject","inLanguage":"nb-NO","@id":"https:\/\/www.nb.no\/nettbutikk\/produkt\/fortidens-stemmer-bind-iii\/#primaryimage","url":"https:\/\/www.nb.no\/content\/uploads\/sites\/5\/2024\/01\/E6mp-pifWn-U4mniGoxN3v_N_3Ic7pZvNzWXmtacAf0HIYyp5eJ6yLLQdDJ-RJfAzSmlQOWIggzjE2oPAohAbA.jpg","contentUrl":"https:\/\/www.nb.no\/content\/uploads\/sites\/5\/2024\/01\/E6mp-pifWn-U4mniGoxN3v_N_3Ic7pZvNzWXmtacAf0HIYyp5eJ6yLLQdDJ-RJfAzSmlQOWIggzjE2oPAohAbA.jpg","width":580,"height":889,"caption":"Fortidens stemmer, bind III"},{"@type":"BreadcrumbList","@id":"https:\/\/www.nb.no\/nettbutikk\/produkt\/fortidens-stemmer-bind-iii\/#breadcrumb","itemListElement":[{"@type":"ListItem","position":1,"name":"Home","item":"https:\/\/www.nb.no\/nettbutikk\/"},{"@type":"ListItem","position":2,"name":"Butikk","item":"https:\/\/www.nb.no\/nettbutikk\/butikk\/"},{"@type":"ListItem","position":3,"name":"Fortidens stemmer, bind III"}]},{"@type":"WebSite","@id":"https:\/\/www.nb.no\/nettbutikk\/#website","url":"https:\/\/www.nb.no\/nettbutikk\/","name":"NB Nettbutikk","description":"","potentialAction":[{"@type":"SearchAction","target":{"@type":"EntryPoint","urlTemplate":"https:\/\/www.nb.no\/nettbutikk\/?s={search_term_string}"},"query-input":{"@type":"PropertyValueSpecification","valueRequired":true,"valueName":"search_term_string"}}],"inLanguage":"nb-NO"}]}},"_links":{"self":[{"href":"https:\/\/www.nb.no\/nettbutikk\/wp-json\/wp\/v2\/product\/18578","targetHints":{"allow":["GET"]}}],"collection":[{"href":"https:\/\/www.nb.no\/nettbutikk\/wp-json\/wp\/v2\/product"}],"about":[{"href":"https:\/\/www.nb.no\/nettbutikk\/wp-json\/wp\/v2\/types\/product"}],"wp:featuredmedia":[{"embeddable":true,"href":"https:\/\/www.nb.no\/nettbutikk\/wp-json\/wp\/v2\/media\/18575"}],"wp:attachment":[{"href":"https:\/\/www.nb.no\/nettbutikk\/wp-json\/wp\/v2\/media?parent=18578"}],"wp:term":[{"taxonomy":"product_brand","embeddable":true,"href":"https:\/\/www.nb.no\/nettbutikk\/wp-json\/wp\/v2\/product_brand?post=18578"},{"taxonomy":"product_cat","embeddable":true,"href":"https:\/\/www.nb.no\/nettbutikk\/wp-json\/wp\/v2\/product_cat?post=18578"},{"taxonomy":"product_tag","embeddable":true,"href":"https:\/\/www.nb.no\/nettbutikk\/wp-json\/wp\/v2\/product_tag?post=18578"}],"curies":[{"name":"wp","href":"https:\/\/api.w.org\/{rel}","templated":true}]}}