{"id":18518,"date":"2024-02-01T09:00:26","date_gmt":"2024-02-01T08:00:26","guid":{"rendered":"https:\/\/www.nb.no\/nettbutikk\/produkt\/folkeutgave-magnus-lagabotes-landslov\/"},"modified":"2026-04-03T05:57:10","modified_gmt":"2026-04-03T03:57:10","slug":"folkeutgave-magnus-lagabotes-landslov","status":"publish","type":"product","link":"https:\/\/www.nb.no\/nettbutikk\/produkt\/folkeutgave-magnus-lagabotes-landslov\/","title":{"rendered":"Folkeutgave: Magnus Lagab\u00f8tes landslov"},"content":{"rendered":"","protected":false},"excerpt":{"rendered":"<p>Magnus Lagab\u00f8tes landslov ble innf\u00f8rt i 1274, og var Norges lovbok i mer enn 400 \u00e5r. Loven hadde avgj\u00f8rende betydning for norsk politikk og samfunnsliv og var den f\u00f8rste loven som gjaldt for hele landet. I den ligger spirene til den norske rettsstaten og ideen om folkelig medbestemmelse, som er en forutsetning for demokratiet v\u00e5rt.  <\/p>\n<p>I forbindelse med Landslovjubileet 2024 gir Nasjonalbiblioteket ut en folkeutgave av Landsloven i ny oversettelse p\u00e5 bokm\u00e5l. Den nye utgaven er spr\u00e5klig tilrettelagt for et bredt allment publikum og er utstyrt med veiledende ordforklaringer. Oversettelsen er ved Jo Rune Ugulen Kristiansen. Boka inneholder en introduksjonstekst til loven, skrevet av Magnus Rindal.<\/p>\n<p>Boka er ogs\u00e5 tilgjengelig som lydbok p\u00e5 <a href=\"https:\/\/tibi.no\/\">Tibi<\/a> (Biblioteket for tilrettelagt litteratur), for mennesker som har nedsatt syn, dysleksi eller andre funksjonsnedsettelser som gj\u00f8r det vanskelig \u00e5 lese visuell tekst og vanlige b\u00f8ker.<\/p>\n","protected":false},"featured_media":18772,"template":"","meta":{"nb_hide_title":false,"nb_breadcrumb_title_override":""},"product_brand":[],"product_cat":[3918],"product_tag":[3746,3745],"class_list":{"0":"post-18518","1":"product","2":"type-product","3":"status-publish","4":"has-post-thumbnail","6":"product_cat-norske-middelalderskrifter","7":"product_tag-middelalder","8":"product_tag-middelalderlover","10":"first","11":"instock","12":"shipping-taxable","13":"purchasable","14":"product-type-simple"},"yoast_head":"<!-- This site is optimized with the Yoast SEO plugin v27.1.1 - https:\/\/yoast.com\/product\/yoast-seo-wordpress\/ -->\n<title>Folkeutgave: Magnus Lagab\u00f8tes landslov - NB Nettbutikk<\/title>\n<meta name=\"robots\" content=\"index, follow, max-snippet:-1, max-image-preview:large, max-video-preview:-1\" \/>\n<link rel=\"canonical\" href=\"https:\/\/www.nb.no\/nettbutikk\/produkt\/folkeutgave-magnus-lagabotes-landslov\/\" \/>\n<meta property=\"og:locale\" content=\"nb_NO\" \/>\n<meta property=\"og:type\" content=\"article\" \/>\n<meta property=\"og:title\" content=\"Folkeutgave: Magnus Lagab\u00f8tes landslov - NB Nettbutikk\" \/>\n<meta property=\"og:description\" content=\"Magnus Lagab\u00f8tes landslov ble innf\u00f8rt i 1274, og var Norges lovbok i mer enn 400 \u00e5r. Loven hadde avgj\u00f8rende betydning for norsk politikk og samfunnsliv og var den f\u00f8rste loven som gjaldt for hele landet. I den ligger spirene til den norske rettsstaten og ideen om folkelig medbestemmelse, som er en forutsetning for demokratiet v\u00e5rt.   I forbindelse med Landslovjubileet 2024 gir Nasjonalbiblioteket ut en folkeutgave av Landsloven i ny oversettelse p\u00e5 bokm\u00e5l. Den nye utgaven er spr\u00e5klig tilrettelagt for et bredt allment publikum og er utstyrt med veiledende ordforklaringer. Oversettelsen er ved Jo Rune Ugulen Kristiansen. Boka inneholder en introduksjonstekst til loven, skrevet av Magnus Rindal. Boka er ogs\u00e5 tilgjengelig som lydbok p\u00e5 Tibi (Biblioteket for tilrettelagt litteratur), for mennesker som har nedsatt syn, dysleksi eller andre funksjonsnedsettelser som gj\u00f8r det vanskelig \u00e5 lese visuell tekst og vanlige b\u00f8ker.\" \/>\n<meta property=\"og:url\" content=\"https:\/\/www.nb.no\/nettbutikk\/produkt\/folkeutgave-magnus-lagabotes-landslov\/\" \/>\n<meta property=\"og:site_name\" content=\"NB Nettbutikk\" \/>\n<meta property=\"article:modified_time\" content=\"2026-04-03T03:57:10+00:00\" \/>\n<meta property=\"og:image\" content=\"https:\/\/www.nb.no\/content\/uploads\/sites\/5\/2024\/01\/Magnus-Lagabotes-landslov_folkeutgaven1-1024x768.jpg\" \/>\n\t<meta property=\"og:image:width\" content=\"1024\" \/>\n\t<meta property=\"og:image:height\" content=\"768\" \/>\n\t<meta property=\"og:image:type\" content=\"image\/jpeg\" \/>\n<meta name=\"twitter:card\" content=\"summary_large_image\" \/>\n<meta name=\"twitter:label1\" content=\"Ansl. lesetid\" \/>\n\t<meta name=\"twitter:data1\" content=\"1 minutt\" \/>\n<script type=\"application\/ld+json\" class=\"yoast-schema-graph\">{\"@context\":\"https:\/\/schema.org\",\"@graph\":[{\"@type\":\"WebPage\",\"@id\":\"https:\/\/www.nb.no\/nettbutikk\/produkt\/folkeutgave-magnus-lagabotes-landslov\/\",\"url\":\"https:\/\/www.nb.no\/nettbutikk\/produkt\/folkeutgave-magnus-lagabotes-landslov\/\",\"name\":\"Folkeutgave: Magnus Lagab\u00f8tes landslov - NB Nettbutikk\",\"isPartOf\":{\"@id\":\"https:\/\/www.nb.no\/nettbutikk\/#website\"},\"primaryImageOfPage\":{\"@id\":\"https:\/\/www.nb.no\/nettbutikk\/produkt\/folkeutgave-magnus-lagabotes-landslov\/#primaryimage\"},\"image\":{\"@id\":\"https:\/\/www.nb.no\/nettbutikk\/produkt\/folkeutgave-magnus-lagabotes-landslov\/#primaryimage\"},\"thumbnailUrl\":\"https:\/\/www.nb.no\/content\/uploads\/sites\/5\/2024\/01\/Magnus-Lagabotes-landslov_folkeutgaven1.jpg\",\"datePublished\":\"2024-02-01T08:00:26+00:00\",\"dateModified\":\"2026-04-03T03:57:10+00:00\",\"breadcrumb\":{\"@id\":\"https:\/\/www.nb.no\/nettbutikk\/produkt\/folkeutgave-magnus-lagabotes-landslov\/#breadcrumb\"},\"inLanguage\":\"nb-NO\",\"potentialAction\":[{\"@type\":\"ReadAction\",\"target\":[\"https:\/\/www.nb.no\/nettbutikk\/produkt\/folkeutgave-magnus-lagabotes-landslov\/\"]}]},{\"@type\":\"ImageObject\",\"inLanguage\":\"nb-NO\",\"@id\":\"https:\/\/www.nb.no\/nettbutikk\/produkt\/folkeutgave-magnus-lagabotes-landslov\/#primaryimage\",\"url\":\"https:\/\/www.nb.no\/content\/uploads\/sites\/5\/2024\/01\/Magnus-Lagabotes-landslov_folkeutgaven1.jpg\",\"contentUrl\":\"https:\/\/www.nb.no\/content\/uploads\/sites\/5\/2024\/01\/Magnus-Lagabotes-landslov_folkeutgaven1.jpg\",\"width\":8970,\"height\":6728},{\"@type\":\"BreadcrumbList\",\"@id\":\"https:\/\/www.nb.no\/nettbutikk\/produkt\/folkeutgave-magnus-lagabotes-landslov\/#breadcrumb\",\"itemListElement\":[{\"@type\":\"ListItem\",\"position\":1,\"name\":\"Home\",\"item\":\"https:\/\/www.nb.no\/nettbutikk\/\"},{\"@type\":\"ListItem\",\"position\":2,\"name\":\"Butikk\",\"item\":\"https:\/\/www.nb.no\/nettbutikk\/butikk\/\"},{\"@type\":\"ListItem\",\"position\":3,\"name\":\"Folkeutgave: Magnus Lagab\u00f8tes landslov\"}]},{\"@type\":\"WebSite\",\"@id\":\"https:\/\/www.nb.no\/nettbutikk\/#website\",\"url\":\"https:\/\/www.nb.no\/nettbutikk\/\",\"name\":\"NB Nettbutikk\",\"description\":\"\",\"potentialAction\":[{\"@type\":\"SearchAction\",\"target\":{\"@type\":\"EntryPoint\",\"urlTemplate\":\"https:\/\/www.nb.no\/nettbutikk\/?s={search_term_string}\"},\"query-input\":{\"@type\":\"PropertyValueSpecification\",\"valueRequired\":true,\"valueName\":\"search_term_string\"}}],\"inLanguage\":\"nb-NO\"}]}<\/script>\n<!-- \/ Yoast SEO plugin. -->","yoast_head_json":{"title":"Folkeutgave: Magnus Lagab\u00f8tes landslov - NB Nettbutikk","robots":{"index":"index","follow":"follow","max-snippet":"max-snippet:-1","max-image-preview":"max-image-preview:large","max-video-preview":"max-video-preview:-1"},"canonical":"https:\/\/www.nb.no\/nettbutikk\/produkt\/folkeutgave-magnus-lagabotes-landslov\/","og_locale":"nb_NO","og_type":"article","og_title":"Folkeutgave: Magnus Lagab\u00f8tes landslov - NB Nettbutikk","og_description":"Magnus Lagab\u00f8tes landslov ble innf\u00f8rt i 1274, og var Norges lovbok i mer enn 400 \u00e5r. Loven hadde avgj\u00f8rende betydning for norsk politikk og samfunnsliv og var den f\u00f8rste loven som gjaldt for hele landet. I den ligger spirene til den norske rettsstaten og ideen om folkelig medbestemmelse, som er en forutsetning for demokratiet v\u00e5rt.   I forbindelse med Landslovjubileet 2024 gir Nasjonalbiblioteket ut en folkeutgave av Landsloven i ny oversettelse p\u00e5 bokm\u00e5l. Den nye utgaven er spr\u00e5klig tilrettelagt for et bredt allment publikum og er utstyrt med veiledende ordforklaringer. Oversettelsen er ved Jo Rune Ugulen Kristiansen. Boka inneholder en introduksjonstekst til loven, skrevet av Magnus Rindal. Boka er ogs\u00e5 tilgjengelig som lydbok p\u00e5 Tibi (Biblioteket for tilrettelagt litteratur), for mennesker som har nedsatt syn, dysleksi eller andre funksjonsnedsettelser som gj\u00f8r det vanskelig \u00e5 lese visuell tekst og vanlige b\u00f8ker.","og_url":"https:\/\/www.nb.no\/nettbutikk\/produkt\/folkeutgave-magnus-lagabotes-landslov\/","og_site_name":"NB Nettbutikk","article_modified_time":"2026-04-03T03:57:10+00:00","og_image":[{"width":1024,"height":768,"url":"https:\/\/www.nb.no\/content\/uploads\/sites\/5\/2024\/01\/Magnus-Lagabotes-landslov_folkeutgaven1-1024x768.jpg","type":"image\/jpeg"}],"twitter_card":"summary_large_image","twitter_misc":{"Ansl. lesetid":"1 minutt"},"schema":{"@context":"https:\/\/schema.org","@graph":[{"@type":"WebPage","@id":"https:\/\/www.nb.no\/nettbutikk\/produkt\/folkeutgave-magnus-lagabotes-landslov\/","url":"https:\/\/www.nb.no\/nettbutikk\/produkt\/folkeutgave-magnus-lagabotes-landslov\/","name":"Folkeutgave: Magnus Lagab\u00f8tes landslov - NB Nettbutikk","isPartOf":{"@id":"https:\/\/www.nb.no\/nettbutikk\/#website"},"primaryImageOfPage":{"@id":"https:\/\/www.nb.no\/nettbutikk\/produkt\/folkeutgave-magnus-lagabotes-landslov\/#primaryimage"},"image":{"@id":"https:\/\/www.nb.no\/nettbutikk\/produkt\/folkeutgave-magnus-lagabotes-landslov\/#primaryimage"},"thumbnailUrl":"https:\/\/www.nb.no\/content\/uploads\/sites\/5\/2024\/01\/Magnus-Lagabotes-landslov_folkeutgaven1.jpg","datePublished":"2024-02-01T08:00:26+00:00","dateModified":"2026-04-03T03:57:10+00:00","breadcrumb":{"@id":"https:\/\/www.nb.no\/nettbutikk\/produkt\/folkeutgave-magnus-lagabotes-landslov\/#breadcrumb"},"inLanguage":"nb-NO","potentialAction":[{"@type":"ReadAction","target":["https:\/\/www.nb.no\/nettbutikk\/produkt\/folkeutgave-magnus-lagabotes-landslov\/"]}]},{"@type":"ImageObject","inLanguage":"nb-NO","@id":"https:\/\/www.nb.no\/nettbutikk\/produkt\/folkeutgave-magnus-lagabotes-landslov\/#primaryimage","url":"https:\/\/www.nb.no\/content\/uploads\/sites\/5\/2024\/01\/Magnus-Lagabotes-landslov_folkeutgaven1.jpg","contentUrl":"https:\/\/www.nb.no\/content\/uploads\/sites\/5\/2024\/01\/Magnus-Lagabotes-landslov_folkeutgaven1.jpg","width":8970,"height":6728},{"@type":"BreadcrumbList","@id":"https:\/\/www.nb.no\/nettbutikk\/produkt\/folkeutgave-magnus-lagabotes-landslov\/#breadcrumb","itemListElement":[{"@type":"ListItem","position":1,"name":"Home","item":"https:\/\/www.nb.no\/nettbutikk\/"},{"@type":"ListItem","position":2,"name":"Butikk","item":"https:\/\/www.nb.no\/nettbutikk\/butikk\/"},{"@type":"ListItem","position":3,"name":"Folkeutgave: Magnus Lagab\u00f8tes landslov"}]},{"@type":"WebSite","@id":"https:\/\/www.nb.no\/nettbutikk\/#website","url":"https:\/\/www.nb.no\/nettbutikk\/","name":"NB Nettbutikk","description":"","potentialAction":[{"@type":"SearchAction","target":{"@type":"EntryPoint","urlTemplate":"https:\/\/www.nb.no\/nettbutikk\/?s={search_term_string}"},"query-input":{"@type":"PropertyValueSpecification","valueRequired":true,"valueName":"search_term_string"}}],"inLanguage":"nb-NO"}]}},"_links":{"self":[{"href":"https:\/\/www.nb.no\/nettbutikk\/wp-json\/wp\/v2\/product\/18518","targetHints":{"allow":["GET"]}}],"collection":[{"href":"https:\/\/www.nb.no\/nettbutikk\/wp-json\/wp\/v2\/product"}],"about":[{"href":"https:\/\/www.nb.no\/nettbutikk\/wp-json\/wp\/v2\/types\/product"}],"wp:featuredmedia":[{"embeddable":true,"href":"https:\/\/www.nb.no\/nettbutikk\/wp-json\/wp\/v2\/media\/18772"}],"wp:attachment":[{"href":"https:\/\/www.nb.no\/nettbutikk\/wp-json\/wp\/v2\/media?parent=18518"}],"wp:term":[{"taxonomy":"product_brand","embeddable":true,"href":"https:\/\/www.nb.no\/nettbutikk\/wp-json\/wp\/v2\/product_brand?post=18518"},{"taxonomy":"product_cat","embeddable":true,"href":"https:\/\/www.nb.no\/nettbutikk\/wp-json\/wp\/v2\/product_cat?post=18518"},{"taxonomy":"product_tag","embeddable":true,"href":"https:\/\/www.nb.no\/nettbutikk\/wp-json\/wp\/v2\/product_tag?post=18518"}],"curies":[{"name":"wp","href":"https:\/\/api.w.org\/{rel}","templated":true}]}}