{"id":15929,"date":"2022-10-11T09:28:50","date_gmt":"2022-10-11T07:28:50","guid":{"rendered":"https:\/\/www.nb.no\/nettbutikk\/produkt\/litteratur-og-offentlegheit\/"},"modified":"2026-04-20T11:08:48","modified_gmt":"2026-04-20T09:08:48","slug":"litteratur-og-offentlegheit","status":"publish","type":"product","link":"https:\/\/www.nb.no\/nettbutikk\/produkt\/litteratur-og-offentlegheit\/","title":{"rendered":"Litteratur og offentlegheit"},"content":{"rendered":"","protected":false},"excerpt":{"rendered":"<p>P\u00e5 1700-talet auka lesekunnskapane raskt i det norske folket. Aviser og religi\u00f8se skrifter bidrog til \u00e5 forme offentlegheita. Korleis har samspelet mellom litteratur og politikk utvikla seg opp igjennom moderne norsk historie? Og kva plass har litteraturen i den nasjonale historia v\u00e5r?<\/p>\n<p>I denne boka viser Edvard Hoem korleis den tidlege haugianske r\u00f8rsla la grunnlaget for framveksten av ei brei norsk offentlegheit. Hoem dr\u00f8ftar korleis norske skj\u00f8nnlitter\u00e6re forfattarar har medverka til den kulturelle og politiske sj\u00f8lvforst\u00e5inga v\u00e5r og fors\u00f8ker \u00e5 svare p\u00e5 sp\u00f8rsm\u00e5let om kva litteraturens oppg\u00e5ve kan vere i ein global kultursf\u00e6re.<\/p>\n","protected":false},"featured_media":15926,"template":"","meta":{"nb_hide_title":false,"nb_breadcrumb_title_override":""},"product_brand":[],"product_cat":[355],"product_tag":[3825],"class_list":{"0":"post-15929","1":"product","2":"type-product","3":"status-publish","4":"has-post-thumbnail","6":"product_cat-nbs-populaere","7":"product_tag-litteratur","9":"first","10":"instock","11":"shipping-taxable","12":"purchasable","13":"product-type-simple"},"yoast_head":"<!-- This site is optimized with the Yoast SEO plugin v27.1.1 - https:\/\/yoast.com\/product\/yoast-seo-wordpress\/ -->\n<title>Litteratur og offentlegheit - NB Nettbutikk<\/title>\n<meta name=\"robots\" content=\"index, follow, max-snippet:-1, max-image-preview:large, max-video-preview:-1\" \/>\n<link rel=\"canonical\" href=\"https:\/\/www.nb.no\/nettbutikk\/produkt\/litteratur-og-offentlegheit\/\" \/>\n<meta property=\"og:locale\" content=\"nb_NO\" \/>\n<meta property=\"og:type\" content=\"article\" \/>\n<meta property=\"og:title\" content=\"Litteratur og offentlegheit - NB Nettbutikk\" \/>\n<meta property=\"og:description\" content=\"P\u00e5 1700-talet auka lesekunnskapane raskt i det norske folket. Aviser og religi\u00f8se skrifter bidrog til \u00e5 forme offentlegheita. Korleis har samspelet mellom litteratur og politikk utvikla seg opp igjennom moderne norsk historie? Og kva plass har litteraturen i den nasjonale historia v\u00e5r? I denne boka viser Edvard Hoem korleis den tidlege haugianske r\u00f8rsla la grunnlaget for framveksten av ei brei norsk offentlegheit. Hoem dr\u00f8ftar korleis norske skj\u00f8nnlitter\u00e6re forfattarar har medverka til den kulturelle og politiske sj\u00f8lvforst\u00e5inga v\u00e5r og fors\u00f8ker \u00e5 svare p\u00e5 sp\u00f8rsm\u00e5let om kva litteraturens oppg\u00e5ve kan vere i ein global kultursf\u00e6re.\" \/>\n<meta property=\"og:url\" content=\"https:\/\/www.nb.no\/nettbutikk\/produkt\/litteratur-og-offentlegheit\/\" \/>\n<meta property=\"og:site_name\" content=\"NB Nettbutikk\" \/>\n<meta property=\"article:modified_time\" content=\"2026-04-20T09:08:48+00:00\" \/>\n<meta property=\"og:image\" content=\"https:\/\/www.nb.no\/content\/uploads\/sites\/5\/2022\/10\/E6mp-pifWn-U4mniGoxN3v_N_3Ic7pZvNzWXmtCRDv8GddGk4-d3nr_aczJ9GJ3HkCqsF-Tcilq3GjlSAohAbA.jpg\" \/>\n\t<meta property=\"og:image:width\" content=\"1412\" \/>\n\t<meta property=\"og:image:height\" content=\"1847\" \/>\n\t<meta property=\"og:image:type\" content=\"image\/jpeg\" \/>\n<meta name=\"twitter:card\" content=\"summary_large_image\" \/>\n<script type=\"application\/ld+json\" class=\"yoast-schema-graph\">{\"@context\":\"https:\/\/schema.org\",\"@graph\":[{\"@type\":\"WebPage\",\"@id\":\"https:\/\/www.nb.no\/nettbutikk\/produkt\/litteratur-og-offentlegheit\/\",\"url\":\"https:\/\/www.nb.no\/nettbutikk\/produkt\/litteratur-og-offentlegheit\/\",\"name\":\"Litteratur og offentlegheit - NB Nettbutikk\",\"isPartOf\":{\"@id\":\"https:\/\/www.nb.no\/nettbutikk\/#website\"},\"primaryImageOfPage\":{\"@id\":\"https:\/\/www.nb.no\/nettbutikk\/produkt\/litteratur-og-offentlegheit\/#primaryimage\"},\"image\":{\"@id\":\"https:\/\/www.nb.no\/nettbutikk\/produkt\/litteratur-og-offentlegheit\/#primaryimage\"},\"thumbnailUrl\":\"https:\/\/www.nb.no\/content\/uploads\/sites\/5\/2022\/10\/E6mp-pifWn-U4mniGoxN3v_N_3Ic7pZvNzWXmtCRDv8GddGk4-d3nr_aczJ9GJ3HkCqsF-Tcilq3GjlSAohAbA.jpg\",\"datePublished\":\"2022-10-11T07:28:50+00:00\",\"dateModified\":\"2026-04-20T09:08:48+00:00\",\"breadcrumb\":{\"@id\":\"https:\/\/www.nb.no\/nettbutikk\/produkt\/litteratur-og-offentlegheit\/#breadcrumb\"},\"inLanguage\":\"nb-NO\",\"potentialAction\":[{\"@type\":\"ReadAction\",\"target\":[\"https:\/\/www.nb.no\/nettbutikk\/produkt\/litteratur-og-offentlegheit\/\"]}]},{\"@type\":\"ImageObject\",\"inLanguage\":\"nb-NO\",\"@id\":\"https:\/\/www.nb.no\/nettbutikk\/produkt\/litteratur-og-offentlegheit\/#primaryimage\",\"url\":\"https:\/\/www.nb.no\/content\/uploads\/sites\/5\/2022\/10\/E6mp-pifWn-U4mniGoxN3v_N_3Ic7pZvNzWXmtCRDv8GddGk4-d3nr_aczJ9GJ3HkCqsF-Tcilq3GjlSAohAbA.jpg\",\"contentUrl\":\"https:\/\/www.nb.no\/content\/uploads\/sites\/5\/2022\/10\/E6mp-pifWn-U4mniGoxN3v_N_3Ic7pZvNzWXmtCRDv8GddGk4-d3nr_aczJ9GJ3HkCqsF-Tcilq3GjlSAohAbA.jpg\",\"width\":1412,\"height\":1847,\"caption\":\"Litteratur og offentlegheit\"},{\"@type\":\"BreadcrumbList\",\"@id\":\"https:\/\/www.nb.no\/nettbutikk\/produkt\/litteratur-og-offentlegheit\/#breadcrumb\",\"itemListElement\":[{\"@type\":\"ListItem\",\"position\":1,\"name\":\"Home\",\"item\":\"https:\/\/www.nb.no\/nettbutikk\/\"},{\"@type\":\"ListItem\",\"position\":2,\"name\":\"Butikk\",\"item\":\"https:\/\/www.nb.no\/nettbutikk\/butikk\/\"},{\"@type\":\"ListItem\",\"position\":3,\"name\":\"Litteratur og offentlegheit\"}]},{\"@type\":\"WebSite\",\"@id\":\"https:\/\/www.nb.no\/nettbutikk\/#website\",\"url\":\"https:\/\/www.nb.no\/nettbutikk\/\",\"name\":\"NB Nettbutikk\",\"description\":\"\",\"potentialAction\":[{\"@type\":\"SearchAction\",\"target\":{\"@type\":\"EntryPoint\",\"urlTemplate\":\"https:\/\/www.nb.no\/nettbutikk\/?s={search_term_string}\"},\"query-input\":{\"@type\":\"PropertyValueSpecification\",\"valueRequired\":true,\"valueName\":\"search_term_string\"}}],\"inLanguage\":\"nb-NO\"}]}<\/script>\n<!-- \/ Yoast SEO plugin. -->","yoast_head_json":{"title":"Litteratur og offentlegheit - NB Nettbutikk","robots":{"index":"index","follow":"follow","max-snippet":"max-snippet:-1","max-image-preview":"max-image-preview:large","max-video-preview":"max-video-preview:-1"},"canonical":"https:\/\/www.nb.no\/nettbutikk\/produkt\/litteratur-og-offentlegheit\/","og_locale":"nb_NO","og_type":"article","og_title":"Litteratur og offentlegheit - NB Nettbutikk","og_description":"P\u00e5 1700-talet auka lesekunnskapane raskt i det norske folket. Aviser og religi\u00f8se skrifter bidrog til \u00e5 forme offentlegheita. Korleis har samspelet mellom litteratur og politikk utvikla seg opp igjennom moderne norsk historie? Og kva plass har litteraturen i den nasjonale historia v\u00e5r? I denne boka viser Edvard Hoem korleis den tidlege haugianske r\u00f8rsla la grunnlaget for framveksten av ei brei norsk offentlegheit. Hoem dr\u00f8ftar korleis norske skj\u00f8nnlitter\u00e6re forfattarar har medverka til den kulturelle og politiske sj\u00f8lvforst\u00e5inga v\u00e5r og fors\u00f8ker \u00e5 svare p\u00e5 sp\u00f8rsm\u00e5let om kva litteraturens oppg\u00e5ve kan vere i ein global kultursf\u00e6re.","og_url":"https:\/\/www.nb.no\/nettbutikk\/produkt\/litteratur-og-offentlegheit\/","og_site_name":"NB Nettbutikk","article_modified_time":"2026-04-20T09:08:48+00:00","og_image":[{"width":1412,"height":1847,"url":"https:\/\/www.nb.no\/content\/uploads\/sites\/5\/2022\/10\/E6mp-pifWn-U4mniGoxN3v_N_3Ic7pZvNzWXmtCRDv8GddGk4-d3nr_aczJ9GJ3HkCqsF-Tcilq3GjlSAohAbA.jpg","type":"image\/jpeg"}],"twitter_card":"summary_large_image","schema":{"@context":"https:\/\/schema.org","@graph":[{"@type":"WebPage","@id":"https:\/\/www.nb.no\/nettbutikk\/produkt\/litteratur-og-offentlegheit\/","url":"https:\/\/www.nb.no\/nettbutikk\/produkt\/litteratur-og-offentlegheit\/","name":"Litteratur og offentlegheit - NB Nettbutikk","isPartOf":{"@id":"https:\/\/www.nb.no\/nettbutikk\/#website"},"primaryImageOfPage":{"@id":"https:\/\/www.nb.no\/nettbutikk\/produkt\/litteratur-og-offentlegheit\/#primaryimage"},"image":{"@id":"https:\/\/www.nb.no\/nettbutikk\/produkt\/litteratur-og-offentlegheit\/#primaryimage"},"thumbnailUrl":"https:\/\/www.nb.no\/content\/uploads\/sites\/5\/2022\/10\/E6mp-pifWn-U4mniGoxN3v_N_3Ic7pZvNzWXmtCRDv8GddGk4-d3nr_aczJ9GJ3HkCqsF-Tcilq3GjlSAohAbA.jpg","datePublished":"2022-10-11T07:28:50+00:00","dateModified":"2026-04-20T09:08:48+00:00","breadcrumb":{"@id":"https:\/\/www.nb.no\/nettbutikk\/produkt\/litteratur-og-offentlegheit\/#breadcrumb"},"inLanguage":"nb-NO","potentialAction":[{"@type":"ReadAction","target":["https:\/\/www.nb.no\/nettbutikk\/produkt\/litteratur-og-offentlegheit\/"]}]},{"@type":"ImageObject","inLanguage":"nb-NO","@id":"https:\/\/www.nb.no\/nettbutikk\/produkt\/litteratur-og-offentlegheit\/#primaryimage","url":"https:\/\/www.nb.no\/content\/uploads\/sites\/5\/2022\/10\/E6mp-pifWn-U4mniGoxN3v_N_3Ic7pZvNzWXmtCRDv8GddGk4-d3nr_aczJ9GJ3HkCqsF-Tcilq3GjlSAohAbA.jpg","contentUrl":"https:\/\/www.nb.no\/content\/uploads\/sites\/5\/2022\/10\/E6mp-pifWn-U4mniGoxN3v_N_3Ic7pZvNzWXmtCRDv8GddGk4-d3nr_aczJ9GJ3HkCqsF-Tcilq3GjlSAohAbA.jpg","width":1412,"height":1847,"caption":"Litteratur og offentlegheit"},{"@type":"BreadcrumbList","@id":"https:\/\/www.nb.no\/nettbutikk\/produkt\/litteratur-og-offentlegheit\/#breadcrumb","itemListElement":[{"@type":"ListItem","position":1,"name":"Home","item":"https:\/\/www.nb.no\/nettbutikk\/"},{"@type":"ListItem","position":2,"name":"Butikk","item":"https:\/\/www.nb.no\/nettbutikk\/butikk\/"},{"@type":"ListItem","position":3,"name":"Litteratur og offentlegheit"}]},{"@type":"WebSite","@id":"https:\/\/www.nb.no\/nettbutikk\/#website","url":"https:\/\/www.nb.no\/nettbutikk\/","name":"NB Nettbutikk","description":"","potentialAction":[{"@type":"SearchAction","target":{"@type":"EntryPoint","urlTemplate":"https:\/\/www.nb.no\/nettbutikk\/?s={search_term_string}"},"query-input":{"@type":"PropertyValueSpecification","valueRequired":true,"valueName":"search_term_string"}}],"inLanguage":"nb-NO"}]}},"_links":{"self":[{"href":"https:\/\/www.nb.no\/nettbutikk\/wp-json\/wp\/v2\/product\/15929","targetHints":{"allow":["GET"]}}],"collection":[{"href":"https:\/\/www.nb.no\/nettbutikk\/wp-json\/wp\/v2\/product"}],"about":[{"href":"https:\/\/www.nb.no\/nettbutikk\/wp-json\/wp\/v2\/types\/product"}],"wp:featuredmedia":[{"embeddable":true,"href":"https:\/\/www.nb.no\/nettbutikk\/wp-json\/wp\/v2\/media\/15926"}],"wp:attachment":[{"href":"https:\/\/www.nb.no\/nettbutikk\/wp-json\/wp\/v2\/media?parent=15929"}],"wp:term":[{"taxonomy":"product_brand","embeddable":true,"href":"https:\/\/www.nb.no\/nettbutikk\/wp-json\/wp\/v2\/product_brand?post=15929"},{"taxonomy":"product_cat","embeddable":true,"href":"https:\/\/www.nb.no\/nettbutikk\/wp-json\/wp\/v2\/product_cat?post=15929"},{"taxonomy":"product_tag","embeddable":true,"href":"https:\/\/www.nb.no\/nettbutikk\/wp-json\/wp\/v2\/product_tag?post=15929"}],"curies":[{"name":"wp","href":"https:\/\/api.w.org\/{rel}","templated":true}]}}