{"id":15719,"date":"2022-10-11T09:18:43","date_gmt":"2022-10-11T07:18:43","guid":{"rendered":"https:\/\/www.nb.no\/nettbutikk\/produkt\/ebbe-hertzberg-brev-til-poul-andrae-1892-1912\/"},"modified":"2026-04-15T08:19:54","modified_gmt":"2026-04-15T06:19:54","slug":"ebbe-hertzberg-brev-til-poul-andrae-1892-1912","status":"publish","type":"product","link":"https:\/\/www.nb.no\/nettbutikk\/produkt\/ebbe-hertzberg-brev-til-poul-andrae-1892-1912\/","title":{"rendered":"Ebbe Hertzberg: Brev til Poul Andr\u00e6 1892\u20131912"},"content":{"rendered":"","protected":false},"excerpt":{"rendered":"<p><a href=\"https:\/\/www.bokselskap.no\/boker\/brevhertzbergandrae\">Boka kan leses p\u00e5 nett her<\/a><\/p>\n<p>Breva fr\u00e5 den norske rettshistorikaren, stats\u00f8konomen og politikaren Ebbe Hertzberg (1847\u20131912) til hans danske ven, juristen Poul Andr\u00e6 (1843\u20131928), er eit heilt unikt materiale i norsk samanheng, og gir ogs\u00e5 i europeisk perspektiv eit sv\u00e6rt sjeldan innblikk i korleis to personar ved hundre\u00e5rsskiftet 1900 oppfatta sitt eige likekj\u00f8nna begj\u00e6r i lys av nye omgrep som \u00abhomoseksuell\u00bb, \u00abkontr\u00e6rseksuell\u00bb og \u00aburning\u00bb. Tretten av breva fr\u00e5 Hertzberg til Andr\u00e6 er bevart, og oppbevart p\u00e5 Nasjonalbiblioteket (Brevs. 222a). Breva er her transkribert og utstyrt med forklarande fotnotar.<\/p>\n","protected":false},"featured_media":15716,"template":"","meta":{"nb_hide_title":false,"nb_breadcrumb_title_override":""},"product_brand":[],"product_cat":[1377],"product_tag":[3752,3773,3749,3708],"class_list":{"0":"post-15719","1":"product","2":"type-product","3":"status-publish","4":"has-post-thumbnail","6":"product_cat-nb-kilder","7":"product_tag-1800-tallet","8":"product_tag-1900-tallet","9":"product_tag-brev","10":"product_tag-lhbt","12":"first","13":"instock","14":"shipping-taxable","15":"purchasable","16":"product-type-simple"},"yoast_head":"<!-- This site is optimized with the Yoast SEO plugin v27.1.1 - https:\/\/yoast.com\/product\/yoast-seo-wordpress\/ -->\n<title>Ebbe Hertzberg: Brev til Poul Andr\u00e6 1892\u20131912 - NB Nettbutikk<\/title>\n<meta name=\"robots\" content=\"index, follow, max-snippet:-1, max-image-preview:large, max-video-preview:-1\" \/>\n<link rel=\"canonical\" href=\"https:\/\/www.nb.no\/nettbutikk\/produkt\/ebbe-hertzberg-brev-til-poul-andrae-1892-1912\/\" \/>\n<meta property=\"og:locale\" content=\"nb_NO\" \/>\n<meta property=\"og:type\" content=\"article\" \/>\n<meta property=\"og:title\" content=\"Ebbe Hertzberg: Brev til Poul Andr\u00e6 1892\u20131912 - NB Nettbutikk\" \/>\n<meta property=\"og:description\" content=\"Boka kan leses p\u00e5 nett her Breva fr\u00e5 den norske rettshistorikaren, stats\u00f8konomen og politikaren Ebbe Hertzberg (1847\u20131912) til hans danske ven, juristen Poul Andr\u00e6 (1843\u20131928), er eit heilt unikt materiale i norsk samanheng, og gir ogs\u00e5 i europeisk perspektiv eit sv\u00e6rt sjeldan innblikk i korleis to personar ved hundre\u00e5rsskiftet 1900 oppfatta sitt eige likekj\u00f8nna begj\u00e6r i lys av nye omgrep som \u00abhomoseksuell\u00bb, \u00abkontr\u00e6rseksuell\u00bb og \u00aburning\u00bb. Tretten av breva fr\u00e5 Hertzberg til Andr\u00e6 er bevart, og oppbevart p\u00e5 Nasjonalbiblioteket (Brevs. 222a). Breva er her transkribert og utstyrt med forklarande fotnotar.\" \/>\n<meta property=\"og:url\" content=\"https:\/\/www.nb.no\/nettbutikk\/produkt\/ebbe-hertzberg-brev-til-poul-andrae-1892-1912\/\" \/>\n<meta property=\"og:site_name\" content=\"NB Nettbutikk\" \/>\n<meta property=\"article:modified_time\" content=\"2026-04-15T06:19:54+00:00\" \/>\n<meta property=\"og:image\" content=\"https:\/\/www.nb.no\/content\/uploads\/sites\/5\/2022\/10\/E6mp-pifWn-U4mniGoxN3v_N_3Ic7pZvNzWXmtabA_wGI9Sp5OQvyLOKdzcoFZGXm3j_Er-IiQuxSDxSAohAbA.jpg\" \/>\n\t<meta property=\"og:image:width\" content=\"1529\" \/>\n\t<meta property=\"og:image:height\" content=\"2480\" \/>\n\t<meta property=\"og:image:type\" content=\"image\/jpeg\" \/>\n<meta name=\"twitter:card\" content=\"summary_large_image\" \/>\n<meta name=\"twitter:label1\" content=\"Ansl. lesetid\" \/>\n\t<meta name=\"twitter:data1\" content=\"1 minutt\" \/>\n<script type=\"application\/ld+json\" class=\"yoast-schema-graph\">{\"@context\":\"https:\/\/schema.org\",\"@graph\":[{\"@type\":\"WebPage\",\"@id\":\"https:\/\/www.nb.no\/nettbutikk\/produkt\/ebbe-hertzberg-brev-til-poul-andrae-1892-1912\/\",\"url\":\"https:\/\/www.nb.no\/nettbutikk\/produkt\/ebbe-hertzberg-brev-til-poul-andrae-1892-1912\/\",\"name\":\"Ebbe Hertzberg: Brev til Poul Andr\u00e6 1892\u20131912 - NB Nettbutikk\",\"isPartOf\":{\"@id\":\"https:\/\/www.nb.no\/nettbutikk\/#website\"},\"primaryImageOfPage\":{\"@id\":\"https:\/\/www.nb.no\/nettbutikk\/produkt\/ebbe-hertzberg-brev-til-poul-andrae-1892-1912\/#primaryimage\"},\"image\":{\"@id\":\"https:\/\/www.nb.no\/nettbutikk\/produkt\/ebbe-hertzberg-brev-til-poul-andrae-1892-1912\/#primaryimage\"},\"thumbnailUrl\":\"https:\/\/www.nb.no\/content\/uploads\/sites\/5\/2022\/10\/E6mp-pifWn-U4mniGoxN3v_N_3Ic7pZvNzWXmtabA_wGI9Sp5OQvyLOKdzcoFZGXm3j_Er-IiQuxSDxSAohAbA.jpg\",\"datePublished\":\"2022-10-11T07:18:43+00:00\",\"dateModified\":\"2026-04-15T06:19:54+00:00\",\"breadcrumb\":{\"@id\":\"https:\/\/www.nb.no\/nettbutikk\/produkt\/ebbe-hertzberg-brev-til-poul-andrae-1892-1912\/#breadcrumb\"},\"inLanguage\":\"nb-NO\",\"potentialAction\":[{\"@type\":\"ReadAction\",\"target\":[\"https:\/\/www.nb.no\/nettbutikk\/produkt\/ebbe-hertzberg-brev-til-poul-andrae-1892-1912\/\"]}]},{\"@type\":\"ImageObject\",\"inLanguage\":\"nb-NO\",\"@id\":\"https:\/\/www.nb.no\/nettbutikk\/produkt\/ebbe-hertzberg-brev-til-poul-andrae-1892-1912\/#primaryimage\",\"url\":\"https:\/\/www.nb.no\/content\/uploads\/sites\/5\/2022\/10\/E6mp-pifWn-U4mniGoxN3v_N_3Ic7pZvNzWXmtabA_wGI9Sp5OQvyLOKdzcoFZGXm3j_Er-IiQuxSDxSAohAbA.jpg\",\"contentUrl\":\"https:\/\/www.nb.no\/content\/uploads\/sites\/5\/2022\/10\/E6mp-pifWn-U4mniGoxN3v_N_3Ic7pZvNzWXmtabA_wGI9Sp5OQvyLOKdzcoFZGXm3j_Er-IiQuxSDxSAohAbA.jpg\",\"width\":1529,\"height\":2480,\"caption\":\"Ebbe Hertzberg: Brev til Poul Andr\u00e6 1892\u20131912\"},{\"@type\":\"BreadcrumbList\",\"@id\":\"https:\/\/www.nb.no\/nettbutikk\/produkt\/ebbe-hertzberg-brev-til-poul-andrae-1892-1912\/#breadcrumb\",\"itemListElement\":[{\"@type\":\"ListItem\",\"position\":1,\"name\":\"Home\",\"item\":\"https:\/\/www.nb.no\/nettbutikk\/\"},{\"@type\":\"ListItem\",\"position\":2,\"name\":\"Butikk\",\"item\":\"https:\/\/www.nb.no\/nettbutikk\/butikk\/\"},{\"@type\":\"ListItem\",\"position\":3,\"name\":\"Ebbe Hertzberg: Brev til Poul Andr\u00e6 1892\u20131912\"}]},{\"@type\":\"WebSite\",\"@id\":\"https:\/\/www.nb.no\/nettbutikk\/#website\",\"url\":\"https:\/\/www.nb.no\/nettbutikk\/\",\"name\":\"NB Nettbutikk\",\"description\":\"\",\"potentialAction\":[{\"@type\":\"SearchAction\",\"target\":{\"@type\":\"EntryPoint\",\"urlTemplate\":\"https:\/\/www.nb.no\/nettbutikk\/?s={search_term_string}\"},\"query-input\":{\"@type\":\"PropertyValueSpecification\",\"valueRequired\":true,\"valueName\":\"search_term_string\"}}],\"inLanguage\":\"nb-NO\"}]}<\/script>\n<!-- \/ Yoast SEO plugin. -->","yoast_head_json":{"title":"Ebbe Hertzberg: Brev til Poul Andr\u00e6 1892\u20131912 - NB Nettbutikk","robots":{"index":"index","follow":"follow","max-snippet":"max-snippet:-1","max-image-preview":"max-image-preview:large","max-video-preview":"max-video-preview:-1"},"canonical":"https:\/\/www.nb.no\/nettbutikk\/produkt\/ebbe-hertzberg-brev-til-poul-andrae-1892-1912\/","og_locale":"nb_NO","og_type":"article","og_title":"Ebbe Hertzberg: Brev til Poul Andr\u00e6 1892\u20131912 - NB Nettbutikk","og_description":"Boka kan leses p\u00e5 nett her Breva fr\u00e5 den norske rettshistorikaren, stats\u00f8konomen og politikaren Ebbe Hertzberg (1847\u20131912) til hans danske ven, juristen Poul Andr\u00e6 (1843\u20131928), er eit heilt unikt materiale i norsk samanheng, og gir ogs\u00e5 i europeisk perspektiv eit sv\u00e6rt sjeldan innblikk i korleis to personar ved hundre\u00e5rsskiftet 1900 oppfatta sitt eige likekj\u00f8nna begj\u00e6r i lys av nye omgrep som \u00abhomoseksuell\u00bb, \u00abkontr\u00e6rseksuell\u00bb og \u00aburning\u00bb. Tretten av breva fr\u00e5 Hertzberg til Andr\u00e6 er bevart, og oppbevart p\u00e5 Nasjonalbiblioteket (Brevs. 222a). Breva er her transkribert og utstyrt med forklarande fotnotar.","og_url":"https:\/\/www.nb.no\/nettbutikk\/produkt\/ebbe-hertzberg-brev-til-poul-andrae-1892-1912\/","og_site_name":"NB Nettbutikk","article_modified_time":"2026-04-15T06:19:54+00:00","og_image":[{"width":1529,"height":2480,"url":"https:\/\/www.nb.no\/content\/uploads\/sites\/5\/2022\/10\/E6mp-pifWn-U4mniGoxN3v_N_3Ic7pZvNzWXmtabA_wGI9Sp5OQvyLOKdzcoFZGXm3j_Er-IiQuxSDxSAohAbA.jpg","type":"image\/jpeg"}],"twitter_card":"summary_large_image","twitter_misc":{"Ansl. lesetid":"1 minutt"},"schema":{"@context":"https:\/\/schema.org","@graph":[{"@type":"WebPage","@id":"https:\/\/www.nb.no\/nettbutikk\/produkt\/ebbe-hertzberg-brev-til-poul-andrae-1892-1912\/","url":"https:\/\/www.nb.no\/nettbutikk\/produkt\/ebbe-hertzberg-brev-til-poul-andrae-1892-1912\/","name":"Ebbe Hertzberg: Brev til Poul Andr\u00e6 1892\u20131912 - NB Nettbutikk","isPartOf":{"@id":"https:\/\/www.nb.no\/nettbutikk\/#website"},"primaryImageOfPage":{"@id":"https:\/\/www.nb.no\/nettbutikk\/produkt\/ebbe-hertzberg-brev-til-poul-andrae-1892-1912\/#primaryimage"},"image":{"@id":"https:\/\/www.nb.no\/nettbutikk\/produkt\/ebbe-hertzberg-brev-til-poul-andrae-1892-1912\/#primaryimage"},"thumbnailUrl":"https:\/\/www.nb.no\/content\/uploads\/sites\/5\/2022\/10\/E6mp-pifWn-U4mniGoxN3v_N_3Ic7pZvNzWXmtabA_wGI9Sp5OQvyLOKdzcoFZGXm3j_Er-IiQuxSDxSAohAbA.jpg","datePublished":"2022-10-11T07:18:43+00:00","dateModified":"2026-04-15T06:19:54+00:00","breadcrumb":{"@id":"https:\/\/www.nb.no\/nettbutikk\/produkt\/ebbe-hertzberg-brev-til-poul-andrae-1892-1912\/#breadcrumb"},"inLanguage":"nb-NO","potentialAction":[{"@type":"ReadAction","target":["https:\/\/www.nb.no\/nettbutikk\/produkt\/ebbe-hertzberg-brev-til-poul-andrae-1892-1912\/"]}]},{"@type":"ImageObject","inLanguage":"nb-NO","@id":"https:\/\/www.nb.no\/nettbutikk\/produkt\/ebbe-hertzberg-brev-til-poul-andrae-1892-1912\/#primaryimage","url":"https:\/\/www.nb.no\/content\/uploads\/sites\/5\/2022\/10\/E6mp-pifWn-U4mniGoxN3v_N_3Ic7pZvNzWXmtabA_wGI9Sp5OQvyLOKdzcoFZGXm3j_Er-IiQuxSDxSAohAbA.jpg","contentUrl":"https:\/\/www.nb.no\/content\/uploads\/sites\/5\/2022\/10\/E6mp-pifWn-U4mniGoxN3v_N_3Ic7pZvNzWXmtabA_wGI9Sp5OQvyLOKdzcoFZGXm3j_Er-IiQuxSDxSAohAbA.jpg","width":1529,"height":2480,"caption":"Ebbe Hertzberg: Brev til Poul Andr\u00e6 1892\u20131912"},{"@type":"BreadcrumbList","@id":"https:\/\/www.nb.no\/nettbutikk\/produkt\/ebbe-hertzberg-brev-til-poul-andrae-1892-1912\/#breadcrumb","itemListElement":[{"@type":"ListItem","position":1,"name":"Home","item":"https:\/\/www.nb.no\/nettbutikk\/"},{"@type":"ListItem","position":2,"name":"Butikk","item":"https:\/\/www.nb.no\/nettbutikk\/butikk\/"},{"@type":"ListItem","position":3,"name":"Ebbe Hertzberg: Brev til Poul Andr\u00e6 1892\u20131912"}]},{"@type":"WebSite","@id":"https:\/\/www.nb.no\/nettbutikk\/#website","url":"https:\/\/www.nb.no\/nettbutikk\/","name":"NB Nettbutikk","description":"","potentialAction":[{"@type":"SearchAction","target":{"@type":"EntryPoint","urlTemplate":"https:\/\/www.nb.no\/nettbutikk\/?s={search_term_string}"},"query-input":{"@type":"PropertyValueSpecification","valueRequired":true,"valueName":"search_term_string"}}],"inLanguage":"nb-NO"}]}},"_links":{"self":[{"href":"https:\/\/www.nb.no\/nettbutikk\/wp-json\/wp\/v2\/product\/15719","targetHints":{"allow":["GET"]}}],"collection":[{"href":"https:\/\/www.nb.no\/nettbutikk\/wp-json\/wp\/v2\/product"}],"about":[{"href":"https:\/\/www.nb.no\/nettbutikk\/wp-json\/wp\/v2\/types\/product"}],"wp:featuredmedia":[{"embeddable":true,"href":"https:\/\/www.nb.no\/nettbutikk\/wp-json\/wp\/v2\/media\/15716"}],"wp:attachment":[{"href":"https:\/\/www.nb.no\/nettbutikk\/wp-json\/wp\/v2\/media?parent=15719"}],"wp:term":[{"taxonomy":"product_brand","embeddable":true,"href":"https:\/\/www.nb.no\/nettbutikk\/wp-json\/wp\/v2\/product_brand?post=15719"},{"taxonomy":"product_cat","embeddable":true,"href":"https:\/\/www.nb.no\/nettbutikk\/wp-json\/wp\/v2\/product_cat?post=15719"},{"taxonomy":"product_tag","embeddable":true,"href":"https:\/\/www.nb.no\/nettbutikk\/wp-json\/wp\/v2\/product_tag?post=15719"}],"curies":[{"name":"wp","href":"https:\/\/api.w.org\/{rel}","templated":true}]}}