{"id":15707,"date":"2022-10-11T09:18:40","date_gmt":"2022-10-11T07:18:40","guid":{"rendered":"https:\/\/www.nb.no\/nettbutikk\/produkt\/vibeke-lokkeberg-blu-ray\/"},"modified":"2026-03-04T13:23:25","modified_gmt":"2026-03-04T12:23:25","slug":"vibeke-lokkeberg-blu-ray","status":"publish","type":"product","link":"https:\/\/www.nb.no\/nettbutikk\/produkt\/vibeke-lokkeberg-blu-ray\/","title":{"rendered":"Vibeke L\u00f8kkeberg (Blu-ray)"},"content":{"rendered":"","protected":false},"excerpt":{"rendered":"<p>Vibeke L\u00f8kkeberg har siden spillefilmdebuten  <I>\u00c5penbaringen<\/I> fra 1977 v\u00e6rt en sentral filmskaper i norsk film. Flere av filmene hennes tematiserer kjernefamiliens skyggesider og skildrer s\u00e6rlig kvinnelige erfaringer p\u00e5 en skarp og nyansert m\u00e5te.<\/p>\n<p>Denne utgivelsen samler fem av L\u00f8kkebergs filmer: <\/p>\n<p>Novellefilmen  <I>Regn<\/I> (1975) tar utgangspunkt i novellesamlingen Trylleglasset, skrevet av Torborg Nedreaas, og f\u00f8lger den \u00e5tte \u00e5r gamle Herdis en regnv\u00e5t dag i Bergen. <\/p>\n<p> <I>\u00c5penbaringen<\/I> (1977) er L\u00f8kkebergs spillefilmdebut. Filmen tematiserer husmorens fortvilte og l\u00e5ste situasjon i sitt portrett av den middelaldrende kvinnen Inger Johansen.<\/p>\n<p> <I>L\u00f8perjenten<\/I> (1981) handler om syv \u00e5r gamle Kamilla, som l\u00f8per \u00e6render for familiens skomakerverksted og vaskeri i etterkrigstidens Bergen, og som gj\u00f8r alt hun kan for \u00e5 redde foreldrenes ekteskap. Filmen fikk blant annet kritikerprisen under Den norske filmfestivalen i 1981 og ble valgt ut til Kritikeruken under filmfestivalen i Cannes.<\/p>\n<p> <I>Hud<\/I> (1986) er et historisk drama satt til et kj\u00f8pmannssted p\u00e5 Vestlandet i 1880-\u00e5rene. Filmen forteller historien om Vilde, en ung kvinne som har blitt seksuelt misbrukt av stefaren siden barndommen. Hud tematiserer en menneskelig tilstand, og sentrerer rundt den historiske erfaringen av \u00e5 v\u00e6re kvinne. Filmen ble valgt ut til Un certain regard-programmet under filmfestivalen i Cannes i 1987. <\/p>\n<p> <I>M\u00e5ker<\/I> (1991) er et familiedrama som handler om en konkursrammet skipsrederfamilie. Filmens handling er lagt til 1915 og viser hvordan barna i familien rammes av den \u00f8konomiske katastrofen, samtidig som den skildrer ung romantikk og kj\u00e6rlighetens h\u00e5p.<\/p>\n<p>Filmutgivelsen inneholder et hefte med en tekst skrevet av Johanne Kielland Servoll.<\/p>\n<p>Bonus: trailer til filmene <I>Hud<\/I> og <I>M\u00e5ker<\/I>.<\/p>\n<ul>\n<li><a href=\"https:\/\/montages.no\/2022\/06\/vibeke-lokkebergs-hud-i-en-ny-tid\/\">\u00abVibeke L\u00f8kkebergs <i>Hud<\/i> i en ny tid\u00bb<\/a> \u2013 omtale av nyutgivelsen i Montages ved Magnus H\u00f8iby-Nikolaisen. <\/li>\n<\/ul>\n","protected":false},"featured_media":15704,"template":"","meta":{"nb_hide_title":false,"nb_breadcrumb_title_override":""},"product_brand":[],"product_cat":[1665],"product_tag":[3817,3820],"class_list":{"0":"post-15707","1":"product","2":"type-product","3":"status-publish","4":"has-post-thumbnail","6":"product_cat-filmer","7":"product_tag-film","8":"product_tag-kvinner","10":"first","11":"instock","12":"taxable","13":"shipping-taxable","14":"purchasable","15":"product-type-simple"},"yoast_head":"<!-- This site is optimized with the Yoast SEO plugin v27.1.1 - https:\/\/yoast.com\/product\/yoast-seo-wordpress\/ -->\n<title>Vibeke L\u00f8kkeberg (Blu-ray) - NB Nettbutikk<\/title>\n<meta name=\"description\" content=\"Denne utgivelsen samler fem av L\u00f8kkebergs filmer: Regn (1975), \u00c5penbaringen (1977), L\u00f8perjenten (1981), Hud (1986) og M\u00e5ker (1991).\" \/>\n<meta name=\"robots\" content=\"index, follow, max-snippet:-1, max-image-preview:large, max-video-preview:-1\" \/>\n<link rel=\"canonical\" href=\"https:\/\/www.nb.no\/nettbutikk\/produkt\/vibeke-lokkeberg-blu-ray\/\" \/>\n<meta property=\"og:locale\" content=\"nb_NO\" \/>\n<meta property=\"og:type\" content=\"article\" \/>\n<meta property=\"og:title\" content=\"Vibeke L\u00f8kkeberg (Blu-ray) - NB Nettbutikk\" \/>\n<meta property=\"og:description\" content=\"Denne utgivelsen samler fem av L\u00f8kkebergs filmer: Regn (1975), \u00c5penbaringen (1977), L\u00f8perjenten (1981), Hud (1986) og M\u00e5ker (1991).\" \/>\n<meta property=\"og:url\" content=\"https:\/\/www.nb.no\/nettbutikk\/produkt\/vibeke-lokkeberg-blu-ray\/\" \/>\n<meta property=\"og:site_name\" content=\"NB Nettbutikk\" \/>\n<meta property=\"article:modified_time\" content=\"2026-03-04T12:23:25+00:00\" \/>\n<meta property=\"og:image\" content=\"https:\/\/www.nb.no\/content\/uploads\/sites\/5\/2022\/10\/E6mp-pifWn-U4mniGoxN3v_N_3Ic7pZvNzWXmtmaUPcBdIelued5zePccmZ7EsCZmCv_EuzZglPkTj4OAohAbA-scaled.jpg\" \/>\n\t<meta property=\"og:image:width\" content=\"2560\" \/>\n\t<meta property=\"og:image:height\" content=\"1921\" \/>\n\t<meta property=\"og:image:type\" content=\"image\/jpeg\" \/>\n<meta name=\"twitter:card\" content=\"summary_large_image\" \/>\n<meta name=\"twitter:label1\" content=\"Ansl. lesetid\" \/>\n\t<meta name=\"twitter:data1\" content=\"1 minutt\" \/>\n<script type=\"application\/ld+json\" class=\"yoast-schema-graph\">{\"@context\":\"https:\/\/schema.org\",\"@graph\":[{\"@type\":\"WebPage\",\"@id\":\"https:\/\/www.nb.no\/nettbutikk\/produkt\/vibeke-lokkeberg-blu-ray\/\",\"url\":\"https:\/\/www.nb.no\/nettbutikk\/produkt\/vibeke-lokkeberg-blu-ray\/\",\"name\":\"Vibeke L\u00f8kkeberg (Blu-ray) - NB Nettbutikk\",\"isPartOf\":{\"@id\":\"https:\/\/www.nb.no\/nettbutikk\/#website\"},\"primaryImageOfPage\":{\"@id\":\"https:\/\/www.nb.no\/nettbutikk\/produkt\/vibeke-lokkeberg-blu-ray\/#primaryimage\"},\"image\":{\"@id\":\"https:\/\/www.nb.no\/nettbutikk\/produkt\/vibeke-lokkeberg-blu-ray\/#primaryimage\"},\"thumbnailUrl\":\"https:\/\/www.nb.no\/content\/uploads\/sites\/5\/2022\/10\/E6mp-pifWn-U4mniGoxN3v_N_3Ic7pZvNzWXmtmaUPcBdIelued5zePccmZ7EsCZmCv_EuzZglPkTj4OAohAbA-scaled.jpg\",\"datePublished\":\"2022-10-11T07:18:40+00:00\",\"dateModified\":\"2026-03-04T12:23:25+00:00\",\"description\":\"Denne utgivelsen samler fem av L\u00f8kkebergs filmer: Regn (1975), \u00c5penbaringen (1977), L\u00f8perjenten (1981), Hud (1986) og M\u00e5ker (1991).\",\"breadcrumb\":{\"@id\":\"https:\/\/www.nb.no\/nettbutikk\/produkt\/vibeke-lokkeberg-blu-ray\/#breadcrumb\"},\"inLanguage\":\"nb-NO\",\"potentialAction\":[{\"@type\":\"ReadAction\",\"target\":[\"https:\/\/www.nb.no\/nettbutikk\/produkt\/vibeke-lokkeberg-blu-ray\/\"]}]},{\"@type\":\"ImageObject\",\"inLanguage\":\"nb-NO\",\"@id\":\"https:\/\/www.nb.no\/nettbutikk\/produkt\/vibeke-lokkeberg-blu-ray\/#primaryimage\",\"url\":\"https:\/\/www.nb.no\/content\/uploads\/sites\/5\/2022\/10\/E6mp-pifWn-U4mniGoxN3v_N_3Ic7pZvNzWXmtmaUPcBdIelued5zePccmZ7EsCZmCv_EuzZglPkTj4OAohAbA-scaled.jpg\",\"contentUrl\":\"https:\/\/www.nb.no\/content\/uploads\/sites\/5\/2022\/10\/E6mp-pifWn-U4mniGoxN3v_N_3Ic7pZvNzWXmtmaUPcBdIelued5zePccmZ7EsCZmCv_EuzZglPkTj4OAohAbA-scaled.jpg\",\"width\":2560,\"height\":1921,\"caption\":\"Vibeke L\u00f8kkeberg (Blu-ray)\"},{\"@type\":\"BreadcrumbList\",\"@id\":\"https:\/\/www.nb.no\/nettbutikk\/produkt\/vibeke-lokkeberg-blu-ray\/#breadcrumb\",\"itemListElement\":[{\"@type\":\"ListItem\",\"position\":1,\"name\":\"Home\",\"item\":\"https:\/\/www.nb.no\/nettbutikk\/\"},{\"@type\":\"ListItem\",\"position\":2,\"name\":\"Butikk\",\"item\":\"https:\/\/www.nb.no\/nettbutikk\/butikk\/\"},{\"@type\":\"ListItem\",\"position\":3,\"name\":\"Vibeke L\u00f8kkeberg (Blu-ray)\"}]},{\"@type\":\"WebSite\",\"@id\":\"https:\/\/www.nb.no\/nettbutikk\/#website\",\"url\":\"https:\/\/www.nb.no\/nettbutikk\/\",\"name\":\"NB Nettbutikk\",\"description\":\"\",\"potentialAction\":[{\"@type\":\"SearchAction\",\"target\":{\"@type\":\"EntryPoint\",\"urlTemplate\":\"https:\/\/www.nb.no\/nettbutikk\/?s={search_term_string}\"},\"query-input\":{\"@type\":\"PropertyValueSpecification\",\"valueRequired\":true,\"valueName\":\"search_term_string\"}}],\"inLanguage\":\"nb-NO\"}]}<\/script>\n<!-- \/ Yoast SEO plugin. -->","yoast_head_json":{"title":"Vibeke L\u00f8kkeberg (Blu-ray) - NB Nettbutikk","description":"Denne utgivelsen samler fem av L\u00f8kkebergs filmer: Regn (1975), \u00c5penbaringen (1977), L\u00f8perjenten (1981), Hud (1986) og M\u00e5ker (1991).","robots":{"index":"index","follow":"follow","max-snippet":"max-snippet:-1","max-image-preview":"max-image-preview:large","max-video-preview":"max-video-preview:-1"},"canonical":"https:\/\/www.nb.no\/nettbutikk\/produkt\/vibeke-lokkeberg-blu-ray\/","og_locale":"nb_NO","og_type":"article","og_title":"Vibeke L\u00f8kkeberg (Blu-ray) - NB Nettbutikk","og_description":"Denne utgivelsen samler fem av L\u00f8kkebergs filmer: Regn (1975), \u00c5penbaringen (1977), L\u00f8perjenten (1981), Hud (1986) og M\u00e5ker (1991).","og_url":"https:\/\/www.nb.no\/nettbutikk\/produkt\/vibeke-lokkeberg-blu-ray\/","og_site_name":"NB Nettbutikk","article_modified_time":"2026-03-04T12:23:25+00:00","og_image":[{"width":2560,"height":1921,"url":"https:\/\/www.nb.no\/content\/uploads\/sites\/5\/2022\/10\/E6mp-pifWn-U4mniGoxN3v_N_3Ic7pZvNzWXmtmaUPcBdIelued5zePccmZ7EsCZmCv_EuzZglPkTj4OAohAbA-scaled.jpg","type":"image\/jpeg"}],"twitter_card":"summary_large_image","twitter_misc":{"Ansl. lesetid":"1 minutt"},"schema":{"@context":"https:\/\/schema.org","@graph":[{"@type":"WebPage","@id":"https:\/\/www.nb.no\/nettbutikk\/produkt\/vibeke-lokkeberg-blu-ray\/","url":"https:\/\/www.nb.no\/nettbutikk\/produkt\/vibeke-lokkeberg-blu-ray\/","name":"Vibeke L\u00f8kkeberg (Blu-ray) - NB Nettbutikk","isPartOf":{"@id":"https:\/\/www.nb.no\/nettbutikk\/#website"},"primaryImageOfPage":{"@id":"https:\/\/www.nb.no\/nettbutikk\/produkt\/vibeke-lokkeberg-blu-ray\/#primaryimage"},"image":{"@id":"https:\/\/www.nb.no\/nettbutikk\/produkt\/vibeke-lokkeberg-blu-ray\/#primaryimage"},"thumbnailUrl":"https:\/\/www.nb.no\/content\/uploads\/sites\/5\/2022\/10\/E6mp-pifWn-U4mniGoxN3v_N_3Ic7pZvNzWXmtmaUPcBdIelued5zePccmZ7EsCZmCv_EuzZglPkTj4OAohAbA-scaled.jpg","datePublished":"2022-10-11T07:18:40+00:00","dateModified":"2026-03-04T12:23:25+00:00","description":"Denne utgivelsen samler fem av L\u00f8kkebergs filmer: Regn (1975), \u00c5penbaringen (1977), L\u00f8perjenten (1981), Hud (1986) og M\u00e5ker (1991).","breadcrumb":{"@id":"https:\/\/www.nb.no\/nettbutikk\/produkt\/vibeke-lokkeberg-blu-ray\/#breadcrumb"},"inLanguage":"nb-NO","potentialAction":[{"@type":"ReadAction","target":["https:\/\/www.nb.no\/nettbutikk\/produkt\/vibeke-lokkeberg-blu-ray\/"]}]},{"@type":"ImageObject","inLanguage":"nb-NO","@id":"https:\/\/www.nb.no\/nettbutikk\/produkt\/vibeke-lokkeberg-blu-ray\/#primaryimage","url":"https:\/\/www.nb.no\/content\/uploads\/sites\/5\/2022\/10\/E6mp-pifWn-U4mniGoxN3v_N_3Ic7pZvNzWXmtmaUPcBdIelued5zePccmZ7EsCZmCv_EuzZglPkTj4OAohAbA-scaled.jpg","contentUrl":"https:\/\/www.nb.no\/content\/uploads\/sites\/5\/2022\/10\/E6mp-pifWn-U4mniGoxN3v_N_3Ic7pZvNzWXmtmaUPcBdIelued5zePccmZ7EsCZmCv_EuzZglPkTj4OAohAbA-scaled.jpg","width":2560,"height":1921,"caption":"Vibeke L\u00f8kkeberg (Blu-ray)"},{"@type":"BreadcrumbList","@id":"https:\/\/www.nb.no\/nettbutikk\/produkt\/vibeke-lokkeberg-blu-ray\/#breadcrumb","itemListElement":[{"@type":"ListItem","position":1,"name":"Home","item":"https:\/\/www.nb.no\/nettbutikk\/"},{"@type":"ListItem","position":2,"name":"Butikk","item":"https:\/\/www.nb.no\/nettbutikk\/butikk\/"},{"@type":"ListItem","position":3,"name":"Vibeke L\u00f8kkeberg (Blu-ray)"}]},{"@type":"WebSite","@id":"https:\/\/www.nb.no\/nettbutikk\/#website","url":"https:\/\/www.nb.no\/nettbutikk\/","name":"NB Nettbutikk","description":"","potentialAction":[{"@type":"SearchAction","target":{"@type":"EntryPoint","urlTemplate":"https:\/\/www.nb.no\/nettbutikk\/?s={search_term_string}"},"query-input":{"@type":"PropertyValueSpecification","valueRequired":true,"valueName":"search_term_string"}}],"inLanguage":"nb-NO"}]}},"_links":{"self":[{"href":"https:\/\/www.nb.no\/nettbutikk\/wp-json\/wp\/v2\/product\/15707","targetHints":{"allow":["GET"]}}],"collection":[{"href":"https:\/\/www.nb.no\/nettbutikk\/wp-json\/wp\/v2\/product"}],"about":[{"href":"https:\/\/www.nb.no\/nettbutikk\/wp-json\/wp\/v2\/types\/product"}],"wp:featuredmedia":[{"embeddable":true,"href":"https:\/\/www.nb.no\/nettbutikk\/wp-json\/wp\/v2\/media\/15704"}],"wp:attachment":[{"href":"https:\/\/www.nb.no\/nettbutikk\/wp-json\/wp\/v2\/media?parent=15707"}],"wp:term":[{"taxonomy":"product_brand","embeddable":true,"href":"https:\/\/www.nb.no\/nettbutikk\/wp-json\/wp\/v2\/product_brand?post=15707"},{"taxonomy":"product_cat","embeddable":true,"href":"https:\/\/www.nb.no\/nettbutikk\/wp-json\/wp\/v2\/product_cat?post=15707"},{"taxonomy":"product_tag","embeddable":true,"href":"https:\/\/www.nb.no\/nettbutikk\/wp-json\/wp\/v2\/product_tag?post=15707"}],"curies":[{"name":"wp","href":"https:\/\/api.w.org\/{rel}","templated":true}]}}