{"id":15604,"date":"2022-10-11T09:18:04","date_gmt":"2022-10-11T07:18:04","guid":{"rendered":"https:\/\/www.nb.no\/nettbutikk\/produkt\/det-svundne-er-en-drom\/"},"modified":"2026-04-19T06:04:11","modified_gmt":"2026-04-19T04:04:11","slug":"det-svundne-er-en-drom","status":"publish","type":"product","link":"https:\/\/www.nb.no\/nettbutikk\/produkt\/det-svundne-er-en-drom\/","title":{"rendered":"Det svundne er en dr\u00f8m"},"content":{"rendered":"","protected":false},"excerpt":{"rendered":"<p>I brev til en s\u00f8nn han aldri har m\u00f8tt, skriver forretningsmannen John Torson om ul\u00f8ste mysterier fra sin ungdom: Hvem drepte Anton Strand, og hvilken skyld hadde han selv i saken? <i>I Det svundne er en dr\u00f8m<\/i> formulerer Aksel Sandmose de ber\u00f8mte ordene: \u00abMord og kj\u00e6rlighet er det eneste som er verd \u00e5 skrive om.\u00bb Romanen kretser rundt disse besettende fenomenene, men rommer ogs\u00e5 en sjelden psykologisk dybde. Boken har blitt st\u00e5ende som et av Sandemoses mest sentrale verk.<\/p>\n","protected":false},"featured_media":15601,"template":"","meta":{"nb_hide_title":false,"nb_breadcrumb_title_override":""},"product_brand":[],"product_cat":[196],"product_tag":[],"class_list":{"0":"post-15604","1":"product","2":"type-product","3":"status-publish","4":"has-post-thumbnail","6":"product_cat-nbs-krimklassikere","8":"first","9":"instock","10":"shipping-taxable","11":"purchasable","12":"product-type-simple"},"yoast_head":"<!-- This site is optimized with the Yoast SEO plugin v27.1.1 - https:\/\/yoast.com\/product\/yoast-seo-wordpress\/ -->\n<title>Det svundne er en dr\u00f8m - NB Nettbutikk<\/title>\n<meta name=\"robots\" content=\"index, follow, max-snippet:-1, max-image-preview:large, max-video-preview:-1\" \/>\n<link rel=\"canonical\" href=\"https:\/\/www.nb.no\/nettbutikk\/produkt\/det-svundne-er-en-drom\/\" \/>\n<meta property=\"og:locale\" content=\"nb_NO\" \/>\n<meta property=\"og:type\" content=\"article\" \/>\n<meta property=\"og:title\" content=\"Det svundne er en dr\u00f8m - NB Nettbutikk\" \/>\n<meta property=\"og:description\" content=\"I brev til en s\u00f8nn han aldri har m\u00f8tt, skriver forretningsmannen John Torson om ul\u00f8ste mysterier fra sin ungdom: Hvem drepte Anton Strand, og hvilken skyld hadde han selv i saken? I Det svundne er en dr\u00f8m formulerer Aksel Sandmose de ber\u00f8mte ordene: \u00abMord og kj\u00e6rlighet er det eneste som er verd \u00e5 skrive om.\u00bb Romanen kretser rundt disse besettende fenomenene, men rommer ogs\u00e5 en sjelden psykologisk dybde. Boken har blitt st\u00e5ende som et av Sandemoses mest sentrale verk.\" \/>\n<meta property=\"og:url\" content=\"https:\/\/www.nb.no\/nettbutikk\/produkt\/det-svundne-er-en-drom\/\" \/>\n<meta property=\"og:site_name\" content=\"NB Nettbutikk\" \/>\n<meta property=\"article:modified_time\" content=\"2026-04-19T04:04:11+00:00\" \/>\n<meta property=\"og:image\" content=\"https:\/\/www.nb.no\/content\/uploads\/sites\/5\/2022\/10\/E6mp-pifWn-U4mniGoxN3v_N_3Ic7pZvNzWXmoKfAKtXIYb5teN6n-TdLzMoEpTDmCOoQbzeiAy6Gm5YAohAbA.jpg\" \/>\n\t<meta property=\"og:image:width\" content=\"1535\" \/>\n\t<meta property=\"og:image:height\" content=\"2421\" \/>\n\t<meta property=\"og:image:type\" content=\"image\/jpeg\" \/>\n<meta name=\"twitter:card\" content=\"summary_large_image\" \/>\n<script type=\"application\/ld+json\" class=\"yoast-schema-graph\">{\"@context\":\"https:\/\/schema.org\",\"@graph\":[{\"@type\":\"WebPage\",\"@id\":\"https:\/\/www.nb.no\/nettbutikk\/produkt\/det-svundne-er-en-drom\/\",\"url\":\"https:\/\/www.nb.no\/nettbutikk\/produkt\/det-svundne-er-en-drom\/\",\"name\":\"Det svundne er en dr\u00f8m - NB Nettbutikk\",\"isPartOf\":{\"@id\":\"https:\/\/www.nb.no\/nettbutikk\/#website\"},\"primaryImageOfPage\":{\"@id\":\"https:\/\/www.nb.no\/nettbutikk\/produkt\/det-svundne-er-en-drom\/#primaryimage\"},\"image\":{\"@id\":\"https:\/\/www.nb.no\/nettbutikk\/produkt\/det-svundne-er-en-drom\/#primaryimage\"},\"thumbnailUrl\":\"https:\/\/www.nb.no\/content\/uploads\/sites\/5\/2022\/10\/E6mp-pifWn-U4mniGoxN3v_N_3Ic7pZvNzWXmoKfAKtXIYb5teN6n-TdLzMoEpTDmCOoQbzeiAy6Gm5YAohAbA.jpg\",\"datePublished\":\"2022-10-11T07:18:04+00:00\",\"dateModified\":\"2026-04-19T04:04:11+00:00\",\"breadcrumb\":{\"@id\":\"https:\/\/www.nb.no\/nettbutikk\/produkt\/det-svundne-er-en-drom\/#breadcrumb\"},\"inLanguage\":\"nb-NO\",\"potentialAction\":[{\"@type\":\"ReadAction\",\"target\":[\"https:\/\/www.nb.no\/nettbutikk\/produkt\/det-svundne-er-en-drom\/\"]}]},{\"@type\":\"ImageObject\",\"inLanguage\":\"nb-NO\",\"@id\":\"https:\/\/www.nb.no\/nettbutikk\/produkt\/det-svundne-er-en-drom\/#primaryimage\",\"url\":\"https:\/\/www.nb.no\/content\/uploads\/sites\/5\/2022\/10\/E6mp-pifWn-U4mniGoxN3v_N_3Ic7pZvNzWXmoKfAKtXIYb5teN6n-TdLzMoEpTDmCOoQbzeiAy6Gm5YAohAbA.jpg\",\"contentUrl\":\"https:\/\/www.nb.no\/content\/uploads\/sites\/5\/2022\/10\/E6mp-pifWn-U4mniGoxN3v_N_3Ic7pZvNzWXmoKfAKtXIYb5teN6n-TdLzMoEpTDmCOoQbzeiAy6Gm5YAohAbA.jpg\",\"width\":1535,\"height\":2421,\"caption\":\"Det svundne er en dr\u00f8m\"},{\"@type\":\"BreadcrumbList\",\"@id\":\"https:\/\/www.nb.no\/nettbutikk\/produkt\/det-svundne-er-en-drom\/#breadcrumb\",\"itemListElement\":[{\"@type\":\"ListItem\",\"position\":1,\"name\":\"Home\",\"item\":\"https:\/\/www.nb.no\/nettbutikk\/\"},{\"@type\":\"ListItem\",\"position\":2,\"name\":\"Butikk\",\"item\":\"https:\/\/www.nb.no\/nettbutikk\/butikk\/\"},{\"@type\":\"ListItem\",\"position\":3,\"name\":\"Det svundne er en dr\u00f8m\"}]},{\"@type\":\"WebSite\",\"@id\":\"https:\/\/www.nb.no\/nettbutikk\/#website\",\"url\":\"https:\/\/www.nb.no\/nettbutikk\/\",\"name\":\"NB Nettbutikk\",\"description\":\"\",\"potentialAction\":[{\"@type\":\"SearchAction\",\"target\":{\"@type\":\"EntryPoint\",\"urlTemplate\":\"https:\/\/www.nb.no\/nettbutikk\/?s={search_term_string}\"},\"query-input\":{\"@type\":\"PropertyValueSpecification\",\"valueRequired\":true,\"valueName\":\"search_term_string\"}}],\"inLanguage\":\"nb-NO\"}]}<\/script>\n<!-- \/ Yoast SEO plugin. -->","yoast_head_json":{"title":"Det svundne er en dr\u00f8m - NB Nettbutikk","robots":{"index":"index","follow":"follow","max-snippet":"max-snippet:-1","max-image-preview":"max-image-preview:large","max-video-preview":"max-video-preview:-1"},"canonical":"https:\/\/www.nb.no\/nettbutikk\/produkt\/det-svundne-er-en-drom\/","og_locale":"nb_NO","og_type":"article","og_title":"Det svundne er en dr\u00f8m - NB Nettbutikk","og_description":"I brev til en s\u00f8nn han aldri har m\u00f8tt, skriver forretningsmannen John Torson om ul\u00f8ste mysterier fra sin ungdom: Hvem drepte Anton Strand, og hvilken skyld hadde han selv i saken? I Det svundne er en dr\u00f8m formulerer Aksel Sandmose de ber\u00f8mte ordene: \u00abMord og kj\u00e6rlighet er det eneste som er verd \u00e5 skrive om.\u00bb Romanen kretser rundt disse besettende fenomenene, men rommer ogs\u00e5 en sjelden psykologisk dybde. Boken har blitt st\u00e5ende som et av Sandemoses mest sentrale verk.","og_url":"https:\/\/www.nb.no\/nettbutikk\/produkt\/det-svundne-er-en-drom\/","og_site_name":"NB Nettbutikk","article_modified_time":"2026-04-19T04:04:11+00:00","og_image":[{"width":1535,"height":2421,"url":"https:\/\/www.nb.no\/content\/uploads\/sites\/5\/2022\/10\/E6mp-pifWn-U4mniGoxN3v_N_3Ic7pZvNzWXmoKfAKtXIYb5teN6n-TdLzMoEpTDmCOoQbzeiAy6Gm5YAohAbA.jpg","type":"image\/jpeg"}],"twitter_card":"summary_large_image","schema":{"@context":"https:\/\/schema.org","@graph":[{"@type":"WebPage","@id":"https:\/\/www.nb.no\/nettbutikk\/produkt\/det-svundne-er-en-drom\/","url":"https:\/\/www.nb.no\/nettbutikk\/produkt\/det-svundne-er-en-drom\/","name":"Det svundne er en dr\u00f8m - NB Nettbutikk","isPartOf":{"@id":"https:\/\/www.nb.no\/nettbutikk\/#website"},"primaryImageOfPage":{"@id":"https:\/\/www.nb.no\/nettbutikk\/produkt\/det-svundne-er-en-drom\/#primaryimage"},"image":{"@id":"https:\/\/www.nb.no\/nettbutikk\/produkt\/det-svundne-er-en-drom\/#primaryimage"},"thumbnailUrl":"https:\/\/www.nb.no\/content\/uploads\/sites\/5\/2022\/10\/E6mp-pifWn-U4mniGoxN3v_N_3Ic7pZvNzWXmoKfAKtXIYb5teN6n-TdLzMoEpTDmCOoQbzeiAy6Gm5YAohAbA.jpg","datePublished":"2022-10-11T07:18:04+00:00","dateModified":"2026-04-19T04:04:11+00:00","breadcrumb":{"@id":"https:\/\/www.nb.no\/nettbutikk\/produkt\/det-svundne-er-en-drom\/#breadcrumb"},"inLanguage":"nb-NO","potentialAction":[{"@type":"ReadAction","target":["https:\/\/www.nb.no\/nettbutikk\/produkt\/det-svundne-er-en-drom\/"]}]},{"@type":"ImageObject","inLanguage":"nb-NO","@id":"https:\/\/www.nb.no\/nettbutikk\/produkt\/det-svundne-er-en-drom\/#primaryimage","url":"https:\/\/www.nb.no\/content\/uploads\/sites\/5\/2022\/10\/E6mp-pifWn-U4mniGoxN3v_N_3Ic7pZvNzWXmoKfAKtXIYb5teN6n-TdLzMoEpTDmCOoQbzeiAy6Gm5YAohAbA.jpg","contentUrl":"https:\/\/www.nb.no\/content\/uploads\/sites\/5\/2022\/10\/E6mp-pifWn-U4mniGoxN3v_N_3Ic7pZvNzWXmoKfAKtXIYb5teN6n-TdLzMoEpTDmCOoQbzeiAy6Gm5YAohAbA.jpg","width":1535,"height":2421,"caption":"Det svundne er en dr\u00f8m"},{"@type":"BreadcrumbList","@id":"https:\/\/www.nb.no\/nettbutikk\/produkt\/det-svundne-er-en-drom\/#breadcrumb","itemListElement":[{"@type":"ListItem","position":1,"name":"Home","item":"https:\/\/www.nb.no\/nettbutikk\/"},{"@type":"ListItem","position":2,"name":"Butikk","item":"https:\/\/www.nb.no\/nettbutikk\/butikk\/"},{"@type":"ListItem","position":3,"name":"Det svundne er en dr\u00f8m"}]},{"@type":"WebSite","@id":"https:\/\/www.nb.no\/nettbutikk\/#website","url":"https:\/\/www.nb.no\/nettbutikk\/","name":"NB Nettbutikk","description":"","potentialAction":[{"@type":"SearchAction","target":{"@type":"EntryPoint","urlTemplate":"https:\/\/www.nb.no\/nettbutikk\/?s={search_term_string}"},"query-input":{"@type":"PropertyValueSpecification","valueRequired":true,"valueName":"search_term_string"}}],"inLanguage":"nb-NO"}]}},"_links":{"self":[{"href":"https:\/\/www.nb.no\/nettbutikk\/wp-json\/wp\/v2\/product\/15604","targetHints":{"allow":["GET"]}}],"collection":[{"href":"https:\/\/www.nb.no\/nettbutikk\/wp-json\/wp\/v2\/product"}],"about":[{"href":"https:\/\/www.nb.no\/nettbutikk\/wp-json\/wp\/v2\/types\/product"}],"wp:featuredmedia":[{"embeddable":true,"href":"https:\/\/www.nb.no\/nettbutikk\/wp-json\/wp\/v2\/media\/15601"}],"wp:attachment":[{"href":"https:\/\/www.nb.no\/nettbutikk\/wp-json\/wp\/v2\/media?parent=15604"}],"wp:term":[{"taxonomy":"product_brand","embeddable":true,"href":"https:\/\/www.nb.no\/nettbutikk\/wp-json\/wp\/v2\/product_brand?post=15604"},{"taxonomy":"product_cat","embeddable":true,"href":"https:\/\/www.nb.no\/nettbutikk\/wp-json\/wp\/v2\/product_cat?post=15604"},{"taxonomy":"product_tag","embeddable":true,"href":"https:\/\/www.nb.no\/nettbutikk\/wp-json\/wp\/v2\/product_tag?post=15604"}],"curies":[{"name":"wp","href":"https:\/\/api.w.org\/{rel}","templated":true}]}}