{"id":15388,"date":"2022-10-11T09:16:43","date_gmt":"2022-10-11T07:16:43","guid":{"rendered":"https:\/\/www.nb.no\/nettbutikk\/produkt\/charleston-i-grukkedalen\/"},"modified":"2026-02-26T10:22:59","modified_gmt":"2026-02-26T09:22:59","slug":"charleston-i-grukkedalen","status":"publish","type":"product","link":"https:\/\/www.nb.no\/nettbutikk\/produkt\/charleston-i-grukkedalen\/","title":{"rendered":"Charleston i Grukkedalen"},"content":{"rendered":"","protected":false},"excerpt":{"rendered":"<p>Jazzen har en rik forhistorie, ogs\u00e5 i Norge. Allerede p\u00e5 1800-tallet opptr\u00e5dte svarte amerikanere p\u00e5 norske scener. Denne boken er en enest\u00e5ende samling av fotografier, avisomtaler og illustrasjoner fra et lite kjent kapittel i norsk musikk-, kultur- og mediehistorie. Beskrivelsene av hvordan nordmenn har m\u00f8tt fremmede impulser er tankevekkende og ofte vond lesning. Charleston i Grukkedalen er en fortelling om kontraster: om stengsler og frihetskamp, om kulturutveksling og rasisme, om en global musikkfarsotts tidlige inntreden i et lite land.<\/p>\n","protected":false},"featured_media":15385,"template":"","meta":{"nb_hide_title":false,"nb_breadcrumb_title_override":""},"product_brand":[],"product_cat":[184],"product_tag":[3784,3774],"class_list":{"0":"post-15388","1":"product","2":"type-product","3":"status-publish","4":"has-post-thumbnail","6":"product_cat-enkeltstaende-utgivelser","7":"product_tag-jazz","8":"product_tag-musikk","10":"first","11":"instock","12":"shipping-taxable","13":"purchasable","14":"product-type-simple"},"yoast_head":"<!-- This site is optimized with the Yoast SEO plugin v27.1.1 - https:\/\/yoast.com\/product\/yoast-seo-wordpress\/ -->\n<title>Charleston i Grukkedalen - NB Nettbutikk<\/title>\n<meta name=\"robots\" content=\"index, follow, max-snippet:-1, max-image-preview:large, max-video-preview:-1\" \/>\n<link rel=\"canonical\" href=\"https:\/\/www.nb.no\/nettbutikk\/produkt\/charleston-i-grukkedalen\/\" \/>\n<meta property=\"og:locale\" content=\"nb_NO\" \/>\n<meta property=\"og:type\" content=\"article\" \/>\n<meta property=\"og:title\" content=\"Charleston i Grukkedalen - NB Nettbutikk\" \/>\n<meta property=\"og:description\" content=\"Jazzen har en rik forhistorie, ogs\u00e5 i Norge. Allerede p\u00e5 1800-tallet opptr\u00e5dte svarte amerikanere p\u00e5 norske scener. Denne boken er en enest\u00e5ende samling av fotografier, avisomtaler og illustrasjoner fra et lite kjent kapittel i norsk musikk-, kultur- og mediehistorie. Beskrivelsene av hvordan nordmenn har m\u00f8tt fremmede impulser er tankevekkende og ofte vond lesning. Charleston i Grukkedalen er en fortelling om kontraster: om stengsler og frihetskamp, om kulturutveksling og rasisme, om en global musikkfarsotts tidlige inntreden i et lite land.\" \/>\n<meta property=\"og:url\" content=\"https:\/\/www.nb.no\/nettbutikk\/produkt\/charleston-i-grukkedalen\/\" \/>\n<meta property=\"og:site_name\" content=\"NB Nettbutikk\" \/>\n<meta property=\"article:modified_time\" content=\"2026-02-26T09:22:59+00:00\" \/>\n<meta property=\"og:image\" content=\"https:\/\/www.nb.no\/content\/uploads\/sites\/5\/2022\/10\/E6mp-pifWn-U4mniGoxN3v_N_3Ic7pZvNzWXmtGeU6pddI2tt7N9nuTbdTZ_F5GUkX6qSezc3Q63SDtTAohAbA.jpg\" \/>\n\t<meta property=\"og:image:width\" content=\"600\" \/>\n\t<meta property=\"og:image:height\" content=\"813\" \/>\n\t<meta property=\"og:image:type\" content=\"image\/jpeg\" \/>\n<meta name=\"twitter:card\" content=\"summary_large_image\" \/>\n<meta name=\"twitter:label1\" content=\"Ansl. lesetid\" \/>\n\t<meta name=\"twitter:data1\" content=\"1 minutt\" \/>\n<script type=\"application\/ld+json\" class=\"yoast-schema-graph\">{\"@context\":\"https:\/\/schema.org\",\"@graph\":[{\"@type\":\"WebPage\",\"@id\":\"https:\/\/www.nb.no\/nettbutikk\/produkt\/charleston-i-grukkedalen\/\",\"url\":\"https:\/\/www.nb.no\/nettbutikk\/produkt\/charleston-i-grukkedalen\/\",\"name\":\"Charleston i Grukkedalen - NB Nettbutikk\",\"isPartOf\":{\"@id\":\"https:\/\/www.nb.no\/nettbutikk\/#website\"},\"primaryImageOfPage\":{\"@id\":\"https:\/\/www.nb.no\/nettbutikk\/produkt\/charleston-i-grukkedalen\/#primaryimage\"},\"image\":{\"@id\":\"https:\/\/www.nb.no\/nettbutikk\/produkt\/charleston-i-grukkedalen\/#primaryimage\"},\"thumbnailUrl\":\"https:\/\/www.nb.no\/content\/uploads\/sites\/5\/2022\/10\/E6mp-pifWn-U4mniGoxN3v_N_3Ic7pZvNzWXmtGeU6pddI2tt7N9nuTbdTZ_F5GUkX6qSezc3Q63SDtTAohAbA.jpg\",\"datePublished\":\"2022-10-11T07:16:43+00:00\",\"dateModified\":\"2026-02-26T09:22:59+00:00\",\"breadcrumb\":{\"@id\":\"https:\/\/www.nb.no\/nettbutikk\/produkt\/charleston-i-grukkedalen\/#breadcrumb\"},\"inLanguage\":\"nb-NO\",\"potentialAction\":[{\"@type\":\"ReadAction\",\"target\":[\"https:\/\/www.nb.no\/nettbutikk\/produkt\/charleston-i-grukkedalen\/\"]}]},{\"@type\":\"ImageObject\",\"inLanguage\":\"nb-NO\",\"@id\":\"https:\/\/www.nb.no\/nettbutikk\/produkt\/charleston-i-grukkedalen\/#primaryimage\",\"url\":\"https:\/\/www.nb.no\/content\/uploads\/sites\/5\/2022\/10\/E6mp-pifWn-U4mniGoxN3v_N_3Ic7pZvNzWXmtGeU6pddI2tt7N9nuTbdTZ_F5GUkX6qSezc3Q63SDtTAohAbA.jpg\",\"contentUrl\":\"https:\/\/www.nb.no\/content\/uploads\/sites\/5\/2022\/10\/E6mp-pifWn-U4mniGoxN3v_N_3Ic7pZvNzWXmtGeU6pddI2tt7N9nuTbdTZ_F5GUkX6qSezc3Q63SDtTAohAbA.jpg\",\"width\":600,\"height\":813,\"caption\":\"Charleston i Grukkedalen\"},{\"@type\":\"BreadcrumbList\",\"@id\":\"https:\/\/www.nb.no\/nettbutikk\/produkt\/charleston-i-grukkedalen\/#breadcrumb\",\"itemListElement\":[{\"@type\":\"ListItem\",\"position\":1,\"name\":\"Home\",\"item\":\"https:\/\/www.nb.no\/nettbutikk\/\"},{\"@type\":\"ListItem\",\"position\":2,\"name\":\"Butikk\",\"item\":\"https:\/\/www.nb.no\/nettbutikk\/butikk\/\"},{\"@type\":\"ListItem\",\"position\":3,\"name\":\"Charleston i Grukkedalen\"}]},{\"@type\":\"WebSite\",\"@id\":\"https:\/\/www.nb.no\/nettbutikk\/#website\",\"url\":\"https:\/\/www.nb.no\/nettbutikk\/\",\"name\":\"NB Nettbutikk\",\"description\":\"\",\"potentialAction\":[{\"@type\":\"SearchAction\",\"target\":{\"@type\":\"EntryPoint\",\"urlTemplate\":\"https:\/\/www.nb.no\/nettbutikk\/?s={search_term_string}\"},\"query-input\":{\"@type\":\"PropertyValueSpecification\",\"valueRequired\":true,\"valueName\":\"search_term_string\"}}],\"inLanguage\":\"nb-NO\"}]}<\/script>\n<!-- \/ Yoast SEO plugin. -->","yoast_head_json":{"title":"Charleston i Grukkedalen - NB Nettbutikk","robots":{"index":"index","follow":"follow","max-snippet":"max-snippet:-1","max-image-preview":"max-image-preview:large","max-video-preview":"max-video-preview:-1"},"canonical":"https:\/\/www.nb.no\/nettbutikk\/produkt\/charleston-i-grukkedalen\/","og_locale":"nb_NO","og_type":"article","og_title":"Charleston i Grukkedalen - NB Nettbutikk","og_description":"Jazzen har en rik forhistorie, ogs\u00e5 i Norge. Allerede p\u00e5 1800-tallet opptr\u00e5dte svarte amerikanere p\u00e5 norske scener. Denne boken er en enest\u00e5ende samling av fotografier, avisomtaler og illustrasjoner fra et lite kjent kapittel i norsk musikk-, kultur- og mediehistorie. Beskrivelsene av hvordan nordmenn har m\u00f8tt fremmede impulser er tankevekkende og ofte vond lesning. Charleston i Grukkedalen er en fortelling om kontraster: om stengsler og frihetskamp, om kulturutveksling og rasisme, om en global musikkfarsotts tidlige inntreden i et lite land.","og_url":"https:\/\/www.nb.no\/nettbutikk\/produkt\/charleston-i-grukkedalen\/","og_site_name":"NB Nettbutikk","article_modified_time":"2026-02-26T09:22:59+00:00","og_image":[{"width":600,"height":813,"url":"https:\/\/www.nb.no\/content\/uploads\/sites\/5\/2022\/10\/E6mp-pifWn-U4mniGoxN3v_N_3Ic7pZvNzWXmtGeU6pddI2tt7N9nuTbdTZ_F5GUkX6qSezc3Q63SDtTAohAbA.jpg","type":"image\/jpeg"}],"twitter_card":"summary_large_image","twitter_misc":{"Ansl. lesetid":"1 minutt"},"schema":{"@context":"https:\/\/schema.org","@graph":[{"@type":"WebPage","@id":"https:\/\/www.nb.no\/nettbutikk\/produkt\/charleston-i-grukkedalen\/","url":"https:\/\/www.nb.no\/nettbutikk\/produkt\/charleston-i-grukkedalen\/","name":"Charleston i Grukkedalen - NB Nettbutikk","isPartOf":{"@id":"https:\/\/www.nb.no\/nettbutikk\/#website"},"primaryImageOfPage":{"@id":"https:\/\/www.nb.no\/nettbutikk\/produkt\/charleston-i-grukkedalen\/#primaryimage"},"image":{"@id":"https:\/\/www.nb.no\/nettbutikk\/produkt\/charleston-i-grukkedalen\/#primaryimage"},"thumbnailUrl":"https:\/\/www.nb.no\/content\/uploads\/sites\/5\/2022\/10\/E6mp-pifWn-U4mniGoxN3v_N_3Ic7pZvNzWXmtGeU6pddI2tt7N9nuTbdTZ_F5GUkX6qSezc3Q63SDtTAohAbA.jpg","datePublished":"2022-10-11T07:16:43+00:00","dateModified":"2026-02-26T09:22:59+00:00","breadcrumb":{"@id":"https:\/\/www.nb.no\/nettbutikk\/produkt\/charleston-i-grukkedalen\/#breadcrumb"},"inLanguage":"nb-NO","potentialAction":[{"@type":"ReadAction","target":["https:\/\/www.nb.no\/nettbutikk\/produkt\/charleston-i-grukkedalen\/"]}]},{"@type":"ImageObject","inLanguage":"nb-NO","@id":"https:\/\/www.nb.no\/nettbutikk\/produkt\/charleston-i-grukkedalen\/#primaryimage","url":"https:\/\/www.nb.no\/content\/uploads\/sites\/5\/2022\/10\/E6mp-pifWn-U4mniGoxN3v_N_3Ic7pZvNzWXmtGeU6pddI2tt7N9nuTbdTZ_F5GUkX6qSezc3Q63SDtTAohAbA.jpg","contentUrl":"https:\/\/www.nb.no\/content\/uploads\/sites\/5\/2022\/10\/E6mp-pifWn-U4mniGoxN3v_N_3Ic7pZvNzWXmtGeU6pddI2tt7N9nuTbdTZ_F5GUkX6qSezc3Q63SDtTAohAbA.jpg","width":600,"height":813,"caption":"Charleston i Grukkedalen"},{"@type":"BreadcrumbList","@id":"https:\/\/www.nb.no\/nettbutikk\/produkt\/charleston-i-grukkedalen\/#breadcrumb","itemListElement":[{"@type":"ListItem","position":1,"name":"Home","item":"https:\/\/www.nb.no\/nettbutikk\/"},{"@type":"ListItem","position":2,"name":"Butikk","item":"https:\/\/www.nb.no\/nettbutikk\/butikk\/"},{"@type":"ListItem","position":3,"name":"Charleston i Grukkedalen"}]},{"@type":"WebSite","@id":"https:\/\/www.nb.no\/nettbutikk\/#website","url":"https:\/\/www.nb.no\/nettbutikk\/","name":"NB Nettbutikk","description":"","potentialAction":[{"@type":"SearchAction","target":{"@type":"EntryPoint","urlTemplate":"https:\/\/www.nb.no\/nettbutikk\/?s={search_term_string}"},"query-input":{"@type":"PropertyValueSpecification","valueRequired":true,"valueName":"search_term_string"}}],"inLanguage":"nb-NO"}]}},"_links":{"self":[{"href":"https:\/\/www.nb.no\/nettbutikk\/wp-json\/wp\/v2\/product\/15388","targetHints":{"allow":["GET"]}}],"collection":[{"href":"https:\/\/www.nb.no\/nettbutikk\/wp-json\/wp\/v2\/product"}],"about":[{"href":"https:\/\/www.nb.no\/nettbutikk\/wp-json\/wp\/v2\/types\/product"}],"wp:featuredmedia":[{"embeddable":true,"href":"https:\/\/www.nb.no\/nettbutikk\/wp-json\/wp\/v2\/media\/15385"}],"wp:attachment":[{"href":"https:\/\/www.nb.no\/nettbutikk\/wp-json\/wp\/v2\/media?parent=15388"}],"wp:term":[{"taxonomy":"product_brand","embeddable":true,"href":"https:\/\/www.nb.no\/nettbutikk\/wp-json\/wp\/v2\/product_brand?post=15388"},{"taxonomy":"product_cat","embeddable":true,"href":"https:\/\/www.nb.no\/nettbutikk\/wp-json\/wp\/v2\/product_cat?post=15388"},{"taxonomy":"product_tag","embeddable":true,"href":"https:\/\/www.nb.no\/nettbutikk\/wp-json\/wp\/v2\/product_tag?post=15388"}],"curies":[{"name":"wp","href":"https:\/\/api.w.org\/{rel}","templated":true}]}}