{"id":15152,"date":"2022-10-11T09:15:53","date_gmt":"2022-10-11T07:15:53","guid":{"rendered":"https:\/\/www.nb.no\/nettbutikk\/produkt\/reformasjonstidens-religiose-bokkultur\/"},"modified":"2026-04-15T08:19:17","modified_gmt":"2026-04-15T06:19:17","slug":"reformasjonstidens-religiose-bokkultur-cirka-1400-1700","status":"publish","type":"product","link":"https:\/\/www.nb.no\/nettbutikk\/produkt\/reformasjonstidens-religiose-bokkultur-cirka-1400-1700\/","title":{"rendered":"Reformasjonstidens religi\u00f8se bokkultur cirka 1400\u20131700"},"content":{"rendered":"","protected":false},"excerpt":{"rendered":"<p><a href=\"https:\/\/www.nb.no\/content\/uploads\/2018\/03\/NOTA-BENE-11.pdf\">Boka kan lastes ned som PDF her<\/a><\/p>\n<p>Nummer 11 i Nota bene-serien viser at reformasjonen i Danmark-Norge var ul\u00f8selig knyttet til innf\u00f8ringen av en ny bok- og tekstkultur. Bidragene dokumenterer at arbeidet med \u00e5 innf\u00f8re en ny religi\u00f8s orden var avhengig av tekstlige og visuelle former fra f\u00f8r reformasjonens tid.<\/p>\n","protected":false},"featured_media":15149,"template":"","meta":{"nb_hide_title":false,"nb_breadcrumb_title_override":""},"product_brand":[],"product_cat":[199],"product_tag":[],"class_list":{"0":"post-15152","1":"product","2":"type-product","3":"status-publish","4":"has-post-thumbnail","6":"product_cat-notabene","8":"first","9":"outofstock","10":"shipping-taxable","11":"purchasable","12":"product-type-simple"},"yoast_head":"<!-- This site is optimized with the Yoast SEO plugin v27.1.1 - https:\/\/yoast.com\/product\/yoast-seo-wordpress\/ -->\n<title>Reformasjonstidens religi\u00f8se bokkultur cirka 1400\u20131700 - NB Nettbutikk<\/title>\n<meta name=\"robots\" content=\"index, follow, max-snippet:-1, max-image-preview:large, max-video-preview:-1\" \/>\n<link rel=\"canonical\" href=\"https:\/\/www.nb.no\/nettbutikk\/produkt\/reformasjonstidens-religiose-bokkultur-cirka-1400-1700\/\" \/>\n<meta property=\"og:locale\" content=\"nb_NO\" \/>\n<meta property=\"og:type\" content=\"article\" \/>\n<meta property=\"og:title\" content=\"Reformasjonstidens religi\u00f8se bokkultur cirka 1400\u20131700 - NB Nettbutikk\" \/>\n<meta property=\"og:description\" content=\"Boka kan lastes ned som PDF her Nummer 11 i Nota bene-serien viser at reformasjonen i Danmark-Norge var ul\u00f8selig knyttet til innf\u00f8ringen av en ny bok- og tekstkultur. Bidragene dokumenterer at arbeidet med \u00e5 innf\u00f8re en ny religi\u00f8s orden var avhengig av tekstlige og visuelle former fra f\u00f8r reformasjonens tid.\" \/>\n<meta property=\"og:url\" content=\"https:\/\/www.nb.no\/nettbutikk\/produkt\/reformasjonstidens-religiose-bokkultur-cirka-1400-1700\/\" \/>\n<meta property=\"og:site_name\" content=\"NB Nettbutikk\" \/>\n<meta property=\"article:modified_time\" content=\"2026-04-15T06:19:17+00:00\" \/>\n<meta property=\"og:image\" content=\"https:\/\/www.nb.no\/content\/uploads\/sites\/5\/2022\/10\/E6mp-pifWn-U4mniGoxN3v_N_3Ic7pZvNzWXmoXNB_hdJoCvsLF-nrKKImB-QseYmSOrR7nb2Fi6SD5bAohAbA-775x1024.jpg\" \/>\n\t<meta property=\"og:image:width\" content=\"775\" \/>\n\t<meta property=\"og:image:height\" content=\"1024\" \/>\n\t<meta property=\"og:image:type\" content=\"image\/jpeg\" \/>\n<meta name=\"twitter:card\" content=\"summary_large_image\" \/>\n<script type=\"application\/ld+json\" class=\"yoast-schema-graph\">{\"@context\":\"https:\/\/schema.org\",\"@graph\":[{\"@type\":\"WebPage\",\"@id\":\"https:\/\/www.nb.no\/nettbutikk\/produkt\/reformasjonstidens-religiose-bokkultur-cirka-1400-1700\/\",\"url\":\"https:\/\/www.nb.no\/nettbutikk\/produkt\/reformasjonstidens-religiose-bokkultur-cirka-1400-1700\/\",\"name\":\"Reformasjonstidens religi\u00f8se bokkultur cirka 1400\u20131700 - NB Nettbutikk\",\"isPartOf\":{\"@id\":\"https:\/\/www.nb.no\/nettbutikk\/#website\"},\"primaryImageOfPage\":{\"@id\":\"https:\/\/www.nb.no\/nettbutikk\/produkt\/reformasjonstidens-religiose-bokkultur-cirka-1400-1700\/#primaryimage\"},\"image\":{\"@id\":\"https:\/\/www.nb.no\/nettbutikk\/produkt\/reformasjonstidens-religiose-bokkultur-cirka-1400-1700\/#primaryimage\"},\"thumbnailUrl\":\"https:\/\/www.nb.no\/content\/uploads\/sites\/5\/2022\/10\/E6mp-pifWn-U4mniGoxN3v_N_3Ic7pZvNzWXmoXNB_hdJoCvsLF-nrKKImB-QseYmSOrR7nb2Fi6SD5bAohAbA.jpg\",\"datePublished\":\"2022-10-11T07:15:53+00:00\",\"dateModified\":\"2026-04-15T06:19:17+00:00\",\"breadcrumb\":{\"@id\":\"https:\/\/www.nb.no\/nettbutikk\/produkt\/reformasjonstidens-religiose-bokkultur-cirka-1400-1700\/#breadcrumb\"},\"inLanguage\":\"nb-NO\",\"potentialAction\":[{\"@type\":\"ReadAction\",\"target\":[\"https:\/\/www.nb.no\/nettbutikk\/produkt\/reformasjonstidens-religiose-bokkultur-cirka-1400-1700\/\"]}]},{\"@type\":\"ImageObject\",\"inLanguage\":\"nb-NO\",\"@id\":\"https:\/\/www.nb.no\/nettbutikk\/produkt\/reformasjonstidens-religiose-bokkultur-cirka-1400-1700\/#primaryimage\",\"url\":\"https:\/\/www.nb.no\/content\/uploads\/sites\/5\/2022\/10\/E6mp-pifWn-U4mniGoxN3v_N_3Ic7pZvNzWXmoXNB_hdJoCvsLF-nrKKImB-QseYmSOrR7nb2Fi6SD5bAohAbA.jpg\",\"contentUrl\":\"https:\/\/www.nb.no\/content\/uploads\/sites\/5\/2022\/10\/E6mp-pifWn-U4mniGoxN3v_N_3Ic7pZvNzWXmoXNB_hdJoCvsLF-nrKKImB-QseYmSOrR7nb2Fi6SD5bAohAbA.jpg\",\"width\":1802,\"height\":2382,\"caption\":\"Reformasjonstidens religi\u00f8se bokkultur\"},{\"@type\":\"BreadcrumbList\",\"@id\":\"https:\/\/www.nb.no\/nettbutikk\/produkt\/reformasjonstidens-religiose-bokkultur-cirka-1400-1700\/#breadcrumb\",\"itemListElement\":[{\"@type\":\"ListItem\",\"position\":1,\"name\":\"Home\",\"item\":\"https:\/\/www.nb.no\/nettbutikk\/\"},{\"@type\":\"ListItem\",\"position\":2,\"name\":\"Butikk\",\"item\":\"https:\/\/www.nb.no\/nettbutikk\/butikk\/\"},{\"@type\":\"ListItem\",\"position\":3,\"name\":\"Reformasjonstidens religi\u00f8se bokkultur cirka 1400\u20131700\"}]},{\"@type\":\"WebSite\",\"@id\":\"https:\/\/www.nb.no\/nettbutikk\/#website\",\"url\":\"https:\/\/www.nb.no\/nettbutikk\/\",\"name\":\"NB Nettbutikk\",\"description\":\"\",\"potentialAction\":[{\"@type\":\"SearchAction\",\"target\":{\"@type\":\"EntryPoint\",\"urlTemplate\":\"https:\/\/www.nb.no\/nettbutikk\/?s={search_term_string}\"},\"query-input\":{\"@type\":\"PropertyValueSpecification\",\"valueRequired\":true,\"valueName\":\"search_term_string\"}}],\"inLanguage\":\"nb-NO\"}]}<\/script>\n<!-- \/ Yoast SEO plugin. -->","yoast_head_json":{"title":"Reformasjonstidens religi\u00f8se bokkultur cirka 1400\u20131700 - NB Nettbutikk","robots":{"index":"index","follow":"follow","max-snippet":"max-snippet:-1","max-image-preview":"max-image-preview:large","max-video-preview":"max-video-preview:-1"},"canonical":"https:\/\/www.nb.no\/nettbutikk\/produkt\/reformasjonstidens-religiose-bokkultur-cirka-1400-1700\/","og_locale":"nb_NO","og_type":"article","og_title":"Reformasjonstidens religi\u00f8se bokkultur cirka 1400\u20131700 - NB Nettbutikk","og_description":"Boka kan lastes ned som PDF her Nummer 11 i Nota bene-serien viser at reformasjonen i Danmark-Norge var ul\u00f8selig knyttet til innf\u00f8ringen av en ny bok- og tekstkultur. Bidragene dokumenterer at arbeidet med \u00e5 innf\u00f8re en ny religi\u00f8s orden var avhengig av tekstlige og visuelle former fra f\u00f8r reformasjonens tid.","og_url":"https:\/\/www.nb.no\/nettbutikk\/produkt\/reformasjonstidens-religiose-bokkultur-cirka-1400-1700\/","og_site_name":"NB Nettbutikk","article_modified_time":"2026-04-15T06:19:17+00:00","og_image":[{"width":775,"height":1024,"url":"https:\/\/www.nb.no\/content\/uploads\/sites\/5\/2022\/10\/E6mp-pifWn-U4mniGoxN3v_N_3Ic7pZvNzWXmoXNB_hdJoCvsLF-nrKKImB-QseYmSOrR7nb2Fi6SD5bAohAbA-775x1024.jpg","type":"image\/jpeg"}],"twitter_card":"summary_large_image","schema":{"@context":"https:\/\/schema.org","@graph":[{"@type":"WebPage","@id":"https:\/\/www.nb.no\/nettbutikk\/produkt\/reformasjonstidens-religiose-bokkultur-cirka-1400-1700\/","url":"https:\/\/www.nb.no\/nettbutikk\/produkt\/reformasjonstidens-religiose-bokkultur-cirka-1400-1700\/","name":"Reformasjonstidens religi\u00f8se bokkultur cirka 1400\u20131700 - NB Nettbutikk","isPartOf":{"@id":"https:\/\/www.nb.no\/nettbutikk\/#website"},"primaryImageOfPage":{"@id":"https:\/\/www.nb.no\/nettbutikk\/produkt\/reformasjonstidens-religiose-bokkultur-cirka-1400-1700\/#primaryimage"},"image":{"@id":"https:\/\/www.nb.no\/nettbutikk\/produkt\/reformasjonstidens-religiose-bokkultur-cirka-1400-1700\/#primaryimage"},"thumbnailUrl":"https:\/\/www.nb.no\/content\/uploads\/sites\/5\/2022\/10\/E6mp-pifWn-U4mniGoxN3v_N_3Ic7pZvNzWXmoXNB_hdJoCvsLF-nrKKImB-QseYmSOrR7nb2Fi6SD5bAohAbA.jpg","datePublished":"2022-10-11T07:15:53+00:00","dateModified":"2026-04-15T06:19:17+00:00","breadcrumb":{"@id":"https:\/\/www.nb.no\/nettbutikk\/produkt\/reformasjonstidens-religiose-bokkultur-cirka-1400-1700\/#breadcrumb"},"inLanguage":"nb-NO","potentialAction":[{"@type":"ReadAction","target":["https:\/\/www.nb.no\/nettbutikk\/produkt\/reformasjonstidens-religiose-bokkultur-cirka-1400-1700\/"]}]},{"@type":"ImageObject","inLanguage":"nb-NO","@id":"https:\/\/www.nb.no\/nettbutikk\/produkt\/reformasjonstidens-religiose-bokkultur-cirka-1400-1700\/#primaryimage","url":"https:\/\/www.nb.no\/content\/uploads\/sites\/5\/2022\/10\/E6mp-pifWn-U4mniGoxN3v_N_3Ic7pZvNzWXmoXNB_hdJoCvsLF-nrKKImB-QseYmSOrR7nb2Fi6SD5bAohAbA.jpg","contentUrl":"https:\/\/www.nb.no\/content\/uploads\/sites\/5\/2022\/10\/E6mp-pifWn-U4mniGoxN3v_N_3Ic7pZvNzWXmoXNB_hdJoCvsLF-nrKKImB-QseYmSOrR7nb2Fi6SD5bAohAbA.jpg","width":1802,"height":2382,"caption":"Reformasjonstidens religi\u00f8se bokkultur"},{"@type":"BreadcrumbList","@id":"https:\/\/www.nb.no\/nettbutikk\/produkt\/reformasjonstidens-religiose-bokkultur-cirka-1400-1700\/#breadcrumb","itemListElement":[{"@type":"ListItem","position":1,"name":"Home","item":"https:\/\/www.nb.no\/nettbutikk\/"},{"@type":"ListItem","position":2,"name":"Butikk","item":"https:\/\/www.nb.no\/nettbutikk\/butikk\/"},{"@type":"ListItem","position":3,"name":"Reformasjonstidens religi\u00f8se bokkultur cirka 1400\u20131700"}]},{"@type":"WebSite","@id":"https:\/\/www.nb.no\/nettbutikk\/#website","url":"https:\/\/www.nb.no\/nettbutikk\/","name":"NB Nettbutikk","description":"","potentialAction":[{"@type":"SearchAction","target":{"@type":"EntryPoint","urlTemplate":"https:\/\/www.nb.no\/nettbutikk\/?s={search_term_string}"},"query-input":{"@type":"PropertyValueSpecification","valueRequired":true,"valueName":"search_term_string"}}],"inLanguage":"nb-NO"}]}},"_links":{"self":[{"href":"https:\/\/www.nb.no\/nettbutikk\/wp-json\/wp\/v2\/product\/15152","targetHints":{"allow":["GET"]}}],"collection":[{"href":"https:\/\/www.nb.no\/nettbutikk\/wp-json\/wp\/v2\/product"}],"about":[{"href":"https:\/\/www.nb.no\/nettbutikk\/wp-json\/wp\/v2\/types\/product"}],"wp:featuredmedia":[{"embeddable":true,"href":"https:\/\/www.nb.no\/nettbutikk\/wp-json\/wp\/v2\/media\/15149"}],"wp:attachment":[{"href":"https:\/\/www.nb.no\/nettbutikk\/wp-json\/wp\/v2\/media?parent=15152"}],"wp:term":[{"taxonomy":"product_brand","embeddable":true,"href":"https:\/\/www.nb.no\/nettbutikk\/wp-json\/wp\/v2\/product_brand?post=15152"},{"taxonomy":"product_cat","embeddable":true,"href":"https:\/\/www.nb.no\/nettbutikk\/wp-json\/wp\/v2\/product_cat?post=15152"},{"taxonomy":"product_tag","embeddable":true,"href":"https:\/\/www.nb.no\/nettbutikk\/wp-json\/wp\/v2\/product_tag?post=15152"}],"curies":[{"name":"wp","href":"https:\/\/api.w.org\/{rel}","templated":true}]}}