{"id":15134,"date":"2022-10-11T09:17:47","date_gmt":"2022-10-11T07:17:47","guid":{"rendered":"https:\/\/www.nb.no\/nettbutikk\/produkt\/uhyrlig\/"},"modified":"2026-04-19T06:04:10","modified_gmt":"2026-04-19T04:04:10","slug":"uhyrlig","status":"publish","type":"product","link":"https:\/\/www.nb.no\/nettbutikk\/produkt\/uhyrlig\/","title":{"rendered":"Uhyrlig"},"content":{"rendered":"","protected":false},"excerpt":{"rendered":"<p>En gang var sj\u00f8monstrene en naturlig del av kart og naturhistoriske beretninger. Folk som dro til havs kunne m\u00f8te de mest marerittaktige uhyrer i b\u00f8lgene. <\/p>\n<p>I dag er monstrene borte og glemt, eller forvandlet til velkjent fauna. Historiker, forfatter og professor Erling Sandmo forteller her om tjue av havets herskere og om hvordan de til slutt forsvant ned i dypet for godt, idet alle v\u00e5re frykteligste fantasier bleknet til vitenskapelige sannheter, eller ble forvandlet til myter og r\u00f8verhistorier.<\/p>\n<p>Uhyrlig finnes ogs\u00e5 i en engelsk utgave, <a href=\"https:\/\/www.nb.no\/nettbutikk\/produkt\/monstrous\/\">Monstrous<\/a>.<\/p>\n","protected":false},"featured_media":15131,"template":"","meta":{"nb_hide_title":false,"nb_breadcrumb_title_override":""},"product_brand":[],"product_cat":[184],"product_tag":[3735,3741],"class_list":{"0":"post-15134","1":"product","2":"type-product","3":"status-publish","4":"has-post-thumbnail","6":"product_cat-enkeltstaende-utgivelser","7":"product_tag-kart","8":"product_tag-sjomonstre","10":"first","11":"instock","12":"shipping-taxable","13":"purchasable","14":"product-type-simple"},"yoast_head":"<!-- This site is optimized with the Yoast SEO plugin v27.1.1 - https:\/\/yoast.com\/product\/yoast-seo-wordpress\/ -->\n<title>Uhyrlig - NB Nettbutikk<\/title>\n<meta name=\"robots\" content=\"index, follow, max-snippet:-1, max-image-preview:large, max-video-preview:-1\" \/>\n<link rel=\"canonical\" href=\"https:\/\/www.nb.no\/nettbutikk\/produkt\/uhyrlig\/\" \/>\n<meta property=\"og:locale\" content=\"nb_NO\" \/>\n<meta property=\"og:type\" content=\"article\" \/>\n<meta property=\"og:title\" content=\"Uhyrlig - NB Nettbutikk\" \/>\n<meta property=\"og:description\" content=\"En gang var sj\u00f8monstrene en naturlig del av kart og naturhistoriske beretninger. Folk som dro til havs kunne m\u00f8te de mest marerittaktige uhyrer i b\u00f8lgene.  I dag er monstrene borte og glemt, eller forvandlet til velkjent fauna. Historiker, forfatter og professor Erling Sandmo forteller her om tjue av havets herskere og om hvordan de til slutt forsvant ned i dypet for godt, idet alle v\u00e5re frykteligste fantasier bleknet til vitenskapelige sannheter, eller ble forvandlet til myter og r\u00f8verhistorier. Uhyrlig finnes ogs\u00e5 i en engelsk utgave, Monstrous.\" \/>\n<meta property=\"og:url\" content=\"https:\/\/www.nb.no\/nettbutikk\/produkt\/uhyrlig\/\" \/>\n<meta property=\"og:site_name\" content=\"NB Nettbutikk\" \/>\n<meta property=\"article:modified_time\" content=\"2026-04-19T04:04:10+00:00\" \/>\n<meta property=\"og:image\" content=\"https:\/\/www.nb.no\/content\/uploads\/sites\/5\/2022\/10\/E6mp-pifWn-U4mniGoxN3v_N_3Ic7pZvNzWXmoWeAKtWI4P4seJ7z7WNLjR-GMGRySykR-TY3gjmGWtZAohAbA.jpg\" \/>\n\t<meta property=\"og:image:width\" content=\"900\" \/>\n\t<meta property=\"og:image:height\" content=\"1233\" \/>\n\t<meta property=\"og:image:type\" content=\"image\/jpeg\" \/>\n<meta name=\"twitter:card\" content=\"summary_large_image\" \/>\n<meta name=\"twitter:label1\" content=\"Ansl. lesetid\" \/>\n\t<meta name=\"twitter:data1\" content=\"1 minutt\" \/>\n<script type=\"application\/ld+json\" class=\"yoast-schema-graph\">{\"@context\":\"https:\/\/schema.org\",\"@graph\":[{\"@type\":\"WebPage\",\"@id\":\"https:\/\/www.nb.no\/nettbutikk\/produkt\/uhyrlig\/\",\"url\":\"https:\/\/www.nb.no\/nettbutikk\/produkt\/uhyrlig\/\",\"name\":\"Uhyrlig - NB Nettbutikk\",\"isPartOf\":{\"@id\":\"https:\/\/www.nb.no\/nettbutikk\/#website\"},\"primaryImageOfPage\":{\"@id\":\"https:\/\/www.nb.no\/nettbutikk\/produkt\/uhyrlig\/#primaryimage\"},\"image\":{\"@id\":\"https:\/\/www.nb.no\/nettbutikk\/produkt\/uhyrlig\/#primaryimage\"},\"thumbnailUrl\":\"https:\/\/www.nb.no\/content\/uploads\/sites\/5\/2022\/10\/E6mp-pifWn-U4mniGoxN3v_N_3Ic7pZvNzWXmoWeAKtWI4P4seJ7z7WNLjR-GMGRySykR-TY3gjmGWtZAohAbA.jpg\",\"datePublished\":\"2022-10-11T07:17:47+00:00\",\"dateModified\":\"2026-04-19T04:04:10+00:00\",\"breadcrumb\":{\"@id\":\"https:\/\/www.nb.no\/nettbutikk\/produkt\/uhyrlig\/#breadcrumb\"},\"inLanguage\":\"nb-NO\",\"potentialAction\":[{\"@type\":\"ReadAction\",\"target\":[\"https:\/\/www.nb.no\/nettbutikk\/produkt\/uhyrlig\/\"]}]},{\"@type\":\"ImageObject\",\"inLanguage\":\"nb-NO\",\"@id\":\"https:\/\/www.nb.no\/nettbutikk\/produkt\/uhyrlig\/#primaryimage\",\"url\":\"https:\/\/www.nb.no\/content\/uploads\/sites\/5\/2022\/10\/E6mp-pifWn-U4mniGoxN3v_N_3Ic7pZvNzWXmoWeAKtWI4P4seJ7z7WNLjR-GMGRySykR-TY3gjmGWtZAohAbA.jpg\",\"contentUrl\":\"https:\/\/www.nb.no\/content\/uploads\/sites\/5\/2022\/10\/E6mp-pifWn-U4mniGoxN3v_N_3Ic7pZvNzWXmoWeAKtWI4P4seJ7z7WNLjR-GMGRySykR-TY3gjmGWtZAohAbA.jpg\",\"width\":900,\"height\":1233,\"caption\":\"Uhyrlig\"},{\"@type\":\"BreadcrumbList\",\"@id\":\"https:\/\/www.nb.no\/nettbutikk\/produkt\/uhyrlig\/#breadcrumb\",\"itemListElement\":[{\"@type\":\"ListItem\",\"position\":1,\"name\":\"Home\",\"item\":\"https:\/\/www.nb.no\/nettbutikk\/\"},{\"@type\":\"ListItem\",\"position\":2,\"name\":\"Butikk\",\"item\":\"https:\/\/www.nb.no\/nettbutikk\/butikk\/\"},{\"@type\":\"ListItem\",\"position\":3,\"name\":\"Uhyrlig\"}]},{\"@type\":\"WebSite\",\"@id\":\"https:\/\/www.nb.no\/nettbutikk\/#website\",\"url\":\"https:\/\/www.nb.no\/nettbutikk\/\",\"name\":\"NB Nettbutikk\",\"description\":\"\",\"potentialAction\":[{\"@type\":\"SearchAction\",\"target\":{\"@type\":\"EntryPoint\",\"urlTemplate\":\"https:\/\/www.nb.no\/nettbutikk\/?s={search_term_string}\"},\"query-input\":{\"@type\":\"PropertyValueSpecification\",\"valueRequired\":true,\"valueName\":\"search_term_string\"}}],\"inLanguage\":\"nb-NO\"}]}<\/script>\n<!-- \/ Yoast SEO plugin. -->","yoast_head_json":{"title":"Uhyrlig - NB Nettbutikk","robots":{"index":"index","follow":"follow","max-snippet":"max-snippet:-1","max-image-preview":"max-image-preview:large","max-video-preview":"max-video-preview:-1"},"canonical":"https:\/\/www.nb.no\/nettbutikk\/produkt\/uhyrlig\/","og_locale":"nb_NO","og_type":"article","og_title":"Uhyrlig - NB Nettbutikk","og_description":"En gang var sj\u00f8monstrene en naturlig del av kart og naturhistoriske beretninger. Folk som dro til havs kunne m\u00f8te de mest marerittaktige uhyrer i b\u00f8lgene.  I dag er monstrene borte og glemt, eller forvandlet til velkjent fauna. Historiker, forfatter og professor Erling Sandmo forteller her om tjue av havets herskere og om hvordan de til slutt forsvant ned i dypet for godt, idet alle v\u00e5re frykteligste fantasier bleknet til vitenskapelige sannheter, eller ble forvandlet til myter og r\u00f8verhistorier. Uhyrlig finnes ogs\u00e5 i en engelsk utgave, Monstrous.","og_url":"https:\/\/www.nb.no\/nettbutikk\/produkt\/uhyrlig\/","og_site_name":"NB Nettbutikk","article_modified_time":"2026-04-19T04:04:10+00:00","og_image":[{"width":900,"height":1233,"url":"https:\/\/www.nb.no\/content\/uploads\/sites\/5\/2022\/10\/E6mp-pifWn-U4mniGoxN3v_N_3Ic7pZvNzWXmoWeAKtWI4P4seJ7z7WNLjR-GMGRySykR-TY3gjmGWtZAohAbA.jpg","type":"image\/jpeg"}],"twitter_card":"summary_large_image","twitter_misc":{"Ansl. lesetid":"1 minutt"},"schema":{"@context":"https:\/\/schema.org","@graph":[{"@type":"WebPage","@id":"https:\/\/www.nb.no\/nettbutikk\/produkt\/uhyrlig\/","url":"https:\/\/www.nb.no\/nettbutikk\/produkt\/uhyrlig\/","name":"Uhyrlig - NB Nettbutikk","isPartOf":{"@id":"https:\/\/www.nb.no\/nettbutikk\/#website"},"primaryImageOfPage":{"@id":"https:\/\/www.nb.no\/nettbutikk\/produkt\/uhyrlig\/#primaryimage"},"image":{"@id":"https:\/\/www.nb.no\/nettbutikk\/produkt\/uhyrlig\/#primaryimage"},"thumbnailUrl":"https:\/\/www.nb.no\/content\/uploads\/sites\/5\/2022\/10\/E6mp-pifWn-U4mniGoxN3v_N_3Ic7pZvNzWXmoWeAKtWI4P4seJ7z7WNLjR-GMGRySykR-TY3gjmGWtZAohAbA.jpg","datePublished":"2022-10-11T07:17:47+00:00","dateModified":"2026-04-19T04:04:10+00:00","breadcrumb":{"@id":"https:\/\/www.nb.no\/nettbutikk\/produkt\/uhyrlig\/#breadcrumb"},"inLanguage":"nb-NO","potentialAction":[{"@type":"ReadAction","target":["https:\/\/www.nb.no\/nettbutikk\/produkt\/uhyrlig\/"]}]},{"@type":"ImageObject","inLanguage":"nb-NO","@id":"https:\/\/www.nb.no\/nettbutikk\/produkt\/uhyrlig\/#primaryimage","url":"https:\/\/www.nb.no\/content\/uploads\/sites\/5\/2022\/10\/E6mp-pifWn-U4mniGoxN3v_N_3Ic7pZvNzWXmoWeAKtWI4P4seJ7z7WNLjR-GMGRySykR-TY3gjmGWtZAohAbA.jpg","contentUrl":"https:\/\/www.nb.no\/content\/uploads\/sites\/5\/2022\/10\/E6mp-pifWn-U4mniGoxN3v_N_3Ic7pZvNzWXmoWeAKtWI4P4seJ7z7WNLjR-GMGRySykR-TY3gjmGWtZAohAbA.jpg","width":900,"height":1233,"caption":"Uhyrlig"},{"@type":"BreadcrumbList","@id":"https:\/\/www.nb.no\/nettbutikk\/produkt\/uhyrlig\/#breadcrumb","itemListElement":[{"@type":"ListItem","position":1,"name":"Home","item":"https:\/\/www.nb.no\/nettbutikk\/"},{"@type":"ListItem","position":2,"name":"Butikk","item":"https:\/\/www.nb.no\/nettbutikk\/butikk\/"},{"@type":"ListItem","position":3,"name":"Uhyrlig"}]},{"@type":"WebSite","@id":"https:\/\/www.nb.no\/nettbutikk\/#website","url":"https:\/\/www.nb.no\/nettbutikk\/","name":"NB Nettbutikk","description":"","potentialAction":[{"@type":"SearchAction","target":{"@type":"EntryPoint","urlTemplate":"https:\/\/www.nb.no\/nettbutikk\/?s={search_term_string}"},"query-input":{"@type":"PropertyValueSpecification","valueRequired":true,"valueName":"search_term_string"}}],"inLanguage":"nb-NO"}]}},"_links":{"self":[{"href":"https:\/\/www.nb.no\/nettbutikk\/wp-json\/wp\/v2\/product\/15134","targetHints":{"allow":["GET"]}}],"collection":[{"href":"https:\/\/www.nb.no\/nettbutikk\/wp-json\/wp\/v2\/product"}],"about":[{"href":"https:\/\/www.nb.no\/nettbutikk\/wp-json\/wp\/v2\/types\/product"}],"wp:featuredmedia":[{"embeddable":true,"href":"https:\/\/www.nb.no\/nettbutikk\/wp-json\/wp\/v2\/media\/15131"}],"wp:attachment":[{"href":"https:\/\/www.nb.no\/nettbutikk\/wp-json\/wp\/v2\/media?parent=15134"}],"wp:term":[{"taxonomy":"product_brand","embeddable":true,"href":"https:\/\/www.nb.no\/nettbutikk\/wp-json\/wp\/v2\/product_brand?post=15134"},{"taxonomy":"product_cat","embeddable":true,"href":"https:\/\/www.nb.no\/nettbutikk\/wp-json\/wp\/v2\/product_cat?post=15134"},{"taxonomy":"product_tag","embeddable":true,"href":"https:\/\/www.nb.no\/nettbutikk\/wp-json\/wp\/v2\/product_tag?post=15134"}],"curies":[{"name":"wp","href":"https:\/\/api.w.org\/{rel}","templated":true}]}}