{"id":9833,"date":"2021-03-05T11:30:15","date_gmt":"2021-03-05T10:30:15","guid":{"rendered":"https:\/\/www.nb.no\/nettbutikk\/?page_id=9833"},"modified":"2023-02-17T10:56:21","modified_gmt":"2023-02-17T09:56:21","slug":"salgsbetingelser-for-nasjonalbibliotekets-nettbutikk","status":"publish","type":"page","link":"https:\/\/www.nb.no\/nettbutikk\/salgsbetingelser-for-nasjonalbibliotekets-nettbutikk\/","title":{"rendered":"Salgsbetingelser for Nasjonalbibliotekets nettbutikk"},"content":{"rendered":"\n<p><a href=\"https:\/\/www.nb.no\/nettbutikk\/general-sales-conditions-for-the-national-library-of-norways-online-shop\/\">Read in English<\/a><\/p>\n\n\n\n<h2 class=\"wp-block-heading\" id=\"h-innledning\">Innledning<\/h2>\n\n\n\n<p>Kj\u00f8p i Nasjonalbibliotekets nettbutikk er regulert av de nedenst\u00e5ende standard salgsbetingelser for forbrukerkj\u00f8p av varer over internett. Forbrukerkj\u00f8p over internett reguleres hovedsakelig av avtaleloven, forbrukerkj\u00f8psloven, markedsf\u00f8ringsloven, angrerettloven og ehandelsloven, og disse lovene gir forbrukeren ufravikelige rettigheter. Lovene er tilgjengelig p\u00e5 <a href=\"http:\/\/www.lovdata.no\/\">www.lovdata.no.<\/a> Vilk\u00e5rene i denne avtalen skal ikke forst\u00e5s som noen begrensning i de lovbestemte rettighetene, men oppstiller partenes viktigste rettigheter og plikter for handelen.<br><br>Salgsbetingelsene er utarbeidet og anbefalt av Forbrukertilsynet. <a href=\"https:\/\/forbrukertilsynet.no\/lov-og-rett\/veiledninger-og-retningslinjer\/veiledning-standard-salgsbetingelser-forbrukerkjop-varer-internett\">For en bedre forst\u00e5else av disse salgsbetingelsene, se Forbrukertilsynets veileder her.<\/a><\/p>\n\n\n\n<h2 class=\"wp-block-heading\" id=\"h-1-avtalen\">1. Avtalen<\/h2>\n\n\n\n<p>Avtalen best\u00e5r av disse salgsbetingelsene, opplysninger gitt i bestillingsl\u00f8sningen og eventuelt s\u00e6rskilt avtalte vilk\u00e5r. Ved eventuell motstrid mellom opplysningene, g\u00e5r det som s\u00e6rskilt er avtalt mellom partene foran, s\u00e5 fremt det ikke strider mot ufravikelig lovgivning.<br><br>Avtalen vil i tillegg bli utfylt av relevante lovbestemmelser som regulerer kj\u00f8p av varer mellom n\u00e6ringsdrivende og forbrukere.<\/p>\n\n\n\n<h2 class=\"wp-block-heading\" id=\"h-2-partene\">2. Partene<\/h2>\n\n\n\n<p>Selger er Nasjonalbiblioteket, (postboks 2674 Solli, 0203 Oslo), <a href=\"mailto:nb@nb.no\">nb@nb.no<\/a>, 23 27 60 00, organisasjonsnummer: 976 029 100, og betegnes i det f\u00f8lgende som selger\/selgeren.<br><br>Kj\u00f8per er den forbrukeren som foretar bestillingen, og betegnes i det f\u00f8lgende som&nbsp; kj\u00f8per\/kj\u00f8peren.<\/p>\n\n\n\n<h2 class=\"wp-block-heading\" id=\"h-3-pris\">3. Pris<\/h2>\n\n\n\n<p>Den oppgitte prisen for varen og tjenester er den totale prisen kj\u00f8per skal betale. Ytterligere kostnader som selger f\u00f8r kj\u00f8pet ikke har informert om, skal kj\u00f8per ikke b\u00e6re.<\/p>\n\n\n\n<p>For leveranser utenfor Norge kan toll og importavgifter komme i tillegg til den opplyste prisen.<\/p>\n\n\n\n<h2 class=\"wp-block-heading\" id=\"h-4-avtaleinngaelse\">4. Avtaleinng\u00e5else<\/h2>\n\n\n\n<p>Avtalen er bindende for begge parter n\u00e5r kj\u00f8peren har sendt sin bestilling til selgeren.<br><br>Avtalen er likevel ikke bindende hvis det har forekommet skrive- eller tastefeil i tilbudet fra selgeren i bestillingsl\u00f8sningen i nettbutikken eller i kj\u00f8perens bestilling, og den annen part inns\u00e5 eller burde ha innsett at det forel\u00e5 en slik feil.<\/p>\n\n\n\n<h2 class=\"wp-block-heading\" id=\"h-5-betaling\">5. Betaling<\/h2>\n\n\n\n<p>Selgeren kan kreve betaling for varen fra det tidspunkt den blir sendt fra selgeren til kj\u00f8peren.<br><br>Dersom kj\u00f8peren bruker kredittkort eller debetkort ved betaling, kan selgeren reservere kj\u00f8pesummen p\u00e5 kortet ved bestilling. Kortet blir belastet samme dag som varen sendes.<\/p>\n\n\n\n<h2 class=\"wp-block-heading\" id=\"h-6-levering\">6. Levering<\/h2>\n\n\n\n<p>Levering er skjedd n\u00e5r kj\u00f8peren, eller kj\u00f8perens representant, har overtatt varen.<br><br>Hvis ikke leveringstidspunktet framg\u00e5r av bestillingsl\u00f8sningen, skal selgeren levere varen til kj\u00f8per uten un\u00f8dig opphold og senest 30 dager etter bestillingen fra kunden. Varen skal leveres hos kj\u00f8peren med mindre annet er s\u00e6rskilt avtalt mellom partene.<\/p>\n\n\n\n<h2 class=\"wp-block-heading\" id=\"h-7-angrerett\">7. Angrerett<\/h2>\n\n\n\n<p>Kj\u00f8peren kan angre kj\u00f8pet av varen i henhold til angrerettloven.<br><br>Kj\u00f8peren m\u00e5 gi selgeren melding om bruk av angreretten innen 14 dager fra fristen begynner \u00e5 l\u00f8pe. I fristen inkluderes alle kalenderdager. Dersom fristen ender p\u00e5 en l\u00f8rdag, helligdag eller h\u00f8ytidsdag, forlenges fristen til n\u00e6rmeste virkedag.<\/p>\n\n\n\n<p>Angrefristen anses overholdt dersom melding er sendt f\u00f8r utl\u00f8pet av fristen. Kj\u00f8per har bevisbyrden for at angreretten er blitt gjort gjeldende, og meldingen b\u00f8r derfor skje skriftlig (angrerettskjema, e-post eller brev).<br><br>Angrefristen begynner \u00e5 l\u00f8pe:<br><br>* Ved kj\u00f8p av enkeltst\u00e5ende varer vil angrefristen l\u00f8pe fra dagen etter varen(e) er mottatt.<br><br>* Best\u00e5r kj\u00f8pet av flere leveranser, vil angrefristen l\u00f8pe fra dagen etter siste leveranse er mottatt.<br><br>Angrefristen utvides til 12 m\u00e5neder etter utl\u00f8pet av den opprinnelige fristen dersom selger ikke f\u00f8r avtaleinng\u00e5elsen opplyser om at det foreligger angrerett og standardisert angreskjema. Tilsvarende gjelder ved manglende opplysning om vilk\u00e5r, tidsfrister og fremgangsm\u00e5te for \u00e5 benytte angreretten. S\u00f8rger den n\u00e6ringsdrivende for \u00e5 gi opplysningene i l\u00f8pet av disse 12 m\u00e5nedene, utl\u00f8per angrefristen likevel 14 dager etter den dagen kj\u00f8peren mottok opplysningene.<br><br>Ved bruk av angreretten m\u00e5 varen leveres tilbake til selgeren uten un\u00f8dig opphold og senest 14 dager fra melding om bruk av angreretten er gitt. Kj\u00f8per dekker de direkte kostnadene ved \u00e5 returnere varen, med mindre annet er avtalt eller selger har unnlatt \u00e5 opplyse om at kj\u00f8peren skal dekke returkostnadene. Selgeren kan ikke fastsette gebyr for kj\u00f8perens bruk av angreretten.<br><br>Selgeren er forpliktet til \u00e5 tilbakebetale kj\u00f8pesummen til kj\u00f8peren uten un\u00f8dig opphold, og senest 14 dager fra selgeren fikk melding om kj\u00f8perens beslutning om \u00e5 benytte angreretten. Selgeren har rett til \u00e5 holde tilbake betalingen til han eller hun har mottatt varene fra kj\u00f8peren, eller til kj\u00f8per har lagt fram dokumentasjon for at varene er sendt tilbake.<\/p>\n\n\n\n<h2 class=\"wp-block-heading\" id=\"h-8-forsinkelse-og-manglende-levering\">8. Forsinkelse og manglende levering<\/h2>\n\n\n\n<p>Dersom selgeren ikke leverer varen eller leverer den for sent i henhold til avtalen mellom partene, og dette ikke skyldes kj\u00f8peren eller forhold p\u00e5 kj\u00f8perens side, kan kj\u00f8peren i henhold til reglene i forbrukerkj\u00f8pslovens kapittel 5 etter omstendighetene <em>holde kj\u00f8pesummen tilbake<\/em>, kreve <em>oppfyllelse<\/em>, <em>heve <\/em>avtalen og\/eller kreve <em>erstatning <\/em>fra selgeren.<\/p>\n\n\n\n<p>Ved krav om misligholdsbef\u00f8yelser b\u00f8r meldingen av bevishensyn v\u00e6re skriftlig (for eksempel e-post).<\/p>\n\n\n\n<h3 class=\"wp-block-heading\" id=\"h-oppfyllelse\">Oppfyllelse<\/h3>\n\n\n\n<p>Kj\u00f8per kan fastholde kj\u00f8pet og kreve oppfyllelse fra selger. Kj\u00f8per kan imidlertid ikke kreve oppfyllelse dersom det foreligger en hindring som selgeren ikke kan overvinne, eller dersom oppfyllelse vil medf\u00f8re en s\u00e5 stor ulempe eller kostnad for selger at det st\u00e5r i vesentlig misforhold til kj\u00f8perens interesse i at selgeren oppfyller. Skulle vanskene falle bort innen rimelig tid, kan kj\u00f8per likevel kreve oppfyllelse.<\/p>\n\n\n\n<p>Kj\u00f8peren taper sin rett til \u00e5 kreve oppfyllelse om han eller hun venter urimelig lenge med \u00e5 fremme kravet.<\/p>\n\n\n\n<h3 class=\"wp-block-heading\" id=\"h-heving\">Heving<\/h3>\n\n\n\n<p>Dersom selgeren ikke leverer varen p\u00e5 leveringstidspunktet, skal kj\u00f8peren oppfordre selger til \u00e5 levere innen en rimelig tilleggsfrist for oppfyllelse. Dersom selger ikke leverer varen innen tilleggsfristen, kan kj\u00f8peren heve kj\u00f8pet.<\/p>\n\n\n\n<p>Kj\u00f8per kan imidlertid heve kj\u00f8pet umiddelbart hvis selger nekter \u00e5 levere varen. Tilsvarende gjelder dersom levering til avtalt tid var avgj\u00f8rende for inng\u00e5elsen av avtalen, eller dersom kj\u00f8peren har underrettet selger om at leveringstidspunktet er avgj\u00f8rende.<\/p>\n\n\n\n<p>Leveres varen etter tilleggsfristen forbrukeren har satt eller etter leveringstidspunktet som var avgj\u00f8rende for inng\u00e5elsen av avtalen, m\u00e5 krav om heving gj\u00f8res gjeldende innen rimelig tid etter at kj\u00f8peren fikk vite om leveringen.<\/p>\n\n\n\n<h3 class=\"wp-block-heading\" id=\"h-erstatning\">Erstatning<\/h3>\n\n\n\n<p>Kj\u00f8peren kan kreve erstatning for lidt tap som f\u00f8lge av forsinkelsen. Dette gjelder imidlertid ikke dersom selgeren godtgj\u00f8r at forsinkelsen skyldes hindring utenfor selgers kontroll som ikke med rimelighet kunne blitt tatt i betraktning p\u00e5 avtaletiden, unng\u00e5tt, eller overvunnet f\u00f8lgene av.<\/p>\n\n\n\n<h2 class=\"wp-block-heading\" id=\"h-9-mangel-ved-varen\">9. Mangel ved varen<\/h2>\n\n\n\n<p>Hvis det foreligger en mangel ved varen, m\u00e5 kj\u00f8per innen rimelig tid etter at den ble oppdaget eller burde ha blitt oppdaget, gi selger melding om at han eller hun vil p\u00e5berope seg mangelen. Kj\u00f8per har alltid reklamert tidsnok dersom det skjer innen 2 m\u00e5neder fra mangelen ble oppdaget eller burde blitt oppdaget. Reklamasjon kan skje senest 2 \u00e5r etter at kj\u00f8per overtok varen. Dersom varen eller deler av den er ment \u00e5 vare vesentlig lenger enn 2 \u00e5r, er reklamasjonsfristen 5 \u00e5r.<br><br>Dersom varen har en mangel og dette ikke skyldes kj\u00f8peren eller forhold p\u00e5 kj\u00f8perens side, kan kj\u00f8peren i henhold til reglene i forbrukerkj\u00f8psloven kapittel 6 etter omstendighetene <em>holde kj\u00f8pesummen tilbake<\/em>, velge mellom <em>retting <\/em>og <em>omlevering<\/em>, kreve <em>prisavslag<\/em>, kreve avtalen hevet og\/eller kreve <em>erstatning&nbsp;<\/em>fra selgeren.<br><br>Reklamasjon til selgeren b\u00f8r skje skriftlig.<\/p>\n\n\n\n<h3 class=\"wp-block-heading\" id=\"h-retting-eller-omlevering\">Retting eller omlevering<\/h3>\n\n\n\n<p>Kj\u00f8peren kan velge mellom \u00e5 kreve mangelen rettet eller levering av tilsvarende vare. Selger kan likevel motsette seg kj\u00f8perens krav dersom gjennomf\u00f8ringen av kravet er umulig eller volder selgeren urimelige kostnader. Retting eller omlevering skal foretas innen rimelig tid. Selger har i utgangspunktet ikke rett til \u00e5 foreta mer enn to avhjelpsfors\u00f8k for samme mangel.<\/p>\n\n\n\n<h3 class=\"wp-block-heading\" id=\"h-prisavslag\">Prisavslag<\/h3>\n\n\n\n<p>Kj\u00f8per kan kreve et passende prisavslag dersom varen ikke blir rettet eller omlevert. Dette inneb\u00e6rer at forholdet mellom nedsatt og avtalt pris svarer til forholdet mellom varens verdi i mangelfull og kontraktsmessig stand. Dersom s\u00e6rlige grunner taler for det, kan prisavslaget i stedet settes lik mangelens betydning for kj\u00f8peren.<\/p>\n\n\n\n<h3 class=\"wp-block-heading\" id=\"h-heving-1\">Heving<\/h3>\n\n\n\n<p>Dersom varen ikke er rettet eller omlevert, kan kj\u00f8peren ogs\u00e5 heve kj\u00f8pet n\u00e5r mangelen ikke er uvesentlig.<\/p>\n\n\n\n<h2 class=\"wp-block-heading\" id=\"h-9-personopplysninger\">9. Personopplysninger<\/h2>\n\n\n\n<p><a href=\"https:\/\/www.nb.no\/personvernerklaering\/\">Se Nasjonalbibliotekets personvernerkl\u00e6ring her<\/a><\/p>\n\n\n\n<h2 class=\"wp-block-heading\" id=\"h-10-konfliktlosning\">10. Konfliktl\u00f8sning<\/h2>\n\n\n\n<p>Klager rettes til selger innen rimelig tid, jf. punkt 9 og 10. Partene skal fors\u00f8ke \u00e5 l\u00f8se eventuelle tvister i minnelighet. Dersom dette ikke lykkes, kan kj\u00f8peren ta kontakt med Forbrukerr\u00e5det for mekling. Forbrukerr\u00e5det er tilgjengelig p\u00e5 telefon 23 40 05 00 eller <a href=\"http:\/\/www.forbrukerradet.no\/\">www.forbrukerradet.no.<\/a><\/p>\n\n\n\n<p>Europakommisjonens klageportal kan ogs\u00e5 brukes hvis kj\u00f8peren \u00f8nsker \u00e5 inngi en klage. Det er s\u00e6rlig relevant om kj\u00f8peren er bosatt i et annet EU-land. Klagen inngis her: <a href=\"http:\/\/ec.europa.eu\/odr\">http:\/\/ec.europa.eu\/odr<\/a>.<\/p>\n","protected":false},"excerpt":{"rendered":"","protected":false},"author":133,"featured_media":0,"parent":0,"menu_order":0,"comment_status":"closed","ping_status":"closed","template":"","meta":{"nb_hide_title":false,"nb_breadcrumb_title_override":"","sub_navigation_option":"","sub_navigation_custom_items":[],"footnotes":""},"class_list":["post-9833","page","type-page","status-publish","hentry"],"yoast_head":"<!-- This site is optimized with the Yoast SEO plugin v27.1.1 - https:\/\/yoast.com\/product\/yoast-seo-wordpress\/ -->\n<title>Salgsbetingelser for Nasjonalbibliotekets nettbutikk - NB Nettbutikk<\/title>\n<meta name=\"robots\" content=\"index, follow, max-snippet:-1, max-image-preview:large, max-video-preview:-1\" \/>\n<link rel=\"canonical\" href=\"https:\/\/www.nb.no\/nettbutikk\/salgsbetingelser-for-nasjonalbibliotekets-nettbutikk\/\" \/>\n<meta property=\"og:locale\" content=\"nb_NO\" \/>\n<meta property=\"og:type\" content=\"article\" \/>\n<meta property=\"og:title\" content=\"Salgsbetingelser for Nasjonalbibliotekets nettbutikk - NB Nettbutikk\" \/>\n<meta property=\"og:url\" content=\"https:\/\/www.nb.no\/nettbutikk\/salgsbetingelser-for-nasjonalbibliotekets-nettbutikk\/\" \/>\n<meta property=\"og:site_name\" content=\"NB Nettbutikk\" \/>\n<meta property=\"article:modified_time\" content=\"2023-02-17T09:56:21+00:00\" \/>\n<meta name=\"twitter:card\" content=\"summary_large_image\" \/>\n<meta name=\"twitter:label1\" content=\"Ansl. lesetid\" \/>\n\t<meta name=\"twitter:data1\" content=\"8 minutter\" \/>\n<script type=\"application\/ld+json\" class=\"yoast-schema-graph\">{\"@context\":\"https:\/\/schema.org\",\"@graph\":[{\"@type\":\"WebPage\",\"@id\":\"https:\/\/www.nb.no\/nettbutikk\/salgsbetingelser-for-nasjonalbibliotekets-nettbutikk\/\",\"url\":\"https:\/\/www.nb.no\/nettbutikk\/salgsbetingelser-for-nasjonalbibliotekets-nettbutikk\/\",\"name\":\"Salgsbetingelser for Nasjonalbibliotekets nettbutikk - NB Nettbutikk\",\"isPartOf\":{\"@id\":\"https:\/\/www.nb.no\/nettbutikk\/#website\"},\"datePublished\":\"2021-03-05T10:30:15+00:00\",\"dateModified\":\"2023-02-17T09:56:21+00:00\",\"breadcrumb\":{\"@id\":\"https:\/\/www.nb.no\/nettbutikk\/salgsbetingelser-for-nasjonalbibliotekets-nettbutikk\/#breadcrumb\"},\"inLanguage\":\"nb-NO\",\"potentialAction\":[{\"@type\":\"ReadAction\",\"target\":[\"https:\/\/www.nb.no\/nettbutikk\/salgsbetingelser-for-nasjonalbibliotekets-nettbutikk\/\"]}]},{\"@type\":\"BreadcrumbList\",\"@id\":\"https:\/\/www.nb.no\/nettbutikk\/salgsbetingelser-for-nasjonalbibliotekets-nettbutikk\/#breadcrumb\",\"itemListElement\":[{\"@type\":\"ListItem\",\"position\":1,\"name\":\"Home\",\"item\":\"https:\/\/www.nb.no\/nettbutikk\/\"},{\"@type\":\"ListItem\",\"position\":2,\"name\":\"Salgsbetingelser for Nasjonalbibliotekets nettbutikk\"}]},{\"@type\":\"WebSite\",\"@id\":\"https:\/\/www.nb.no\/nettbutikk\/#website\",\"url\":\"https:\/\/www.nb.no\/nettbutikk\/\",\"name\":\"NB Nettbutikk\",\"description\":\"\",\"potentialAction\":[{\"@type\":\"SearchAction\",\"target\":{\"@type\":\"EntryPoint\",\"urlTemplate\":\"https:\/\/www.nb.no\/nettbutikk\/?s={search_term_string}\"},\"query-input\":{\"@type\":\"PropertyValueSpecification\",\"valueRequired\":true,\"valueName\":\"search_term_string\"}}],\"inLanguage\":\"nb-NO\"}]}<\/script>\n<!-- \/ Yoast SEO plugin. -->","yoast_head_json":{"title":"Salgsbetingelser for Nasjonalbibliotekets nettbutikk - NB Nettbutikk","robots":{"index":"index","follow":"follow","max-snippet":"max-snippet:-1","max-image-preview":"max-image-preview:large","max-video-preview":"max-video-preview:-1"},"canonical":"https:\/\/www.nb.no\/nettbutikk\/salgsbetingelser-for-nasjonalbibliotekets-nettbutikk\/","og_locale":"nb_NO","og_type":"article","og_title":"Salgsbetingelser for Nasjonalbibliotekets nettbutikk - NB Nettbutikk","og_url":"https:\/\/www.nb.no\/nettbutikk\/salgsbetingelser-for-nasjonalbibliotekets-nettbutikk\/","og_site_name":"NB Nettbutikk","article_modified_time":"2023-02-17T09:56:21+00:00","twitter_card":"summary_large_image","twitter_misc":{"Ansl. lesetid":"8 minutter"},"schema":{"@context":"https:\/\/schema.org","@graph":[{"@type":"WebPage","@id":"https:\/\/www.nb.no\/nettbutikk\/salgsbetingelser-for-nasjonalbibliotekets-nettbutikk\/","url":"https:\/\/www.nb.no\/nettbutikk\/salgsbetingelser-for-nasjonalbibliotekets-nettbutikk\/","name":"Salgsbetingelser for Nasjonalbibliotekets nettbutikk - NB Nettbutikk","isPartOf":{"@id":"https:\/\/www.nb.no\/nettbutikk\/#website"},"datePublished":"2021-03-05T10:30:15+00:00","dateModified":"2023-02-17T09:56:21+00:00","breadcrumb":{"@id":"https:\/\/www.nb.no\/nettbutikk\/salgsbetingelser-for-nasjonalbibliotekets-nettbutikk\/#breadcrumb"},"inLanguage":"nb-NO","potentialAction":[{"@type":"ReadAction","target":["https:\/\/www.nb.no\/nettbutikk\/salgsbetingelser-for-nasjonalbibliotekets-nettbutikk\/"]}]},{"@type":"BreadcrumbList","@id":"https:\/\/www.nb.no\/nettbutikk\/salgsbetingelser-for-nasjonalbibliotekets-nettbutikk\/#breadcrumb","itemListElement":[{"@type":"ListItem","position":1,"name":"Home","item":"https:\/\/www.nb.no\/nettbutikk\/"},{"@type":"ListItem","position":2,"name":"Salgsbetingelser for Nasjonalbibliotekets nettbutikk"}]},{"@type":"WebSite","@id":"https:\/\/www.nb.no\/nettbutikk\/#website","url":"https:\/\/www.nb.no\/nettbutikk\/","name":"NB Nettbutikk","description":"","potentialAction":[{"@type":"SearchAction","target":{"@type":"EntryPoint","urlTemplate":"https:\/\/www.nb.no\/nettbutikk\/?s={search_term_string}"},"query-input":{"@type":"PropertyValueSpecification","valueRequired":true,"valueName":"search_term_string"}}],"inLanguage":"nb-NO"}]}},"_links":{"self":[{"href":"https:\/\/www.nb.no\/nettbutikk\/wp-json\/wp\/v2\/pages\/9833","targetHints":{"allow":["GET"]}}],"collection":[{"href":"https:\/\/www.nb.no\/nettbutikk\/wp-json\/wp\/v2\/pages"}],"about":[{"href":"https:\/\/www.nb.no\/nettbutikk\/wp-json\/wp\/v2\/types\/page"}],"author":[{"embeddable":true,"href":"https:\/\/www.nb.no\/nettbutikk\/wp-json\/wp\/v2\/users\/133"}],"replies":[{"embeddable":true,"href":"https:\/\/www.nb.no\/nettbutikk\/wp-json\/wp\/v2\/comments?post=9833"}],"version-history":[{"count":4,"href":"https:\/\/www.nb.no\/nettbutikk\/wp-json\/wp\/v2\/pages\/9833\/revisions"}],"predecessor-version":[{"id":16813,"href":"https:\/\/www.nb.no\/nettbutikk\/wp-json\/wp\/v2\/pages\/9833\/revisions\/16813"}],"wp:attachment":[{"href":"https:\/\/www.nb.no\/nettbutikk\/wp-json\/wp\/v2\/media?parent=9833"}],"curies":[{"name":"wp","href":"https:\/\/api.w.org\/{rel}","templated":true}]}}