{"id":4986,"date":"2021-02-09T15:35:13","date_gmt":"2021-02-09T14:35:13","guid":{"rendered":"https:\/\/www.nb.no\/nettbutikk\/?page_id=4986"},"modified":"2026-04-20T10:53:55","modified_gmt":"2026-04-20T08:53:55","slug":"omnettbutikken","status":"publish","type":"page","link":"https:\/\/www.nb.no\/nettbutikk\/omnettbutikken\/","title":{"rendered":"Om nettbutikken"},"content":{"rendered":"\n<p><a href=\"https:\/\/www.nb.no\/nettbutikk\/about-our-online-shop\/\">Read in English<\/a><\/p>\n\n\n\n<p>I nettbutikken finner du Nasjonalbibliotekets egne bok-, film- og musikkutgivelser, samt postkort, plakater og andre varer med motiver hentet fra v\u00e5r rikholdige samling. Her har vi samlet det viktigste du trenger \u00e5 vite for \u00e5 bruke nettbutikken. For en fullstendig oversikt kan du lese <a data-type=\"page\" data-id=\"9833\" href=\"https:\/\/www.nb.no\/nettbutikk\/salgsbetingelser-for-nasjonalbibliotekets-nettbutikk\/\">Nasjonalbibliotekets salgsbetingelser<\/a>. Det er disse du blir bedt om \u00e5 godkjenne n\u00e5r du gjennomf\u00f8rer kj\u00f8pet i handlekurven. Salgsbetingelsene gjelder for salg av varer fra <a href=\"http:\/\/nb.no\/nettbutikk\">nb.no\/nettbutikk<\/a> til forbrukere.<\/p>\n\n\n\n<h2 class=\"wp-block-heading\">Bestilling<\/h2>\n\n\n\n<p>Bestilling din er bindende n\u00e5r den er registrert hos oss. Du har likevel rett til \u00e5 g\u00e5 fra kj\u00f8pet i henhold til angrerettloven. Du mottar en ordrebekreftelse p\u00e5 e-post n\u00e5r bestillingen er gjennomf\u00f8rt.<\/p>\n\n\n\n<p>Ved avvik p\u00e5 lageret v\u00e5rt eller hvis en vare er utsolgt, kan din bestilling, eller deler av den, bli kansellert. Dersom vi ikke kan levere det du har bestilt, vil du f\u00e5 beskjed, sammen med informasjon om hva vi kan tilby i stedet.<\/p>\n\n\n\n<h2 class=\"wp-block-heading\">Priser<\/h2>\n\n\n\n<p>Alle priser er inkludert merverdiavgift. Totalkostnaden for kj\u00f8pet vil framkomme f\u00f8r fullf\u00f8ring av en bestilling, og inkluderer alle utgifter forbundet med kj\u00f8pet.<\/p>\n\n\n\n<h2 class=\"wp-block-heading\">Betaling<\/h2>\n\n\n\n<p>Du kan betale med Vipps, bank- eller kredittkort i handlekurven. Kj\u00f8pesummen blir reservert p\u00e5 kortet ved bestilling og belastet samme dag som vi sender ut varene.&nbsp;<\/p>\n\n\n\n<h2 class=\"wp-block-heading\" id=\"fraktoglevering\">Frakt og levering<\/h2>\n\n\n\n<p><strong>Levering i Norge: <\/strong>Vi sender alle ordre med Bring som pakke til hentested. Fraktkostnaden per bestilling er 69,\u2013. Du f\u00e5r fri frakt hvis du handler for over 249,\u2013. Vi sender varene i l\u00f8pet av 1\u20132 virkedager.<\/p>\n\n\n\n<p><strong>Levering utenfor Norge:<\/strong>\u00a0Vi kan dessverre ikke levere til adresser utenfor Norge for \u00f8yeblikket.<\/p>\n\n\n\n<p>Om du har sp\u00f8rsm\u00e5l om levering, send en e-post til&nbsp;<a href=\"mailto:salg@nb.no\">salg@nb.no<\/a>.<\/p>\n\n\n\n<h2 class=\"wp-block-heading\" id=\"returogbytterett\">Retur- og bytterett<\/h2>\n\n\n\n<p>Her oppsummerer vi hvordan du g\u00e5r fram hvis du \u00f8nsker \u00e5 returnere eller bytte en vare. Mer informasjon om rettigheter og plikter i forbindelse med angrerett, reklamasjon og bytterett finner du i v\u00e5re <a href=\"https:\/\/www.nb.no\/nettbutikk\/salgsbetingelser-for-nasjonalbibliotekets-nettbutikk\/\" data-type=\"page\" data-id=\"9833\">salgsbetingelser<\/a>.<\/p>\n\n\n\n<h3 class=\"wp-block-heading\">Angrerett<\/h3>\n\n\n\n<p>Angrerettloven gir deg rett til \u00e5 angre ditt kj\u00f8p og f\u00e5 pengene tilbake. Send en e-post til <a href=\"mailto:salg@nb.no\">salg@nb.no<\/a> innen 14 dager etter at du mottar varen, med informasjon om hvilke varer det gjelder. Varen m\u00e5 returneres innen 14 dager etter at vi har mottatt beskjed om at du vil bruke angreretten. Kj\u00f8per dekker kostnader ved retur. Du kan ogs\u00e5 returnere varen til bokhandelen p\u00e5 Nasjonalbiblioteket i Oslo etter avtale.<\/p>\n\n\n\n<p><a href=\"\/content\/uploads\/sites\/5\/2021\/04\/Angrerettskjema-for-nettbutikken.pdf\">Last ned angrerettskjema her<\/a>.<\/p>\n\n\n\n<h3 class=\"wp-block-heading\">Bytte i butikk<\/h3>\n\n\n\n<p>Du kan bytte varer du har kj\u00f8pt i nettbutikken i bokhandelen p\u00e5 Nasjonalbiblioteket i Oslo. Ta med ordrebekreftelsen og varen til butikken innen 3 m\u00e5neder fra du mottok varen. Du kan bytte mot andre varer eller f\u00e5 en tilgodelapp. Du kan ikke f\u00e5 tilbakebetalt penger etter at angrefristen har g\u00e5tt ut.<\/p>\n\n\n\n<h3 class=\"wp-block-heading\">Reklamasjon<\/h3>\n\n\n\n<p>Hvis du oppdager en mangel ved varen, ber vi deg sende en e-post til <a href=\"mailto:salg@nb.no\">salg@nb.no<\/a> s\u00e5 snart som mulig.<\/p>\n\n\n\n<h2 class=\"wp-block-heading\">Personopplysninger<\/h2>\n\n\n\n<p>Nasjonalbiblioteket er behandlingsansvarlig for innsamlede personopplysninger i nettbutikken. <br><br><a href=\"https:\/\/www.nb.no\/personvernerklaering\/\">Les Nasjonalbibliotekets personvernerkl\u00e6ring her.<\/a><\/p>\n","protected":false},"excerpt":{"rendered":"","protected":false},"author":133,"featured_media":0,"parent":0,"menu_order":0,"comment_status":"closed","ping_status":"closed","template":"","meta":{"nb_hide_title":false,"nb_breadcrumb_title_override":"","sub_navigation_option":"","sub_navigation_custom_items":[],"footnotes":""},"class_list":["post-4986","page","type-page","status-publish","hentry"],"yoast_head":"<!-- This site is optimized with the Yoast SEO plugin v27.1.1 - https:\/\/yoast.com\/product\/yoast-seo-wordpress\/ -->\n<title>Om nettbutikken - NB Nettbutikk<\/title>\n<meta name=\"robots\" content=\"index, follow, max-snippet:-1, max-image-preview:large, max-video-preview:-1\" \/>\n<link rel=\"canonical\" href=\"https:\/\/www.nb.no\/nettbutikk\/omnettbutikken\/\" \/>\n<meta property=\"og:locale\" content=\"nb_NO\" \/>\n<meta property=\"og:type\" content=\"article\" \/>\n<meta property=\"og:title\" content=\"Om nettbutikken - NB Nettbutikk\" \/>\n<meta property=\"og:url\" content=\"https:\/\/www.nb.no\/nettbutikk\/omnettbutikken\/\" \/>\n<meta property=\"og:site_name\" content=\"NB Nettbutikk\" \/>\n<meta property=\"article:modified_time\" content=\"2026-04-20T08:53:55+00:00\" \/>\n<meta name=\"twitter:card\" content=\"summary_large_image\" \/>\n<meta name=\"twitter:label1\" content=\"Ansl. lesetid\" \/>\n\t<meta name=\"twitter:data1\" content=\"3 minutter\" \/>\n<script type=\"application\/ld+json\" class=\"yoast-schema-graph\">{\"@context\":\"https:\/\/schema.org\",\"@graph\":[{\"@type\":\"WebPage\",\"@id\":\"https:\/\/www.nb.no\/nettbutikk\/omnettbutikken\/\",\"url\":\"https:\/\/www.nb.no\/nettbutikk\/omnettbutikken\/\",\"name\":\"Om nettbutikken - NB Nettbutikk\",\"isPartOf\":{\"@id\":\"https:\/\/www.nb.no\/nettbutikk\/#website\"},\"datePublished\":\"2021-02-09T14:35:13+00:00\",\"dateModified\":\"2026-04-20T08:53:55+00:00\",\"breadcrumb\":{\"@id\":\"https:\/\/www.nb.no\/nettbutikk\/omnettbutikken\/#breadcrumb\"},\"inLanguage\":\"nb-NO\",\"potentialAction\":[{\"@type\":\"ReadAction\",\"target\":[\"https:\/\/www.nb.no\/nettbutikk\/omnettbutikken\/\"]}]},{\"@type\":\"BreadcrumbList\",\"@id\":\"https:\/\/www.nb.no\/nettbutikk\/omnettbutikken\/#breadcrumb\",\"itemListElement\":[{\"@type\":\"ListItem\",\"position\":1,\"name\":\"Home\",\"item\":\"https:\/\/www.nb.no\/nettbutikk\/\"},{\"@type\":\"ListItem\",\"position\":2,\"name\":\"Om nettbutikken\"}]},{\"@type\":\"WebSite\",\"@id\":\"https:\/\/www.nb.no\/nettbutikk\/#website\",\"url\":\"https:\/\/www.nb.no\/nettbutikk\/\",\"name\":\"NB Nettbutikk\",\"description\":\"\",\"potentialAction\":[{\"@type\":\"SearchAction\",\"target\":{\"@type\":\"EntryPoint\",\"urlTemplate\":\"https:\/\/www.nb.no\/nettbutikk\/?s={search_term_string}\"},\"query-input\":{\"@type\":\"PropertyValueSpecification\",\"valueRequired\":true,\"valueName\":\"search_term_string\"}}],\"inLanguage\":\"nb-NO\"}]}<\/script>\n<!-- \/ Yoast SEO plugin. -->","yoast_head_json":{"title":"Om nettbutikken - NB Nettbutikk","robots":{"index":"index","follow":"follow","max-snippet":"max-snippet:-1","max-image-preview":"max-image-preview:large","max-video-preview":"max-video-preview:-1"},"canonical":"https:\/\/www.nb.no\/nettbutikk\/omnettbutikken\/","og_locale":"nb_NO","og_type":"article","og_title":"Om nettbutikken - NB Nettbutikk","og_url":"https:\/\/www.nb.no\/nettbutikk\/omnettbutikken\/","og_site_name":"NB Nettbutikk","article_modified_time":"2026-04-20T08:53:55+00:00","twitter_card":"summary_large_image","twitter_misc":{"Ansl. lesetid":"3 minutter"},"schema":{"@context":"https:\/\/schema.org","@graph":[{"@type":"WebPage","@id":"https:\/\/www.nb.no\/nettbutikk\/omnettbutikken\/","url":"https:\/\/www.nb.no\/nettbutikk\/omnettbutikken\/","name":"Om nettbutikken - NB Nettbutikk","isPartOf":{"@id":"https:\/\/www.nb.no\/nettbutikk\/#website"},"datePublished":"2021-02-09T14:35:13+00:00","dateModified":"2026-04-20T08:53:55+00:00","breadcrumb":{"@id":"https:\/\/www.nb.no\/nettbutikk\/omnettbutikken\/#breadcrumb"},"inLanguage":"nb-NO","potentialAction":[{"@type":"ReadAction","target":["https:\/\/www.nb.no\/nettbutikk\/omnettbutikken\/"]}]},{"@type":"BreadcrumbList","@id":"https:\/\/www.nb.no\/nettbutikk\/omnettbutikken\/#breadcrumb","itemListElement":[{"@type":"ListItem","position":1,"name":"Home","item":"https:\/\/www.nb.no\/nettbutikk\/"},{"@type":"ListItem","position":2,"name":"Om nettbutikken"}]},{"@type":"WebSite","@id":"https:\/\/www.nb.no\/nettbutikk\/#website","url":"https:\/\/www.nb.no\/nettbutikk\/","name":"NB Nettbutikk","description":"","potentialAction":[{"@type":"SearchAction","target":{"@type":"EntryPoint","urlTemplate":"https:\/\/www.nb.no\/nettbutikk\/?s={search_term_string}"},"query-input":{"@type":"PropertyValueSpecification","valueRequired":true,"valueName":"search_term_string"}}],"inLanguage":"nb-NO"}]}},"_links":{"self":[{"href":"https:\/\/www.nb.no\/nettbutikk\/wp-json\/wp\/v2\/pages\/4986","targetHints":{"allow":["GET"]}}],"collection":[{"href":"https:\/\/www.nb.no\/nettbutikk\/wp-json\/wp\/v2\/pages"}],"about":[{"href":"https:\/\/www.nb.no\/nettbutikk\/wp-json\/wp\/v2\/types\/page"}],"author":[{"embeddable":true,"href":"https:\/\/www.nb.no\/nettbutikk\/wp-json\/wp\/v2\/users\/133"}],"replies":[{"embeddable":true,"href":"https:\/\/www.nb.no\/nettbutikk\/wp-json\/wp\/v2\/comments?post=4986"}],"version-history":[{"count":4,"href":"https:\/\/www.nb.no\/nettbutikk\/wp-json\/wp\/v2\/pages\/4986\/revisions"}],"predecessor-version":[{"id":23413,"href":"https:\/\/www.nb.no\/nettbutikk\/wp-json\/wp\/v2\/pages\/4986\/revisions\/23413"}],"wp:attachment":[{"href":"https:\/\/www.nb.no\/nettbutikk\/wp-json\/wp\/v2\/media?parent=4986"}],"curies":[{"name":"wp","href":"https:\/\/api.w.org\/{rel}","templated":true}]}}