{"id":12,"date":"2025-11-10T14:13:24","date_gmt":"2025-11-10T13:13:24","guid":{"rendered":"https:\/\/www.nb.no\/ibsen-2028\/?page_id=12"},"modified":"2026-03-18T16:08:18","modified_gmt":"2026-03-18T15:08:18","slug":"ibsen-2028","status":"publish","type":"page","link":"https:\/\/www.nb.no\/ibsen2028-en\/","title":{"rendered":"200 \u00e5r med Ibsen!"},"content":{"rendered":"<div class=\"alignfull has-background has-neutrals-background-hero-background-color wp-block-nb-hero\">\n\t\t\t<div class=\"nb-hero__inner\">\n\t\t\t\t<div class=\"nb-hero__content\">\n\t\t\t\n\n\n<h1 class=\"has-text-align-center wp-block-post-title\">200 \u00e5r med Ibsen!<\/h1>\n\n\n\n\n\t<div class=\"wp-block-nb-byline\">\n\t\t\t\t\t<\/div>\n\t\n\n\t\t<\/div>\n\t\t\t<\/div>\n\t\t<\/div>\n\n\n<div class=\"wp-block-media-text alignwide has-media-on-the-right is-stacked-on-mobile\"><div class=\"wp-block-media-text__content\">\n<p>Ingen har formet moderne dramatikk mer enn Henrik Ibsen (1828-1906). Stykkene hans settes fortsatt opp verden over, \u00e5r ut, \u00e5r inn.  Nest etter William Shakespeare er Ibsen fortsatt verdens mest spilte dramatiker.<\/p>\n\n\n\n<p>N\u00e5r Ibsens stykker stadig oppleves relevante, er det fordi de sier noe grunnleggende om hva det vil si \u00e5 v\u00e6re menneske. Og de tar opp&nbsp;temaer som fremdeles ang\u00e5r oss, som individets frihet, menneskelig ansvar, makt og moral.&nbsp;<\/p>\n\n\n\n<p>I 2028 er det 200 \u00e5r siden Henrik Ibsen ble f\u00f8dt.&nbsp;<\/p>\n\n\n\n<p>Jubileet Ibsen 2028 skal l\u00f8fte mangfoldet av innganger til og perspektiver p\u00e5 Henrik Ibsens verker, og \u00e5pne og tilgjengeliggj\u00f8re forfatterskapet hans for enda flere, b\u00e5de nasjonalt og internasjonalt.<\/p>\n\n\n\n<div class=\"wp-block-buttons is-layout-flex wp-block-buttons-is-layout-flex\">\n<div class=\"wp-block-button is-style-fill has-icon has-icon-logo\"><a class=\"wp-block-button__link wp-element-button\" href=\"https:\/\/www.nb.no\/search?q=\u00abHenrik%20Ibsen\u00bb\">Dykk ned i Ibsens virke<svg xmlns=\"http:\/\/www.w3.org\/2000\/svg\" viewBox=\"0 0 24 24\" height=\"24\" width=\"24\" class=\"t2-icon t2-icon-logo\" aria-hidden=\"true\" focusable=\"false\"><path d=\"M1.33333 7.49151C2.06971 7.49151 2.66666 6.89962 2.66666 6.16948C2.66666 5.43934 2.06971 4.84744 1.33333 4.84744C0.596953 4.84744 0 5.43934 0 6.16948C0 6.89962 0.596953 7.49151 1.33333 7.49151Z\" fill=\"currentColor\"\/><path fill-rule=\"evenodd\" clip-rule=\"evenodd\" d=\"M20 0H4.44448V21.5932H20V0ZM15.1111 6.16948C15.1111 6.8996 14.5142 7.4915 13.7778 7.4915C13.0414 7.4915 12.4444 6.8996 12.4444 6.16948C12.4444 5.43935 13.0414 4.84746 13.7778 4.84746C14.5142 4.84746 15.1111 5.43935 15.1111 6.16948ZM8.88888 6.16948C8.88888 6.8996 8.29192 7.4915 7.55556 7.4915C6.8192 7.4915 6.22224 6.8996 6.22224 6.16948C6.22224 5.43935 6.8192 4.84746 7.55556 4.84746C8.29192 4.84746 8.88888 5.43935 8.88888 6.16948ZM13.7778 13.661C14.5142 13.661 15.1111 13.0691 15.1111 12.339C15.1111 11.6088 14.5142 11.017 13.7778 11.017C13.0414 11.017 12.4444 11.6088 12.4444 12.339C12.4444 13.0691 13.0414 13.661 13.7778 13.661ZM15.1111 18.5085C15.1111 19.2386 14.5142 19.8305 13.7778 19.8305C13.0414 19.8305 12.4444 19.2386 12.4444 18.5085C12.4444 17.7783 13.0414 17.1864 13.7778 17.1864C14.5142 17.1864 15.1111 17.7783 15.1111 18.5085Z\" fill=\"currentColor\"\/><path d=\"M13.7778 26C14.5142 26 15.1111 25.4081 15.1111 24.678C15.1111 23.9478 14.5142 23.3559 13.7778 23.3559C13.0414 23.3559 12.4445 23.9478 12.4445 24.678C12.4445 25.4081 13.0414 26 13.7778 26Z\" fill=\"currentColor\"\/><\/svg><\/a><\/div>\n<\/div>\n<\/div><figure class=\"wp-block-media-text__media\"><img decoding=\"async\" src=\"https:\/\/www.nb.no\/content\/uploads\/2025\/11\/ibsen-1200x1284.jpg\" alt=\"Fotografi av Henrik Ibsen. Hvit mann med hvitt h\u00e5r og skjegg. Runde, sm\u00e5 briller. Frakk. \" class=\"wp-image-156504 size-full\"\/><\/figure><\/div>\n\n\n\n<blockquote class=\"wp-block-quote is-layout-flow wp-block-quote-is-layout-flow\"><div class=\"wp-block-t2-icon is-layout-flex wp-block-icon-is-layout-flex\"><svg xmlns=\"http:\/\/www.w3.org\/2000\/svg\" viewBox=\"0 0 32 32\" height=\"24\" width=\"24\" class=\"t2-icon t2-icon-quote\" aria-hidden=\"true\" focusable=\"false\"><path d=\"M28.5868 4L30 5.41176C28.4101 7.35294 23.1104 13.1765 23.1104 16.4412C23.1104 18.1176 28.6751 18.4706 28.6751 23.7647C28.6751 25.3529 27.7918 28 24.5237 28C20.9905 28 18.7823 25.0882 18.7823 20.5C18.7823 14.3235 24.5237 7.79412 28.5868 4ZM11.8044 4L13.2177 5.41176C11.6278 7.35294 6.32808 13.1765 6.32808 16.4412C6.32808 18.1176 11.8927 18.4706 11.8927 23.7647C11.8927 25.3529 11.0095 28 7.74132 28C4.2082 28 2 25.0882 2 20.5C2 14.3235 7.74132 7.79412 11.8044 4Z\" fill=\"currentColor\" \/><\/svg><\/div>\n<p>Kr\u00e6v ikke, ven, at jeg skal g\u00e5den klare;<\/p>\n\n\n\n<p>Jeg sp\u00f8rger helst; mit kald er ej at svare.<\/p>\n\n\n\n<p>\u2014 Henrik Ibsen,<em> Et rimbrev (1875)<\/em><\/p>\n<\/blockquote>\n\n\n\n\t\t<div class=\"t2-factbox wp-block-t2-factbox\" id=\"t2-factbox\">\n\t\t\t<div class=\"t2-factbox__content\">\n\t\t\t\t<div class=\"t2-factbox__blocks t2-factbox__inner-container is-layout-flow\">\n\t\t\t\t\t\n\n<p><strong>Sp\u00f8rsm\u00e5l og svar<\/strong><\/p>\n\n\n\n<p><strong>Hvorfor markerer vi Ibsen 2028?<\/strong><br>I 2028 vil vi markere 200-\u00e5rsjubileet for&nbsp;<a href=\"https:\/\/snl.no\/Henrik_Ibsen\">Henrik Ibsen<\/a>s f\u00f8dsel. Ibsens kunstnerskap har b\u00e5de formet norsk kultur og satt spor verden over, og dramatikken hans tar opp tematikk og problemstillinger som fremdeles er relevante for mennesker i dag. 200-\u00e5rsmarkeringen vil v\u00e6re en anledning til \u00e5 l\u00f8fte b\u00e5de den historiske arven og verkenes stadige aktualitet b\u00e5de i Norge og internasjonalt, med et stort mangfold i formidlingen.&nbsp;<\/p>\n\n\n\n<p><strong>Hva skjer?<\/strong><br>Gjennom jubileums\u00e5ret blir det blant annet utstillinger, forestillinger, arrangementer, skoleprogram, forskningsprosjekter og digitale satsinger, rundt omkring i hele Norge og i utlandet.<\/p>\n\n\n\n<p><strong>Hvem leder Ibsen 2028?<\/strong><br>Nasjonalbiblioteket har ansvar for \u00e5 lede arbeidet med Ibsen 2028, og s\u00f8rger blant annet for kunnskapsdeling, koordinering og informasjon. Et nasjonalt nettverk av Ibsen-institusjoner, samt et stort antall kulturinstitusjoner, bibliotek, teater, forskningsmilj\u00f8er og samarbeidspartnere nasjonalt og internasjonalt, planlegger aktiviteter og lokale initiativ.&nbsp;&nbsp;<\/p>\n\n\n\n<p><strong>Hvem kan jeg kontakte?<\/strong><br>Hvis du \u00f8nsker \u00e5 komme i kontakt med jubileumsledelsen, send en epost til&nbsp;<a href=\"mailto:ibsen@nb.no\">ibsen@nb.no<\/a>.<\/p>\n\n\n\t\t\t\t<\/div>\n\t\t\t\t\n\t\t\t<\/div>\n\t\t\t\n\t\t<\/div>","protected":false},"excerpt":{"rendered":"","protected":false},"author":1371,"featured_media":0,"parent":0,"menu_order":0,"comment_status":"closed","ping_status":"closed","template":"","meta":{"nb_hide_title":false,"sub_navigation_option":"","sub_navigation_custom_items":[],"footnotes":""},"class_list":["post-12","page","type-page","status-publish","hentry"],"_links":{"self":[{"href":"https:\/\/www.nb.no\/ibsen2028-en\/wp-json\/wp\/v2\/pages\/12","targetHints":{"allow":["GET"]}}],"collection":[{"href":"https:\/\/www.nb.no\/ibsen2028-en\/wp-json\/wp\/v2\/pages"}],"about":[{"href":"https:\/\/www.nb.no\/ibsen2028-en\/wp-json\/wp\/v2\/types\/page"}],"author":[{"embeddable":true,"href":"https:\/\/www.nb.no\/ibsen2028-en\/wp-json\/wp\/v2\/users\/1371"}],"replies":[{"embeddable":true,"href":"https:\/\/www.nb.no\/ibsen2028-en\/wp-json\/wp\/v2\/comments?post=12"}],"version-history":[{"count":5,"href":"https:\/\/www.nb.no\/ibsen2028-en\/wp-json\/wp\/v2\/pages\/12\/revisions"}],"predecessor-version":[{"id":55,"href":"https:\/\/www.nb.no\/ibsen2028-en\/wp-json\/wp\/v2\/pages\/12\/revisions\/55"}],"wp:attachment":[{"href":"https:\/\/www.nb.no\/ibsen2028-en\/wp-json\/wp\/v2\/media?parent=12"}],"curies":[{"name":"wp","href":"https:\/\/api.w.org\/{rel}","templated":true}]}}